{"id":693,"date":"2019-05-25T03:05:13","date_gmt":"2019-05-25T02:05:13","guid":{"rendered":"\/eps\/?page_id=693"},"modified":"2020-06-16T20:17:01","modified_gmt":"2020-06-16T19:17:01","slug":"epreuves-ponctuelles-facultatives","status":"publish","type":"page","link":"https:\/\/site.ac-martinique.fr\/eps\/?page_id=693","title":{"rendered":"Epreuves Ponctuelles Facultatives"},"content":{"rendered":"<p>L&rsquo;\u00e9preuve ponctuelle facultative (option) s&rsquo;adresse \u00e0 tous les \u00e9l\u00e8ves qui ne b\u00e9n\u00e9ficient pas d&rsquo;une option organis\u00e9e dans leur \u00e9tablissement et \u00e9valu\u00e9e en contr\u00f4le en cours de formation.<\/p>\n<p>Le recteur arr\u00eate une <strong><em>liste acad\u00e9mique <\/em><em>d&rsquo;\u00e9preuves optionnelles <\/em><\/strong>sur proposition de la commission acad\u00e9mique.<\/p>\n<h4>Les \u00e9preuves\u00a0 ponctuelles facultatives se d\u00e9rouleront\u00a0<b> les 8-9-10-11-12 avril 2019<\/b><\/h4>\n<h3 style=\"text-align: center;\"><strong>Informations\u00a0aux candidats <\/strong><\/h3>\n<p>Les \u00e9preuves facultatives au baccalaur\u00e9at g\u00e9n\u00e9ral et technologique\u00a0 ne sont pas obligatoires et s&rsquo;adressent aux candidats ayant une bonne pratique et connaissance des activit\u00e9s.<\/p>\n<p>L&rsquo;\u00e9preuve se compose d&rsquo;une <strong>\u00e9preuve pratique<\/strong> not\u00e9e sur 16 points en r\u00e9f\u00e9rence au niveau 5 de comp\u00e9tence attendue et d&rsquo;un <strong>entretien<\/strong> not\u00e9 sur 4 points\u00a0 attestant de connaissances scientifiques, techniques, r\u00e9glementaires et d&rsquo;une r\u00e9flexion du candidat sur sa pratique.<\/p>\n<p>L&rsquo;\u00e9preuve de l&rsquo;option doit \u00eatre diff\u00e9rente des \u00e9preuves choisies \u00e0 l&rsquo;\u00e9preuve obligatoire (sans autre condition).<\/p>\n<p>L&rsquo;\u00e9preuve d&rsquo;option facultative d&rsquo;EPS b\u00e9n\u00e9ficie d&rsquo;un coefficient 2 attribu\u00e9 aux points sup\u00e9rieurs \u00e0 10, au premier groupe d&rsquo;\u00e9preuve , quelque soit la s\u00e9rie de baccalaur\u00e9at technique ou d&rsquo;enseignement g\u00e9n\u00e9ral<\/p>\n<p>Dans tous les cas de figure, <strong>les candidats dispens\u00e9s au terme de l&rsquo;ann\u00e9e scolaire de l&rsquo;\u00e9preuve obligatoire ne peuvent b\u00e9n\u00e9ficier de l&rsquo;option facultative.<\/strong><\/p>\n<p>Les candidats doivent s&rsquo;inscrire imp\u00e9rativement aux dates communiqu\u00e9es par la D.E.C (Direction des Examens et Concours).<\/p>\n<p>Pour tout autre renseignement s&rsquo;adresser \u00e0 la D. E. C EPS : 0596 52 25 38<\/p>\n<p style=\"text-align: center;\"><strong>Cf:<\/strong>\u00a0 <a href=\"\/eps\/wp-content\/uploads\/sites\/13\/2014\/04\/circulaire-examen.pdf\">Circulaire Examens Session 2017<\/a><\/p>\n<h5 style=\"text-align: center;\">\u00a0<em><strong><span style=\"color: #ff0000;\">Pour obtenir la grille d&rsquo;\u00e9valuation, CLIQUEZ sur les activit\u00e9s<\/span><\/strong><\/em><\/h5>\n<p style=\"text-align: left;\"><strong>\u00a0\u00a0\u00a0\u00a0\u00a0\u00a0 \u00a0 Liste Nationale<\/strong>\u00a0\u00a0\u00a0\u00a0 \u00a0 \u00a0 \u00a0 \u00a0 \u00a0 \u00a0 \u00a0\u00a0 \u00a0 \u00a0 \u00a0 \u00a0 \u00a0 \u00a0 \u00a0 \u00a0 \u00a0 \u00a0 \u00a0 \u00a0\u00a0 \u00a0\u00a0 <strong>Liste Acad\u00e9mique<\/strong><\/p>\n<h4 style=\"padding-left: 30px;\"><a href=\"\/eps\/wp-content\/uploads\/sites\/13\/2014\/06\/OPTION_NATATION_de_DISTANCE_2013.pdf\" target=\"_blank\">NATATION de DISTANCE<\/a>\u00a0 \u00a0 \u00a0 \u00a0 \u00a0 \u00a0 \u00a0 \u00a0 \u00a0 \u00a0 \u00a0 \u00a0 \u00a0 \u00a0 \u00a0 <a href=\"\/eps\/wp-content\/uploads\/sites\/13\/2014\/05\/Referentiel_DT__facultatif__2015.pdf\">DANSE TRAD<\/a>.<strong>\u00a0&#8211; <a href=\"\/eps\/wp-content\/uploads\/sites\/13\/2014\/05\/Descriptif__DT__facultatif_2015.pdf\">Descriptif<\/a><\/strong><\/h4>\n<h4 style=\"padding-left: 60px; text-align: left;\"><a href=\"\/eps\/wp-content\/uploads\/sites\/13\/2014\/05\/OPTION_JUDO_2017.pdf\" target=\"_blank\">JUDO<\/a> \u00a0 \u00a0 \u00a0 \u00a0 \u00a0 \u00a0 \u00a0 \u00a0 \u00a0 \u00a0 \u00a0 \u00a0 \u00a0 \u00a0 \u00a0 \u00a0 \u00a0 \u00a0 \u00a0 \u00a0 \u00a0 \u00a0 \u00a0 \u00a0 \u00a0 \u00a0 \u00a0 \u00a0 \u00a0 <a href=\"\/eps\/wp-content\/uploads\/sites\/13\/2014\/06\/OPTION_FOOT_2013.pdf\" target=\"_blank\">FOOTBALL<\/a><\/h4>\n<h4 style=\"padding-left: 60px; text-align: left;\"><a href=\"\/eps\/wp-content\/uploads\/sites\/13\/2014\/06\/OPTION_TENNIS_2013.pdf\">TENNIS<\/a><\/h4>\n","protected":false},"excerpt":{"rendered":"<p>L&rsquo;\u00e9preuve ponctuelle facultative (option) s&rsquo;adresse \u00e0 tous les \u00e9l\u00e8ves qui ne b\u00e9n\u00e9ficient pas d&rsquo;une option organis\u00e9e dans leur \u00e9tablissement et \u00e9valu\u00e9e en contr\u00f4le en cours de formation. Le recteur arr\u00eate une liste acad\u00e9mique d&rsquo;\u00e9preuves optionnelles sur proposition de la commission &hellip; <a href=\"https:\/\/site.ac-martinique.fr\/eps\/?page_id=693\">Continuer la lecture <span class=\"meta-nav\">&rarr;<\/span><\/a><\/p>\n","protected":false},"author":69,"featured_media":0,"parent":0,"menu_order":0,"comment_status":"closed","ping_status":"open","template":"","meta":{"footnotes":""},"class_list":["post-693","page","type-page","status-publish","hentry"],"_links":{"self":[{"href":"https:\/\/site.ac-martinique.fr\/eps\/index.php?rest_route=\/wp\/v2\/pages\/693","targetHints":{"allow":["GET"]}}],"collection":[{"href":"https:\/\/site.ac-martinique.fr\/eps\/index.php?rest_route=\/wp\/v2\/pages"}],"about":[{"href":"https:\/\/site.ac-martinique.fr\/eps\/index.php?rest_route=\/wp\/v2\/types\/page"}],"author":[{"embeddable":true,"href":"https:\/\/site.ac-martinique.fr\/eps\/index.php?rest_route=\/wp\/v2\/users\/69"}],"replies":[{"embeddable":true,"href":"https:\/\/site.ac-martinique.fr\/eps\/index.php?rest_route=%2Fwp%2Fv2%2Fcomments&post=693"}],"version-history":[{"count":45,"href":"https:\/\/site.ac-martinique.fr\/eps\/index.php?rest_route=\/wp\/v2\/pages\/693\/revisions"}],"predecessor-version":[{"id":3076,"href":"https:\/\/site.ac-martinique.fr\/eps\/index.php?rest_route=\/wp\/v2\/pages\/693\/revisions\/3076"}],"wp:attachment":[{"href":"https:\/\/site.ac-martinique.fr\/eps\/index.php?rest_route=%2Fwp%2Fv2%2Fmedia&parent=693"}],"curies":[{"name":"wp","href":"https:\/\/api.w.org\/{rel}","templated":true}]}}