{"id":782,"date":"2014-05-03T05:06:26","date_gmt":"2014-05-03T04:06:26","guid":{"rendered":"\/eps\/?page_id=782"},"modified":"2014-05-11T00:01:44","modified_gmt":"2014-05-10T23:01:44","slug":"experiences-pedagogiques","status":"publish","type":"page","link":"https:\/\/site.ac-martinique.fr\/eps\/?page_id=782","title":{"rendered":"Exp\u00e9riences p\u00e9dagogiques"},"content":{"rendered":"<p style=\"text-align: center;\"><a href=\"\/eps\/wp-content\/uploads\/sites\/13\/2014\/05\/Stage_pratique_de_kayak_de_mer_en_2nde.pdf\" target=\"_blank\">KAYAK de MER<\/a><br \/>\nOrganisation d&rsquo;un stage pratique pour une classe de seconde. (H\u00e9l\u00e8ne COSTE.Lyc\u00e9e Acajou 2. 2006)<\/p>\n<p style=\"text-align: center;\"><a href=\"\/eps\/wp-content\/uploads\/sites\/13\/2014\/05\/Mini-Raid-Gestion-et-s\u00e9curit\u00e9.pdf\" target=\"_blank\">MINI RAID<\/a><br \/>\nGestion et organisation d&rsquo;un mini raid. (Samuel LEGRAND. Stage de formation f\u00e9vrier 2008.)<\/p>\n<p style=\"text-align: center;\"><a href=\"\/eps\/wp-content\/uploads\/sites\/13\/2014\/05\/Projet_sportif_et_culturel.pdf\" target=\"_blank\">PROJET SPORTIF ET CULTUREL<\/a><\/p>\n<p style=\"text-align: center;\">\u00ab\u00a0Les Martiniquais du Nord Atlantique \u00a0dans les alpes\u00a0\u00bb (Samuel LEGRAND &#8211; Gilles VEGA\u00a0et \u00a0Pierre BRAULT \u00a0. L lyc\u00e9e et LP Frantz Fanon 2009)<\/p>\n","protected":false},"excerpt":{"rendered":"<p>KAYAK de MER Organisation d&rsquo;un stage pratique pour une classe de seconde. (H\u00e9l\u00e8ne COSTE.Lyc\u00e9e Acajou 2. 2006) MINI RAID Gestion et organisation d&rsquo;un mini raid. (Samuel LEGRAND. Stage de formation f\u00e9vrier 2008.) PROJET SPORTIF ET CULTUREL \u00ab\u00a0Les Martiniquais du Nord &hellip; <a href=\"https:\/\/site.ac-martinique.fr\/eps\/?page_id=782\">Continuer la lecture <span class=\"meta-nav\">&rarr;<\/span><\/a><\/p>\n","protected":false},"author":69,"featured_media":0,"parent":0,"menu_order":0,"comment_status":"closed","ping_status":"open","template":"","meta":{"footnotes":""},"class_list":["post-782","page","type-page","status-publish","hentry"],"_links":{"self":[{"href":"https:\/\/site.ac-martinique.fr\/eps\/index.php?rest_route=\/wp\/v2\/pages\/782","targetHints":{"allow":["GET"]}}],"collection":[{"href":"https:\/\/site.ac-martinique.fr\/eps\/index.php?rest_route=\/wp\/v2\/pages"}],"about":[{"href":"https:\/\/site.ac-martinique.fr\/eps\/index.php?rest_route=\/wp\/v2\/types\/page"}],"author":[{"embeddable":true,"href":"https:\/\/site.ac-martinique.fr\/eps\/index.php?rest_route=\/wp\/v2\/users\/69"}],"replies":[{"embeddable":true,"href":"https:\/\/site.ac-martinique.fr\/eps\/index.php?rest_route=%2Fwp%2Fv2%2Fcomments&post=782"}],"version-history":[{"count":7,"href":"https:\/\/site.ac-martinique.fr\/eps\/index.php?rest_route=\/wp\/v2\/pages\/782\/revisions"}],"predecessor-version":[{"id":1460,"href":"https:\/\/site.ac-martinique.fr\/eps\/index.php?rest_route=\/wp\/v2\/pages\/782\/revisions\/1460"}],"wp:attachment":[{"href":"https:\/\/site.ac-martinique.fr\/eps\/index.php?rest_route=%2Fwp%2Fv2%2Fmedia&parent=782"}],"curies":[{"name":"wp","href":"https:\/\/api.w.org\/{rel}","templated":true}]}}