{"id":865,"date":"2014-05-03T16:36:30","date_gmt":"2014-05-03T15:36:30","guid":{"rendered":"\/eps\/?page_id=865"},"modified":"2014-05-10T21:30:31","modified_gmt":"2014-05-10T20:30:31","slug":"liens","status":"publish","type":"page","link":"https:\/\/site.ac-martinique.fr\/eps\/?page_id=865","title":{"rendered":"Liens"},"content":{"rendered":"<p style=\"text-align: center;\"><a href=\"\/eps\/wp-content\/uploads\/sites\/13\/2014\/05\/1EPS_Adaptee_log.jpg\"><img loading=\"lazy\" decoding=\"async\" class=\"alignnone size-medium wp-image-1241\" src=\"\/eps\/wp-content\/uploads\/sites\/13\/2014\/05\/1EPS_Adaptee_log-300x82.jpg\" alt=\"1EPS_Adaptee_log\" width=\"300\" height=\"82\" srcset=\"https:\/\/site.ac-martinique.fr\/eps\/wp-content\/uploads\/sites\/13\/2014\/05\/1EPS_Adaptee_log-300x82.jpg 300w, https:\/\/site.ac-martinique.fr\/eps\/wp-content\/uploads\/sites\/13\/2014\/05\/1EPS_Adaptee_log.jpg 400w\" sizes=\"auto, (max-width: 300px) 100vw, 300px\" \/><\/a><\/p>\n<p style=\"text-align: center;\"><strong><a href=\"http:\/\/eps.scola.ac-paris.fr\/SiteAcadHandicap\/Page_Handi_Generale.html\" target=\"_blank\">Portail de navigation de PARIS <\/a><\/strong>: SUPER !<\/p>\n<p style=\"text-align: center;\"><strong><a href=\"http:\/\/www.discip.ac-caen.fr\/eps\/handicap\/indexHandicap.htm\" target=\"_blank\">Handicap et\u00a0 EPS (Acad\u00e9mie de Caen)<\/a>:\u00a0<\/strong>Des fiches simples pour comprendre, des exemples pour adapter, des documents pour approfondir, des t\u00e9moignages pour vous aider, ce site a pour but de vous fournir des informations rapides et concr\u00e8tes sur les \u00e9l\u00e8ves en situation de Handicap en EPS<\/p>\n<p style=\"text-align: center;\"><strong><a href=\"http:\/\/nicolas.chabas.free.fr\/plc2\/Biblio\/Comment%20enseigner%20l'EPS%20en%20SEGPA%20Acad%E9mie%20d'Amiens%202002.pdf\" target=\"_blank\">El\u00e8ves \u00e0 besoins sp\u00e9cifiques (Acad\u00e9mie d&rsquo;Amiens)<\/a>:\u00a0<\/strong>Comment enseigner en segpa\u00a0: \u00ab\u00a0 agir dans l\u2019urgence et d\u00e9cider dans l\u2019incertitude\u00a0\u00bbLien vers le site eps de l\u2019acad\u00e9mie d\u2019Amiens.<\/p>\n<p style=\"text-align: center;\"><a href=\"http:\/\/lirham.pagespro-orange.fr\" target=\"_blank\"><strong>Ligue Handisport de Martinique<\/strong><\/a><\/p>\n<p style=\"text-align: center;\"><a href=\"http:\/\/www.creps-centre.jeunesse-sports.gouv.fr\/\" target=\"_blank\"><strong>Centre National Ressources Handisport<\/strong><\/a><\/p>\n<p>&nbsp;<\/p>\n","protected":false},"excerpt":{"rendered":"<p>Portail de navigation de PARIS : SUPER ! Handicap et\u00a0 EPS (Acad\u00e9mie de Caen):\u00a0Des fiches simples pour comprendre, des exemples pour adapter, des documents pour approfondir, des t\u00e9moignages pour vous aider, ce site a pour but de vous fournir des &hellip; <a href=\"https:\/\/site.ac-martinique.fr\/eps\/?page_id=865\">Continuer la lecture <span class=\"meta-nav\">&rarr;<\/span><\/a><\/p>\n","protected":false},"author":69,"featured_media":0,"parent":0,"menu_order":0,"comment_status":"closed","ping_status":"open","template":"","meta":{"footnotes":""},"class_list":["post-865","page","type-page","status-publish","hentry"],"_links":{"self":[{"href":"https:\/\/site.ac-martinique.fr\/eps\/index.php?rest_route=\/wp\/v2\/pages\/865","targetHints":{"allow":["GET"]}}],"collection":[{"href":"https:\/\/site.ac-martinique.fr\/eps\/index.php?rest_route=\/wp\/v2\/pages"}],"about":[{"href":"https:\/\/site.ac-martinique.fr\/eps\/index.php?rest_route=\/wp\/v2\/types\/page"}],"author":[{"embeddable":true,"href":"https:\/\/site.ac-martinique.fr\/eps\/index.php?rest_route=\/wp\/v2\/users\/69"}],"replies":[{"embeddable":true,"href":"https:\/\/site.ac-martinique.fr\/eps\/index.php?rest_route=%2Fwp%2Fv2%2Fcomments&post=865"}],"version-history":[{"count":12,"href":"https:\/\/site.ac-martinique.fr\/eps\/index.php?rest_route=\/wp\/v2\/pages\/865\/revisions"}],"predecessor-version":[{"id":1386,"href":"https:\/\/site.ac-martinique.fr\/eps\/index.php?rest_route=\/wp\/v2\/pages\/865\/revisions\/1386"}],"wp:attachment":[{"href":"https:\/\/site.ac-martinique.fr\/eps\/index.php?rest_route=%2Fwp%2Fv2%2Fmedia&parent=865"}],"curies":[{"name":"wp","href":"https:\/\/api.w.org\/{rel}","templated":true}]}}