{"id":2061,"date":"2021-04-21T01:47:24","date_gmt":"2021-04-21T00:47:24","guid":{"rendered":"https:\/\/site.ac-martinique.fr\/espagnol\/?page_id=2061"},"modified":"2022-06-21T19:48:49","modified_gmt":"2022-06-21T18:48:49","slug":"projets","status":"publish","type":"page","link":"https:\/\/site.ac-martinique.fr\/espagnol\/?page_id=2061","title":{"rendered":"PROJETS"},"content":{"rendered":"\n<div class=\"wp-block-buttons is-layout-flex wp-block-buttons-is-layout-flex\">\n<div class=\"wp-block-button has-custom-width wp-block-button__width-50\"><a class=\"wp-block-button__link\" href=\"https:\/\/site.ac-martinique.fr\/espagnol\/?page_id=2598\" style=\"border-radius:29px\">eTwinning<\/a><\/div>\n\n\n\n<div class=\"wp-block-button has-custom-width wp-block-button__width-50 is-style-outline is-style-outline--1\"><a class=\"wp-block-button__link has-white-color has-text-color has-background\" href=\"https:\/\/info.erasmusplus.fr\/\" style=\"border-radius:23px;background-color:#5e3979\" target=\"_blank\" rel=\"noreferrer noopener\">Erasmus<\/a><\/div>\n<\/div>\n\n\n\n<h2 class=\"wp-block-heading\">La semaine des Langues 2021<\/h2>\n\n\n\n<p>La semaine des langues vivantes a pour vocation de mettre en lumi\u00e8re les langues et la diversit\u00e9 linguistique dans les \u00e9coles et les \u00e9tablissements mais aussi en dehors du cadre scolaire. Elle constitue un temps fort pour encourager la pratique des langues. Cette ann\u00e9e, elle se d\u00e9roulera du 17 ou 21 mai 2021. <a rel=\"noreferrer noopener\" href=\"https:\/\/eduscol.education.fr\/1688\/semaine-des-langues-vivantes\" target=\"_blank\">Plus d&rsquo;infos.<\/a><\/p>\n","protected":false},"excerpt":{"rendered":"<p>La semaine des Langues 2021 La semaine des langues vivantes a pour vocation de mettre en lumi\u00e8re les langues et la diversit\u00e9 linguistique dans les \u00e9coles et les \u00e9tablissements mais [&hellip;]<\/p>\n","protected":false},"author":70,"featured_media":0,"parent":0,"menu_order":0,"comment_status":"closed","ping_status":"closed","template":"","meta":{"footnotes":""},"class_list":["post-2061","page","type-page","status-publish","hentry"],"_links":{"self":[{"href":"https:\/\/site.ac-martinique.fr\/espagnol\/index.php?rest_route=\/wp\/v2\/pages\/2061","targetHints":{"allow":["GET"]}}],"collection":[{"href":"https:\/\/site.ac-martinique.fr\/espagnol\/index.php?rest_route=\/wp\/v2\/pages"}],"about":[{"href":"https:\/\/site.ac-martinique.fr\/espagnol\/index.php?rest_route=\/wp\/v2\/types\/page"}],"author":[{"embeddable":true,"href":"https:\/\/site.ac-martinique.fr\/espagnol\/index.php?rest_route=\/wp\/v2\/users\/70"}],"replies":[{"embeddable":true,"href":"https:\/\/site.ac-martinique.fr\/espagnol\/index.php?rest_route=%2Fwp%2Fv2%2Fcomments&post=2061"}],"version-history":[{"count":7,"href":"https:\/\/site.ac-martinique.fr\/espagnol\/index.php?rest_route=\/wp\/v2\/pages\/2061\/revisions"}],"predecessor-version":[{"id":2968,"href":"https:\/\/site.ac-martinique.fr\/espagnol\/index.php?rest_route=\/wp\/v2\/pages\/2061\/revisions\/2968"}],"wp:attachment":[{"href":"https:\/\/site.ac-martinique.fr\/espagnol\/index.php?rest_route=%2Fwp%2Fv2%2Fmedia&parent=2061"}],"curies":[{"name":"wp","href":"https:\/\/api.w.org\/{rel}","templated":true}]}}