{"id":2135,"date":"2021-04-22T21:07:38","date_gmt":"2021-04-22T20:07:38","guid":{"rendered":"https:\/\/site.ac-martinique.fr\/espagnol\/?page_id=2135"},"modified":"2023-09-04T15:39:57","modified_gmt":"2023-09-04T14:39:57","slug":"focus","status":"publish","type":"page","link":"https:\/\/site.ac-martinique.fr\/espagnol\/?page_id=2135","title":{"rendered":"FOCUS"},"content":{"rendered":"\n<h4 class=\"wp-block-heading\">Dans cette page :<\/h4>\n\n\n\n<ul class=\"wp-block-list\">\n<li>R\u00e9flexions sur l&rsquo;\u00e9valuation de l&rsquo;IGLV<\/li>\n\n\n\n<li>M\u00e9mentos (S\u00e9quence, s\u00e9ance, \u00ab\u00a0repaso\u00a0\u00bb, trace \u00e9crite)<\/li>\n\n\n\n<li>Guide de l&rsquo;\u00e9valuation Bac 2021<\/li>\n<\/ul>\n\n\n\n<hr class=\"wp-block-separator has-css-opacity is-style-wide\"\/>\n\n\n\n<h3 class=\"wp-block-heading has-text-align-center\">Guide de l&rsquo;\u00e9valuation Bac 2021<\/h3>\n\n\n\n<p><\/p>\n\n\n\n<p>Pour s&rsquo;adapter aux conditions sanitaires et aux protocoles, le Minist\u00e8re a con\u00e7u un guide de l&rsquo;\u00e9valuation.<\/p>\n\n\n\n<p>Version compl\u00e8te du guide de l&rsquo;\u00e9valuation BAC 2021 <\/p>\n\n\n\n<div class=\"wp-block-file\"><a id=\"wp-block-file--media-8efeaf23-b87b-4619-b2a8-f7baccf5aaaf\" href=\"https:\/\/site.ac-martinique.fr\/espagnol\/wp-content\/uploads\/sites\/14\/2021\/02\/Guide_Evaluation_bac_2021_0.pdf\" target=\"_blank\" rel=\"noreferrer noopener\">Guide_Evaluation_bac_2021_0<span class=\"fr-link__detail\">PDF \u2013 1 Mo<\/span><\/a><\/div>\n\n\n\n<p>Synth\u00e8se pour l&rsquo;Espagnol du guide de l&rsquo;\u00e9valuation BAC 2021<\/p>\n\n\n\n<div class=\"wp-block-file\"><a id=\"wp-block-file--media-b5aa1178-0088-420e-b79a-f5b7ee9db4e0\" href=\"https:\/\/site.ac-martinique.fr\/espagnol\/wp-content\/uploads\/sites\/14\/2021\/02\/Guide-de-l\u00e9valuation_ESPAGNOL.pdf\" target=\"_blank\" rel=\"noreferrer noopener\">Guide de l&rsquo;\u00e9valuation_ESPAGNOL<span class=\"fr-link__detail\">PDF \u2013 30 Ko<\/span><\/a><\/div>\n\n\n\n<hr class=\"wp-block-separator has-css-opacity\"\/>\n\n\n\n<h3 class=\"wp-block-heading has-text-align-center\">Mementos<\/h3>\n\n\n\n<p>Le GRF Espagnol, sous la direction de l\u2019IA-IPR Monsieur Alain Lacaze, a&nbsp;con\u00e7u&nbsp;des fiches synth\u00e9tiques, des m\u00e9mentos \u00e0 destination de tous les profs d\u2019Espagnol. Ces m\u00e9mentos rappellent les grandes lignes de la conception de s\u00e9quences et de s\u00e9ances ainsi que des&nbsp;conseils pour le \u00ab&nbsp;repaso&nbsp;\u00bb et la \u00ab&nbsp;trace \u00e9crite&nbsp;\u00bb en classe d\u2019Espagnol.<\/p>\n\n\n\n<p><a href=\"https:\/\/site.ac-martinique.fr\/espagnol\/?p=1882\">Mementos ici<\/a><\/p>\n\n\n\n<hr class=\"wp-block-separator has-css-opacity\"\/>\n\n\n\n<h3 class=\"wp-block-heading has-text-align-center\">R\u00e9flexions sur l&rsquo;\u00e9valuation<\/h3>\n\n\n\n<p>En octobre 2020, le groupe des langues vivantes de l&rsquo;Inspection G\u00e9n\u00e9rale a produit une note concernant l&rsquo;\u00e9valuation, question \u00e9ducative vaste et complexe.<\/p>\n\n\n\n<p>Le GRF d&rsquo;Espagnol, sous la direction de l&rsquo;inspection p\u00e9dagogique r\u00e9gionale, a fait une synth\u00e8se de cette note que vous pouvez lire ci-apr\u00e8s.<\/p>\n\n\n\n<div class=\"wp-block-file\"><a id=\"wp-block-file--media-2f51a226-d8e7-4c8f-8b46-6b4840f4a9f4\" href=\"https:\/\/site.ac-martinique.fr\/espagnol\/wp-content\/uploads\/sites\/14\/2021\/06\/Note-IGLV-Reflexions-sur-l\u00e9valuation-oct_2020.pdf\" target=\"_blank\" rel=\"noreferrer noopener\">Note IGLV<span class=\"fr-link__detail\">PDF \u2013 216 Ko<\/span><\/a><\/div>\n\n\n\n<div class=\"wp-block-file\"><a id=\"wp-block-file--media-5992f9b0-baf7-4854-b479-1021017f1586\" href=\"https:\/\/site.ac-martinique.fr\/espagnol\/wp-content\/uploads\/sites\/14\/2021\/06\/R\u00c9FLEXIONS-SUR-L\u00c9VALUATION.pdf\" target=\"_blank\" rel=\"noreferrer noopener\">Synth\u00e8se Note IGLV Evaluation<span class=\"fr-link__detail\">PDF \u2013 220 Ko<\/span><\/a><\/div>\n","protected":false},"excerpt":{"rendered":"<p>Dans cette page : Guide de l&rsquo;\u00e9valuation Bac 2021 Pour s&rsquo;adapter aux conditions sanitaires et aux protocoles, le Minist\u00e8re a con\u00e7u un guide de l&rsquo;\u00e9valuation. Version compl\u00e8te du guide de [&hellip;]<\/p>\n","protected":false},"author":70,"featured_media":0,"parent":0,"menu_order":0,"comment_status":"closed","ping_status":"closed","template":"","meta":{"footnotes":""},"class_list":["post-2135","page","type-page","status-publish","hentry"],"_links":{"self":[{"href":"https:\/\/site.ac-martinique.fr\/espagnol\/index.php?rest_route=\/wp\/v2\/pages\/2135","targetHints":{"allow":["GET"]}}],"collection":[{"href":"https:\/\/site.ac-martinique.fr\/espagnol\/index.php?rest_route=\/wp\/v2\/pages"}],"about":[{"href":"https:\/\/site.ac-martinique.fr\/espagnol\/index.php?rest_route=\/wp\/v2\/types\/page"}],"author":[{"embeddable":true,"href":"https:\/\/site.ac-martinique.fr\/espagnol\/index.php?rest_route=\/wp\/v2\/users\/70"}],"replies":[{"embeddable":true,"href":"https:\/\/site.ac-martinique.fr\/espagnol\/index.php?rest_route=%2Fwp%2Fv2%2Fcomments&post=2135"}],"version-history":[{"count":8,"href":"https:\/\/site.ac-martinique.fr\/espagnol\/index.php?rest_route=\/wp\/v2\/pages\/2135\/revisions"}],"predecessor-version":[{"id":3143,"href":"https:\/\/site.ac-martinique.fr\/espagnol\/index.php?rest_route=\/wp\/v2\/pages\/2135\/revisions\/3143"}],"wp:attachment":[{"href":"https:\/\/site.ac-martinique.fr\/espagnol\/index.php?rest_route=%2Fwp%2Fv2%2Fmedia&parent=2135"}],"curies":[{"name":"wp","href":"https:\/\/api.w.org\/{rel}","templated":true}]}}