{"id":2136,"date":"2021-04-22T21:07:38","date_gmt":"2021-04-22T20:07:38","guid":{"rendered":"https:\/\/site.ac-martinique.fr\/espagnol\/?page_id=2136"},"modified":"2023-05-24T17:31:46","modified_gmt":"2023-05-24T16:31:46","slug":"mots-de-lia-ipr","status":"publish","type":"page","link":"https:\/\/site.ac-martinique.fr\/espagnol\/?page_id=2136","title":{"rendered":"Mots de l&rsquo;IA-IPR"},"content":{"rendered":"\n<hr class=\"wp-block-separator has-css-opacity\"\/>\n\n\n\n<p>Mai 2023 &#8211; Cr\u00e9ation d&rsquo;une cha\u00eene sur Portail Tube pour l&rsquo;Espagnol. Pour acc\u00e9der \u00e0 la cha\u00eene, <a href=\"https:\/\/tube-langues-vivantes.apps.education.fr\/c\/espagnol_ac_mq\/videos\" target=\"_blank\" rel=\"noreferrer noopener\">cliquer ici<\/a>. Pour lire l&rsquo;article, <a href=\"https:\/\/site.ac-martinique.fr\/espagnol\/?p=3077\" target=\"_blank\" rel=\"noreferrer noopener\">c&rsquo;est ici<\/a>!<\/p>\n\n\n\n<hr class=\"wp-block-separator has-alpha-channel-opacity\"\/>\n\n\n\n<p><strong><em>Mai 2023<\/em><\/strong> &#8211; Le nouveau programme limitatif pour l\u2019enseignement de sp\u00e9cialit\u00e9 en 1\u00e8re a \u00e9t\u00e9 publi\u00e9 au B.O. n\u00b020 du 18 mai 2023. (<a rel=\"noreferrer noopener\" href=\"https:\/\/site.ac-martinique.fr\/espagnol\/?p=3071\" target=\"_blank\">A lire ici<\/a>)<\/p>\n\n\n\n<hr class=\"wp-block-separator has-alpha-channel-opacity\"\/>\n\n\n\n<p><strong><em>Mai 2023<\/em><\/strong> &#8211; Propositions de formations de&nbsp;l\u2019Office pour l\u2019\u00e9ducation (Consejer\u00eda&nbsp;de Educaci\u00f3n) de l\u2019ambassade d\u2019Espagne en France&nbsp;\u00e0&nbsp;destination des professeurs d\u2019espagnol&nbsp;et de DNL&nbsp;Espagnol. ATTENTION!! Les inscriptions sont possibles&nbsp;<strong>jusqu\u2019au 27 mai 2023 !!!<\/strong> (<a href=\"https:\/\/site.ac-martinique.fr\/espagnol\/?p=3084\" target=\"_blank\" rel=\"noreferrer noopener\">A lire ici<\/a>)<\/p>\n\n\n\n<hr class=\"wp-block-separator has-alpha-channel-opacity\"\/>\n\n\n\n<p><strong><em>Mars 2023<\/em><\/strong> &#8211; Modalit\u00e9s de d\u00e9livrance de l\u2019attestation de langues vivantes (<a href=\"https:\/\/site.ac-martinique.fr\/espagnol\/?p=3055\" target=\"_blank\" rel=\"noreferrer noopener\">A lire ici<\/a>)<\/p>\n\n\n\n<hr class=\"wp-block-separator has-alpha-channel-opacity\"\/>\n\n\n\n<p><strong><em>F\u00e9vrier 2023<\/em><\/strong> &#8211; Afin de r\u00e9aliser un \u00e9tat des lieux de l&rsquo;enseignement de l&rsquo;Espagnol&nbsp;au sein de l&rsquo;acad\u00e9mie de Martinique, j&rsquo;ai transmis&nbsp;\u00e0&nbsp;vos \u00e9tablissements&nbsp;\u00e0&nbsp;l&rsquo;attention des \u00e9quipes disciplinaires un questionnaire&nbsp;&nbsp;\u00e0&nbsp;remplir.<\/p>\n\n\n\n<hr class=\"wp-block-separator has-alpha-channel-opacity\"\/>\n\n\n\n<p><strong><em>D\u00e9cembre 2022<\/em><\/strong> &#8211; La DGESCO nous&nbsp;a&nbsp;inform\u00e9s avoir avanc\u00e9 la semaine des langues et&nbsp; que la date finalement retenue est celle du&nbsp;<strong>27 mars au 1er avril 2023.<\/strong>&nbsp;<\/p>\n\n\n\n<hr class=\"wp-block-separator has-alpha-channel-opacity\"\/>\n\n\n\n<p><strong><em>Marzo 2022 <\/em><\/strong>&#8211; Jornadas did\u00e1cticas del Espa\u00f1ol. Formation pour les professeurs d&rsquo;Espagnol le 30 mars et le 2 avril 2022. <a href=\"https:\/\/site.ac-martinique.fr\/espagnol\/?p=2881\">Cliquer ici<\/a><\/p>\n\n\n\n<hr class=\"wp-block-separator has-css-opacity\"\/>\n\n\n\n<p><em><strong>F\u00e9vrier 2022<\/strong><\/em> &#8211; Promotion de l&rsquo;enseignement de sp\u00e9cialit\u00e9 LLCER Espagnol <\/p>\n\n\n\n<p>&nbsp;Les \u00e9l\u00e8ves seront bient\u00f4t amen\u00e9s \u00e0&nbsp; choisir les EDS qu&rsquo;ils suivront en classe de premi\u00e8re. Votre r\u00f4le est primordial pour leur pr\u00e9senter la sp\u00e9cialit\u00e9 LLCER espagnol&nbsp;,&nbsp; r\u00e9pondre \u00e0 leurs interrogations et dissiper leurs doutes. Nous avions r\u00e9alis\u00e9, l&rsquo;an dernier, une capsule vid\u00e9o de pr\u00e9sentation accessible en cliquant sur le lien suivant : <a href=\"https:\/\/youtu.be\/ZNWdfMfvwx8\" target=\"_blank\" rel=\"noreferrer noopener\">https:\/\/youtu.be\/ZNWdfMfvwx8<\/a>. Je vous invite donc \u00e0 la diffuser \u00e0 l&rsquo;ensemble de vos \u00e9l\u00e8ves de Seconde quand le moment sera pour vous le plus opportun. <a rel=\"noreferrer noopener\" href=\"https:\/\/site.ac-martinique.fr\/espagnol\/?page_id=2168\" target=\"_blank\">Plus d&rsquo;informations sur la sp\u00e9cialit\u00e9 ici.<\/a><\/p>\n\n\n\n<hr class=\"wp-block-separator has-css-opacity\"\/>\n\n\n\n<p><strong><em>Janvier 2022<\/em><\/strong> &#8211; Les \u00e9preuves \u00e9crites de sp\u00e9cialit\u00e9 initialement pr\u00e9vues&nbsp; les lundi 14, mardi 15 et mercredi 16 mars&nbsp; sont <strong><span style=\"text-decoration: underline;\">report\u00e9es<\/span><\/strong> au&nbsp;mercredi 11, jeudi 12 et vendredi 13 mai 2022.<\/p>\n\n\n\n<hr class=\"wp-block-separator has-css-opacity\"\/>\n\n\n\n<p><strong><em>Octobre 2021 <\/em><\/strong>&#8211; Stages linguistiques et des s\u00e9jours professionnels propos\u00e9s par FEI. <a href=\"https:\/\/site.ac-martinique.fr\/espagnol\/?p=2831\">Cliquer ici<\/a><\/p>\n\n\n\n<hr class=\"wp-block-separator has-css-opacity is-style-wide\"\/>\n\n\n\n<p class=\"has-text-align-center\"><strong><em>Septembre 2021<\/em><\/strong><em> &#8211; Visioconf\u00e9rence de rentr\u00e9e et r\u00e9forme de l&rsquo;\u00e9valuation (Professeurs de lyc\u00e9e). <a href=\"https:\/\/site.ac-martinique.fr\/espagnol\/?p=2806\">Cliquer ici<\/a><\/em><\/p>\n\n\n\n<hr class=\"wp-block-separator has-css-opacity is-style-wide\"\/>\n\n\n\n<p><em><strong>Septembre 2021<\/strong> &#8211; <\/em>Visioconf\u00e9rence de rentr\u00e9e (Professeurs d&rsquo;Espagnol de coll\u00e8ge). <a href=\"https:\/\/site.ac-martinique.fr\/espagnol\/?p=2798\">Cliquer ici<\/a><\/p>\n\n\n\n<hr class=\"wp-block-separator has-css-opacity is-style-wide\"\/>\n\n\n\n<p><strong><em>Juin 2021 &#8211; <\/em><\/strong>Cours d&rsquo;\u00e9t\u00e9 en ligne propos\u00e9s par la \u00ab\u00a0Consejer\u00eda de Educaci\u00f3n\u00a0\u00bb de l\u2019ambassade d\u2019Espagne en France. <a href=\"https:\/\/site.ac-martinique.fr\/espagnol\/?p=2615\">Consulter l&rsquo;article ici<\/a><\/p>\n\n\n\n<hr class=\"wp-block-separator has-text-color has-vivid-red-color has-css-opacity has-vivid-red-background-color has-background is-style-wide\"\/>\n\n\n\n<p><strong><em>Mai 2021 &#8211; <\/em><\/strong>Publication du PAF \u00ab\u00a0certifications, examens et concours\u00a0\u00bb. <a href=\"https:\/\/site.ac-martinique.fr\/espagnol\/?p=2493(ouvre un nouvel onglet)\">Consulter l&rsquo;article ici<\/a><\/p>\n\n\n\n<hr class=\"wp-block-separator has-text-color has-vivid-red-color has-css-opacity has-vivid-red-background-color has-background\"\/>\n\n\n\n<p><strong><em>Mai 2021<\/em> <\/strong>&#8211; Cursos y becas de la Consejer\u00eda de Educaci\u00f3n de la Embajada de Espa\u00f1a en Francia <a href=\"https:\/\/site.ac-martinique.fr\/espagnol\/?p=2330\">aqu\u00ed<\/a><\/p>\n\n\n\n<hr class=\"wp-block-separator has-text-color has-vivid-red-color has-css-opacity has-vivid-red-background-color has-background is-style-default\"\/>\n\n\n\n<p><em><strong>Mars 2021<\/strong> <\/em>&#8211; Pour r\u00e9pondre aux questions et rappeler les pr\u00e9conisations concernant le Grand Oral et l&rsquo;Enseignement de Sp\u00e9cialit\u00e9 LLCER.<\/p>\n\n\n\n<div class=\"wp-block-file aligncenter\"><a id=\"wp-block-file--media-10a41773-221b-4a74-aa76-cb63320330ae\" href=\"https:\/\/site.ac-martinique.fr\/espagnol\/wp-content\/uploads\/sites\/14\/2021\/03\/GRAND-ORAL-LVE.pdf\" target=\"_blank\" rel=\"noreferrer noopener\">GRAND ORAL LVE<span class=\"fr-link__detail\">PDF \u2013 119 Ko<\/span><\/a><\/div>\n\n\n\n<hr class=\"wp-block-separator has-text-color has-vivid-red-color has-css-opacity has-vivid-red-background-color has-background aligncenter is-style-wide\"\/>\n\n\n\n<p><strong><em>Mars 2021<\/em><\/strong> &#8211; Dans la continuit\u00e9 des mesures annonc\u00e9es le 21 janvier 2021 par le ministre de l\u2019\u00c9ducation nationale, de la Jeunesse et des Sports, concernant l\u2019adaptation des modalit\u00e9s d\u2019organisation de l\u2019examen du baccalaur\u00e9at 2021 au contexte sanitaire, un guide de l\u2019\u00e9valuation pour la classe de terminale de la voie g\u00e9n\u00e9rale et de la voie technologique est mis \u00e0 disposition des \u00e9quipes p\u00e9dagogiques.<\/p>\n\n\n\n<div class=\"wp-block-file aligncenter\"><a id=\"wp-block-file--media-7f08fb85-bd23-47c9-be66-11491b830b4a\" href=\"https:\/\/site.ac-martinique.fr\/espagnol\/wp-content\/uploads\/sites\/14\/2021\/04\/Guide-Evaluation-bac-2021-0.pdf\" target=\"_blank\" rel=\"noreferrer noopener\">Guide Evaluation bac 2021_texte complet<span class=\"fr-link__detail\">PDF \u2013 1 Mo<\/span><\/a><\/div>\n\n\n\n<div class=\"wp-block-file aligncenter\"><a id=\"wp-block-file--media-a552fee7-166e-49a9-b2e2-264068c04a2b\" href=\"https:\/\/site.ac-martinique.fr\/espagnol\/wp-content\/uploads\/sites\/14\/2021\/02\/Guide-de-l\u00e9valuation_ESPAGNOL.pdf\" target=\"_blank\" rel=\"noreferrer noopener\">Guide de l&rsquo;\u00e9valuation_Synth\u00e8se_ESPAGNOL<span class=\"fr-link__detail\">PDF \u2013 30 Ko<\/span><\/a><\/div>\n\n\n\n<hr class=\"wp-block-separator has-text-color has-vivid-red-color has-css-opacity has-vivid-red-background-color has-background aligncenter\"\/>\n\n\n\n<p><em><strong>Novembre 2020<\/strong> <\/em>&#8211; Synth\u00e8se du GRF Espagnol concernant&nbsp;<em>la r\u00e9flexion&nbsp;sur l&rsquo;\u00e9valuation ( note du groupe des langues vivantes de l&rsquo;Inspection g\u00e9n\u00e9rale-<\/em>&nbsp;<em>octobre 2020)<\/em>. Comme vous le verrez, le propos n\u2019\u00e9tait pas de traiter la question de mani\u00e8re exhaustive mais simplement de rappeler les points qui semblaient essentiels.<\/p>\n\n\n\n<p><\/p>\n\n\n\n<div class=\"wp-block-file aligncenter\"><a id=\"wp-block-file--media-dcb33c69-4f37-4e6f-aed7-fd58bc9198de\" href=\"https:\/\/site.ac-martinique.fr\/espagnol\/wp-content\/uploads\/sites\/14\/2021\/04\/R\u00c9FLEXIONS-SUR-L\u00c9VALUATION.pdf\" target=\"_blank\" rel=\"noreferrer noopener\">R\u00c9FLEXIONS SUR L\u2019\u00c9VALUATION<span class=\"fr-link__detail\">PDF \u2013 220 Ko<\/span><\/a><\/div>\n\n\n\n<hr class=\"wp-block-separator has-text-color has-vivid-red-color has-css-opacity has-vivid-red-background-color has-background aligncenter\"\/>\n\n\n\n<p><strong><em>Octobre 2020<\/em><\/strong> &#8211; Monsieur l&rsquo;IA IPR Alain LACAZE a r\u00e9uni les enseignants d&rsquo;Espagnol de lyc\u00e9e d\u00e9but octobre. Ci-apr\u00e8s le diaporama pr\u00e9sent\u00e9.<\/p>\n\n\n\n<div class=\"wp-block-file aligncenter\"><a id=\"wp-block-file--media-b15e8008-1939-4859-a77c-ad2e2054aea2\" href=\"https:\/\/site.ac-martinique.fr\/espagnol\/wp-content\/uploads\/sites\/14\/2021\/04\/Pleniere-06-octobre-Lycee.pdf\" target=\"_blank\" rel=\"noreferrer noopener\">Pl\u00e9niere 06 octobre &#8211; Lycee<span class=\"fr-link__detail\">PDF \u2013 9 Mo<\/span><\/a><\/div>\n\n\n\n<hr class=\"wp-block-separator has-text-color has-vivid-red-color has-css-opacity has-vivid-red-background-color has-background aligncenter\"\/>\n\n\n\n<p><strong><em>Septembre 2020<\/em><\/strong> &#8211; A la rentr\u00e9e 2020, Monsieur l&rsquo; IA IPR Alain LACAZE a adress\u00e9 sa lettre de rentr\u00e9e aux enseignants d&rsquo;Espagnol de l&rsquo;acad\u00e9mie.<\/p>\n\n\n\n<div class=\"wp-block-file aligncenter\"><a id=\"wp-block-file--media-3ca309e7-5e17-4568-bcea-be8f1faeecf3\" href=\"https:\/\/site.ac-martinique.fr\/espagnol\/wp-content\/uploads\/sites\/14\/2021\/04\/LETTRE-DE-RENTREE-LACAZE-ALAIN-2020-21.pdf\" target=\"_blank\" rel=\"noreferrer noopener\">LETTRE DE RENTREE LACAZE ALAIN 2020 21<span class=\"fr-link__detail\">PDF \u2013 153 Ko<\/span><\/a><\/div>\n\n\n\n<p><\/p>\n","protected":false},"excerpt":{"rendered":"<p>Mai 2023 &#8211; Cr\u00e9ation d&rsquo;une cha\u00eene sur Portail Tube pour l&rsquo;Espagnol. Pour acc\u00e9der \u00e0 la cha\u00eene, cliquer ici. Pour lire l&rsquo;article, c&rsquo;est ici! Mai 2023 &#8211; Le nouveau programme limitatif [&hellip;]<\/p>\n","protected":false},"author":70,"featured_media":0,"parent":0,"menu_order":0,"comment_status":"closed","ping_status":"closed","template":"","meta":{"footnotes":""},"class_list":["post-2136","page","type-page","status-publish","hentry"],"_links":{"self":[{"href":"https:\/\/site.ac-martinique.fr\/espagnol\/index.php?rest_route=\/wp\/v2\/pages\/2136","targetHints":{"allow":["GET"]}}],"collection":[{"href":"https:\/\/site.ac-martinique.fr\/espagnol\/index.php?rest_route=\/wp\/v2\/pages"}],"about":[{"href":"https:\/\/site.ac-martinique.fr\/espagnol\/index.php?rest_route=\/wp\/v2\/types\/page"}],"author":[{"embeddable":true,"href":"https:\/\/site.ac-martinique.fr\/espagnol\/index.php?rest_route=\/wp\/v2\/users\/70"}],"replies":[{"embeddable":true,"href":"https:\/\/site.ac-martinique.fr\/espagnol\/index.php?rest_route=%2Fwp%2Fv2%2Fcomments&post=2136"}],"version-history":[{"count":28,"href":"https:\/\/site.ac-martinique.fr\/espagnol\/index.php?rest_route=\/wp\/v2\/pages\/2136\/revisions"}],"predecessor-version":[{"id":3101,"href":"https:\/\/site.ac-martinique.fr\/espagnol\/index.php?rest_route=\/wp\/v2\/pages\/2136\/revisions\/3101"}],"wp:attachment":[{"href":"https:\/\/site.ac-martinique.fr\/espagnol\/index.php?rest_route=%2Fwp%2Fv2%2Fmedia&parent=2136"}],"curies":[{"name":"wp","href":"https:\/\/api.w.org\/{rel}","templated":true}]}}