{"id":2165,"date":"2021-04-24T01:35:35","date_gmt":"2021-04-24T00:35:35","guid":{"rendered":"https:\/\/site.ac-martinique.fr\/espagnol\/?page_id=2165"},"modified":"2021-05-11T00:49:44","modified_gmt":"2021-05-10T23:49:44","slug":"classe-euro","status":"publish","type":"page","link":"https:\/\/site.ac-martinique.fr\/espagnol\/?page_id=2165","title":{"rendered":"Classe Euro"},"content":{"rendered":"\n<h4 class=\"wp-block-heading\">En Coll\u00e8ge<\/h4>\n\n\n\n<p><\/p>\n\n\n\n<h2 class=\"has-text-align-center wp-block-heading\">En lyc\u00e9e<\/h2>\n\n\n\n<p class=\"has-text-align-center\"><strong>Les sections europ\u00e9ennes ou de langues orientales en lyc\u00e9e<\/strong><\/p>\n\n\n\n<p class=\"has-text-align-left\"><strong>\u00c0 qui sont-elles destin\u00e9es ?<br><\/strong>Les sections europ\u00e9ennes ou de langues orientales sont ouvertes \u00e0 des \u00e9l\u00e8ves d\u00e9sireux d&rsquo;approfondir leur ma\u00eetrise d&rsquo;une langue vivante \u00e9trang\u00e8re. Ces \u00e9l\u00e8ves motiv\u00e9s sont accueillis d\u00e8s la seconde. \u00c0 la rentr\u00e9e scolaire 2017, pr\u00e8s de 2 700 sections europ\u00e9ennes ou de langues orientales de lyc\u00e9e \u00e9taient r\u00e9parties sur tout le territoire.<\/p>\n\n\n\n<p><strong>Particularit\u00e9s des enseignements<br><\/strong>Les enseignements dispens\u00e9s dans ces sections reposent sur les programmes en vigueur. Ils sont cependant am\u00e9nag\u00e9s. Ainsi, au lyc\u00e9e, une ou plusieurs disciplines non linguistiques sont enseign\u00e9es en partie dans la langue de la section. Des activit\u00e9s culturelles et d&rsquo;\u00e9changes sont \u00e9galement organis\u00e9es, visant \u00e0 faire acqu\u00e9rir aux \u00e9l\u00e8ves une connaissance approfondie de la culture du ou des pays dans lesquels est parl\u00e9e la langue de la section.<\/p>\n\n\n\n<p><strong>Particularit\u00e9s en vue de l&rsquo;obtention du baccalaur\u00e9at<br><\/strong>L&rsquo;indication \u00ab\u00a0section europ\u00e9enne\u00a0\u00bb ou \u00ab\u00a0section de langue orientale\u00a0\u00bb, suivie de la d\u00e9signation de la langue concern\u00e9e, est inscrite sur le dipl\u00f4me du baccalaur\u00e9at g\u00e9n\u00e9ral, technologique ou professionnel. Cette indication d\u00e9pend des r\u00e9sultats obtenus par le candidat :<\/p>\n\n\n\n<ul class=\"wp-block-list\"><li>il doit avoir obtenu au moins 12\/20 \u00e0 l&rsquo;\u00e9preuve de langue vivante pass\u00e9e dans la langue de la section<\/li><li>il doit avoir obtenu au moins 10\/20 \u00e0 une \u00e9valuation sp\u00e9cifique visant \u00e0 appr\u00e9cier le travail men\u00e9 dans le cadre de la section europ\u00e9enne ou de langue orientale.<\/li><\/ul>\n\n\n\n<p><\/p>\n\n\n\n<p><a href=\"https:\/\/eduscol.education.fr\/681\/apprendre-en-langue-vivante-selo-et-dnl-hors-selo\" target=\"_blank\" rel=\"noreferrer noopener\">https:\/\/eduscol.education.fr\/681\/apprendre-en-langue-vivante-selo-et-dnl-hors-selo<\/a><\/p>\n\n\n\n<p><strong>Textes de r\u00e9f\u00e9rence<\/strong><\/p>\n\n\n\n<p>Bulletin officiel n\u00b034 du 21 septembre 2006<br><a href=\"http:\/\/www.education.gouv.fr\/bo\/2006\/34\/MENE0602013A.htm\">Indication \u00ab\u00a0Section europ\u00e9enne\u00a0\u00bb au baccalaur\u00e9at professionnel<\/a><\/p>\n\n\n\n<p>Bulletin officiel n\u00b042 du 13 novembre 2003<br><a href=\"http:\/\/www.education.gouv.fr\/bo\/2003\/42\/MENE0302456N.htm\">Indication \u00ab\u00a0Section europ\u00e9enne ou section de langues orientales\u00a0\u00bb au baccalaur\u00e9at g\u00e9n\u00e9ral et technologique<\/a><\/p>\n\n\n\n<p>Bulletin officiel n\u00b033 du 3 septembre 1992<\/p>\n\n\n\n<p><a rel=\"noreferrer noopener\" href=\"https:\/\/www.education.gouv.fr\/media\/14186\/download\" target=\"_blank\">Texte fondateur des sections europ\u00e9ennes<\/a><br><a href=\"http:\/\/eduscol.education.fr\/cid46288\/mise-en-place-de-sections-europeennes.html\">Les sections europ\u00e9ennes au lyc\u00e9e professionnel<\/a><\/p>\n","protected":false},"excerpt":{"rendered":"<p>En Coll\u00e8ge En lyc\u00e9e Les sections europ\u00e9ennes ou de langues orientales en lyc\u00e9e \u00c0 qui sont-elles destin\u00e9es ?Les sections europ\u00e9ennes ou de langues orientales sont ouvertes \u00e0 des \u00e9l\u00e8ves d\u00e9sireux [&hellip;]<\/p>\n","protected":false},"author":70,"featured_media":0,"parent":0,"menu_order":0,"comment_status":"closed","ping_status":"closed","template":"","meta":{"footnotes":""},"class_list":["post-2165","page","type-page","status-publish","hentry"],"_links":{"self":[{"href":"https:\/\/site.ac-martinique.fr\/espagnol\/index.php?rest_route=\/wp\/v2\/pages\/2165","targetHints":{"allow":["GET"]}}],"collection":[{"href":"https:\/\/site.ac-martinique.fr\/espagnol\/index.php?rest_route=\/wp\/v2\/pages"}],"about":[{"href":"https:\/\/site.ac-martinique.fr\/espagnol\/index.php?rest_route=\/wp\/v2\/types\/page"}],"author":[{"embeddable":true,"href":"https:\/\/site.ac-martinique.fr\/espagnol\/index.php?rest_route=\/wp\/v2\/users\/70"}],"replies":[{"embeddable":true,"href":"https:\/\/site.ac-martinique.fr\/espagnol\/index.php?rest_route=%2Fwp%2Fv2%2Fcomments&post=2165"}],"version-history":[{"count":4,"href":"https:\/\/site.ac-martinique.fr\/espagnol\/index.php?rest_route=\/wp\/v2\/pages\/2165\/revisions"}],"predecessor-version":[{"id":2458,"href":"https:\/\/site.ac-martinique.fr\/espagnol\/index.php?rest_route=\/wp\/v2\/pages\/2165\/revisions\/2458"}],"wp:attachment":[{"href":"https:\/\/site.ac-martinique.fr\/espagnol\/index.php?rest_route=%2Fwp%2Fv2%2Fmedia&parent=2165"}],"curies":[{"name":"wp","href":"https:\/\/api.w.org\/{rel}","templated":true}]}}