{"id":2943,"date":"2022-06-17T15:01:11","date_gmt":"2022-06-17T14:01:11","guid":{"rendered":"https:\/\/site.ac-martinique.fr\/espagnol\/?page_id=2943"},"modified":"2022-06-17T15:51:40","modified_gmt":"2022-06-17T14:51:40","slug":"dnl-espagnol","status":"publish","type":"page","link":"https:\/\/site.ac-martinique.fr\/espagnol\/?page_id=2943","title":{"rendered":"DNL ESPAGNOL"},"content":{"rendered":"\n<p class=\"has-text-align-center\">Les sections europ\u00e9ennes ou de langues orientales (SELO) sont ouvertes en lyc\u00e9es et proposent \u00e0 des \u00e9l\u00e8ves motiv\u00e9s de d\u00e9velopper leurs comp\u00e9tences en langues vivantes et leur connaissance de la culture des pays \u00e9trangers.&nbsp;Les sections europ\u00e9ennes ou de langues orientales sont ouvertes&nbsp;<strong>\u00e0 partir de la classe de seconde jusqu&rsquo;en classe de terminale dans les lyc\u00e9es g\u00e9n\u00e9raux, technologiques et professionnels<\/strong>. Un enseignement linguistique renforc\u00e9 est propos\u00e9 dans la langue de la section, selon des modalit\u00e9s propres \u00e0 chaque \u00e9tablissement et une discipline non linguistique.<\/p>\n\n\n\n<h3 class=\"wp-block-heading\" id=\"summary-item-3\">Disciplines non linguistiques<\/h3>\n\n\n\n<p class=\"has-text-align-center\">L&rsquo;enseignement d&rsquo;une partie du programme d&rsquo;une ou plusieurs disciplines non linguistiques (DNL) est dispens\u00e9 dans la langue de la section. Dans les voies g\u00e9n\u00e9rale et technologique, cette discipline non linguistique est propos\u00e9e,&nbsp;<strong>au choix de l&rsquo;\u00e9tablissement,<\/strong>&nbsp;parmi les enseignements non linguistique communs (histoire-g\u00e9ographie, enseignement scientifique, math\u00e9matiques, EPS, etc.) ou de sp\u00e9cialit\u00e9 (dans le cycle terminal) en fonction de la possibilit\u00e9 qu&rsquo;elles offrent au candidat de d\u00e9velopper ses capacit\u00e9s en termes de r\u00e9flexion et d&rsquo;\u00e9changes d&rsquo;id\u00e9es, tout en se familiarisant avec la culture du pays concern\u00e9.<\/p>\n\n\n\n<hr class=\"wp-block-separator has-alpha-channel-opacity is-style-default\"\/>\n\n\n\n<p class=\"has-text-align-center\">Dans l&rsquo;Acad\u00e9mie de Martinique, plusieurs \u00e9tablissements proposent la section europ\u00e9enne Espagnol. <\/p>\n\n\n\n<p class=\"has-text-align-center\">Ci-apr\u00e8s une vid\u00e9o de promotion de la DNL Maths au Lyc\u00e9e G\u00e9n\u00e9ral et Technologique Frantz Fanon de Trinit\u00e9.<\/p>\n\n\n\n<iframe loading=\"lazy\" title=\"DNL FANON\" width=\"560\" height=\"315\" src=\"https:\/\/tube-langues-vivantes.apps.education.fr\/videos\/embed\/25069750-869f-4e0c-8733-42e6f6f8befb\" frameborder=\"0\" allowfullscreen=\"\" sandbox=\"allow-same-origin allow-scripts allow-popups\"><\/iframe>\n\n\n\n<p><\/p>\n","protected":false},"excerpt":{"rendered":"<p>Les sections europ\u00e9ennes ou de langues orientales (SELO) sont ouvertes en lyc\u00e9es et proposent \u00e0 des \u00e9l\u00e8ves motiv\u00e9s de d\u00e9velopper leurs comp\u00e9tences en langues vivantes et leur connaissance de la [&hellip;]<\/p>\n","protected":false},"author":70,"featured_media":0,"parent":0,"menu_order":0,"comment_status":"closed","ping_status":"closed","template":"","meta":{"footnotes":""},"class_list":["post-2943","page","type-page","status-publish","hentry"],"_links":{"self":[{"href":"https:\/\/site.ac-martinique.fr\/espagnol\/index.php?rest_route=\/wp\/v2\/pages\/2943","targetHints":{"allow":["GET"]}}],"collection":[{"href":"https:\/\/site.ac-martinique.fr\/espagnol\/index.php?rest_route=\/wp\/v2\/pages"}],"about":[{"href":"https:\/\/site.ac-martinique.fr\/espagnol\/index.php?rest_route=\/wp\/v2\/types\/page"}],"author":[{"embeddable":true,"href":"https:\/\/site.ac-martinique.fr\/espagnol\/index.php?rest_route=\/wp\/v2\/users\/70"}],"replies":[{"embeddable":true,"href":"https:\/\/site.ac-martinique.fr\/espagnol\/index.php?rest_route=%2Fwp%2Fv2%2Fcomments&post=2943"}],"version-history":[{"count":5,"href":"https:\/\/site.ac-martinique.fr\/espagnol\/index.php?rest_route=\/wp\/v2\/pages\/2943\/revisions"}],"predecessor-version":[{"id":2966,"href":"https:\/\/site.ac-martinique.fr\/espagnol\/index.php?rest_route=\/wp\/v2\/pages\/2943\/revisions\/2966"}],"wp:attachment":[{"href":"https:\/\/site.ac-martinique.fr\/espagnol\/index.php?rest_route=%2Fwp%2Fv2%2Fmedia&parent=2943"}],"curies":[{"name":"wp","href":"https:\/\/api.w.org\/{rel}","templated":true}]}}