{"id":4204,"date":"2021-08-22T22:32:18","date_gmt":"2021-08-22T21:32:18","guid":{"rendered":"https:\/\/site.ac-martinique.fr\/histoire-geographie\/?page_id=4204"},"modified":"2026-03-30T21:57:30","modified_gmt":"2026-03-31T01:57:30","slug":"paf","status":"publish","type":"page","link":"https:\/\/site.ac-martinique.fr\/histoire-geographie\/?page_id=4204","title":{"rendered":"PAF"},"content":{"rendered":"\n<figure class=\"wp-block-pullquote\"><blockquote><p>Plan acad\u00e9mique de Formation <\/p><cite>PAF<\/cite><\/blockquote><\/figure>\n\n\n<div class=\"wp-block-image\">\n<figure class=\"aligncenter size-large is-resized\"><a href=\"https:\/\/site.ac-martinique.fr\/histoire-geographie\/wp-content\/uploads\/sites\/15\/2021\/08\/PAF.png\"><img loading=\"lazy\" decoding=\"async\" width=\"1024\" height=\"498\" src=\"https:\/\/site.ac-martinique.fr\/histoire-geographie\/wp-content\/uploads\/sites\/15\/2021\/08\/PAF-1024x498.png\" alt=\"\" class=\"wp-image-4840\" style=\"width:192px;height:92px\" srcset=\"https:\/\/site.ac-martinique.fr\/histoire-geographie\/wp-content\/uploads\/sites\/15\/2021\/08\/PAF-1024x498.png 1024w, https:\/\/site.ac-martinique.fr\/histoire-geographie\/wp-content\/uploads\/sites\/15\/2021\/08\/PAF-300x146.png 300w, https:\/\/site.ac-martinique.fr\/histoire-geographie\/wp-content\/uploads\/sites\/15\/2021\/08\/PAF-768x373.png 768w, https:\/\/site.ac-martinique.fr\/histoire-geographie\/wp-content\/uploads\/sites\/15\/2021\/08\/PAF-1536x747.png 1536w, https:\/\/site.ac-martinique.fr\/histoire-geographie\/wp-content\/uploads\/sites\/15\/2021\/08\/PAF-1140x554.png 1140w, https:\/\/site.ac-martinique.fr\/histoire-geographie\/wp-content\/uploads\/sites\/15\/2021\/08\/PAF-1320x642.png 1320w, https:\/\/site.ac-martinique.fr\/histoire-geographie\/wp-content\/uploads\/sites\/15\/2021\/08\/PAF.png 1604w\" sizes=\"auto, (max-width: 1024px) 100vw, 1024px\" \/><\/a><\/figure>\n<\/div>\n\n\n<p class=\"has-drop-cap has-small-font-size\">Le Plan acad\u00e9mique de formation (PAF) permet aux personnels de l&rsquo;acad\u00e9mie de se former dans le cadre de la formation professionnelle tout au long de la vie. <\/p>\n\n\n\n<p class=\"has-small-font-size\">Il vise l&rsquo;adaptation imm\u00e9diate aux fonctions, l&rsquo;adaptation aux \u00e9volutions pr\u00e9visibles des m\u00e9tiers, l&rsquo;acquisition de nouvelles comp\u00e9tences m\u00e9tier et de comp\u00e9tences transversales.<\/p>\n\n\n\n<p class=\"has-small-font-size\">Le PAF est \u00e9labor\u00e9 en prenant appui sur&nbsp;:<\/p>\n\n\n\n<p class=\"has-small-font-size\">&#8211;\u00a0Les axes du sch\u00e9ma directeur de la formation <\/p>\n\n\n\n<p class=\"has-small-font-size\">&#8211;&nbsp;Les priorit\u00e9s nationales en mati\u00e8re de formation<\/p>\n\n\n\n<p class=\"has-small-font-size\">&#8211;&nbsp;Les priorit\u00e9s acad\u00e9miques d\u00e9finies par le Recteur<\/p>\n\n\n\n<p class=\"has-small-font-size\">&#8211;&nbsp;Les besoins de formation exprim\u00e9s par les personnels et par l&rsquo;encadrement<\/p>\n\n\n\n<p class=\"has-small-font-size\">Il permet \u00e0 chacun de construire son parcours de formation, \u00e0 partir d&rsquo;une offre r\u00e9alis\u00e9e au plus pr\u00e8s des contextes d&rsquo;exercice, dans une d\u00e9marche qui allie la possibilit\u00e9 de choix individuels et les exigences des enjeux collectifs.<\/p>\n\n\n\n<p class=\"has-text-align-right has-text-color has-small-font-size\" style=\"color:#6c864b\"><\/p>\n\n\n\n<div style=\"height:39px\" aria-hidden=\"true\" class=\"wp-block-spacer\"><\/div>\n\n\n\n<h4 class=\"wp-block-heading has-text-align-center\" style=\"font-style:normal;font-weight:900;text-transform:uppercase\"><strong>PAF 2025\/2026<\/strong><\/h4>\n\n\n\n<p>Consulter le PAF 2025\/2026 et s&rsquo;inscrire<a href=\"https:\/\/site.ac-martinique.fr\/anglais\/?p=3971\"> ici<\/a><\/p>\n\n\n\n<div style=\"height:56px\" aria-hidden=\"true\" class=\"wp-block-spacer\"><\/div>\n\n\n\n<div class=\"wp-block-group has-transparent-background-color has-background tw-shadow\"><div class=\"wp-block-group__inner-container is-layout-flow wp-block-group-is-layout-flow\">\n<h4 class=\"wp-block-heading has-text-align-center\" style=\"font-style:normal;font-weight:900;text-transform:uppercase\"><strong>PAF 2022\/2023<\/strong><\/h4>\n\n\n\n<p class=\"has-text-align-right has-text-color\" style=\"color:#6c864b\"><a href=\"https:\/\/site.ac-martinique.fr\/histoire-geographie\/?p=6186\">lire la suite<\/a><\/p>\n<\/div><\/div>\n\n\n\n<div style=\"height:100px\" aria-hidden=\"true\" class=\"wp-block-spacer\"><\/div>\n\n\n\n<div class=\"wp-block-group has-transparent-background-color has-background tw-shadow\"><div class=\"wp-block-group__inner-container is-layout-flow wp-block-group-is-layout-flow\">\n<h4 class=\"wp-block-heading has-text-align-center\">PAF 2021\/ 2022<\/h4>\n\n\n\n<p class=\"has-text-align-right has-text-color\" style=\"color:#6c864b\"><a href=\"https:\/\/site.ac-martinique.fr\/histoire-geographie\/?p=4874\" target=\"_blank\" rel=\"noreferrer noopener\">lire la suite<\/a><\/p>\n<\/div><\/div>\n","protected":false},"excerpt":{"rendered":"<p>Plan acad\u00e9mique de Formation PAF Le Plan acad\u00e9mique de formation (PAF) permet aux personnels de l&rsquo;acad\u00e9mie de se former dans le cadre de la formation professionnelle tout au long de la vie. Il vise l&rsquo;adaptation imm\u00e9diate aux fonctions, l&rsquo;adaptation aux \u00e9volutions pr\u00e9visibles des m\u00e9tiers, l&rsquo;acquisition de nouvelles comp\u00e9tences m\u00e9tier et de comp\u00e9tences transversales. Le PAF est \u00e9labor\u00e9 en prenant appui sur&nbsp;: &#8211;\u00a0Les axes du sch\u00e9ma directeur de la formation &#8211;&nbsp;Les priorit\u00e9s nationales en mati\u00e8re de formation &#8211;&nbsp;Les priorit\u00e9s acad\u00e9miques d\u00e9finies par le Recteur &#8211;&nbsp;Les besoins de formation exprim\u00e9s par les personnels et par l&rsquo;encadrement Il permet \u00e0 chacun de construire son parcours de formation, \u00e0 partir d&rsquo;une offre r\u00e9alis\u00e9e au plus pr\u00e8s des contextes d&rsquo;exercice, dans une d\u00e9marche qui allie la possibilit\u00e9 de choix individuels et les exigences des enjeux collectifs. PAF 2025\/2026 Consulter le PAF 2025\/2026 et s&rsquo;inscrire ici PAF 2022\/2023 lire la suite PAF 2021\/ 2022 lire la suite<\/p>\n","protected":false},"author":71,"featured_media":0,"parent":0,"menu_order":0,"comment_status":"closed","ping_status":"closed","template":"","meta":{"footnotes":""},"class_list":["post-4204","page","type-page","status-publish","hentry"],"_links":{"self":[{"href":"https:\/\/site.ac-martinique.fr\/histoire-geographie\/index.php?rest_route=\/wp\/v2\/pages\/4204","targetHints":{"allow":["GET"]}}],"collection":[{"href":"https:\/\/site.ac-martinique.fr\/histoire-geographie\/index.php?rest_route=\/wp\/v2\/pages"}],"about":[{"href":"https:\/\/site.ac-martinique.fr\/histoire-geographie\/index.php?rest_route=\/wp\/v2\/types\/page"}],"author":[{"embeddable":true,"href":"https:\/\/site.ac-martinique.fr\/histoire-geographie\/index.php?rest_route=\/wp\/v2\/users\/71"}],"replies":[{"embeddable":true,"href":"https:\/\/site.ac-martinique.fr\/histoire-geographie\/index.php?rest_route=%2Fwp%2Fv2%2Fcomments&post=4204"}],"version-history":[{"count":7,"href":"https:\/\/site.ac-martinique.fr\/histoire-geographie\/index.php?rest_route=\/wp\/v2\/pages\/4204\/revisions"}],"predecessor-version":[{"id":7284,"href":"https:\/\/site.ac-martinique.fr\/histoire-geographie\/index.php?rest_route=\/wp\/v2\/pages\/4204\/revisions\/7284"}],"wp:attachment":[{"href":"https:\/\/site.ac-martinique.fr\/histoire-geographie\/index.php?rest_route=%2Fwp%2Fv2%2Fmedia&parent=4204"}],"curies":[{"name":"wp","href":"https:\/\/api.w.org\/{rel}","templated":true}]}}