{"id":4206,"date":"2021-08-22T22:32:18","date_gmt":"2021-08-22T21:32:18","guid":{"rendered":"https:\/\/site.ac-martinique.fr\/histoire-geographie\/?page_id=4206"},"modified":"2026-03-30T22:09:25","modified_gmt":"2026-03-31T02:09:25","slug":"pistes-reflexion-eclairages-scientifiques","status":"publish","type":"page","link":"https:\/\/site.ac-martinique.fr\/histoire-geographie\/?page_id=4206","title":{"rendered":"PISTES DE REFLEXIONS\/ ECLAIRAGES SCIENTIFIQUES"},"content":{"rendered":"\n<figure class=\"wp-block-pullquote\"><blockquote><p>Eclairages scientifiques<\/p><cite>SEMINAIRES, JOURNEES DE FORMATION ACADEMIQUE, COLLOQUE, CONFERENCES<\/cite><\/blockquote><\/figure>\n\n\n\n<div class=\"wp-block-columns is-layout-flex wp-container-core-columns-is-layout-d0b3c9c8 wp-block-columns-is-layout-flex\">\n<div class=\"wp-block-column is-layout-flow wp-block-column-is-layout-flow\">\n<p>S\u00e9minaire organis\u00e9 en collaboration avec la Fondation pour la m\u00e9moire de l\u2019esclavage (FME), le\u00a0<strong>25 mars \u00e0 partir de 14 h 00 au lyc\u00e9e Schoelcher<\/strong>.<\/p>\n\n\n\n<p>Ce temps de formation et d\u2019\u00e9changes sera l\u2019occasion d\u2019approfondir les enjeux p\u00e9dagogiques et scientifiques li\u00e9s \u00e0 l\u2019enseignement de l\u2019histoire de l\u2019esclavage et de ses m\u00e9moires autour du th\u00e8me \u00ab\u00a0Femmes en esclavage\u00a0\u00bb.&nbsp;<\/p>\n<\/div>\n\n\n\n<div class=\"wp-block-column is-layout-flow wp-block-column-is-layout-flow\">\n<figure class=\"wp-block-image size-large is-resized\"><a href=\"https:\/\/site.ac-martinique.fr\/histoire-geographie\/wp-content\/uploads\/sites\/15\/2026\/03\/Affiche-FME-.png\"><img loading=\"lazy\" decoding=\"async\" width=\"760\" height=\"1024\" src=\"https:\/\/site.ac-martinique.fr\/histoire-geographie\/wp-content\/uploads\/sites\/15\/2026\/03\/Affiche-FME--760x1024.png\" alt=\"\" class=\"wp-image-7286\" style=\"aspect-ratio:0.7421977147404923;width:358px;height:auto\" srcset=\"https:\/\/site.ac-martinique.fr\/histoire-geographie\/wp-content\/uploads\/sites\/15\/2026\/03\/Affiche-FME--760x1024.png 760w, https:\/\/site.ac-martinique.fr\/histoire-geographie\/wp-content\/uploads\/sites\/15\/2026\/03\/Affiche-FME--223x300.png 223w, https:\/\/site.ac-martinique.fr\/histoire-geographie\/wp-content\/uploads\/sites\/15\/2026\/03\/Affiche-FME--768x1034.png 768w, https:\/\/site.ac-martinique.fr\/histoire-geographie\/wp-content\/uploads\/sites\/15\/2026\/03\/Affiche-FME-.png 1096w\" sizes=\"auto, (max-width: 760px) 100vw, 760px\" \/><\/a><\/figure>\n<\/div>\n<\/div>\n\n\n\n<div style=\"height:100px\" aria-hidden=\"true\" class=\"wp-block-spacer\"><\/div>\n\n\n\n<div class=\"wp-block-columns is-layout-flex wp-container-core-columns-is-layout-d0b3c9c8 wp-block-columns-is-layout-flex\">\n<div class=\"wp-block-column is-layout-flow wp-block-column-is-layout-flow\" style=\"--col-width:66.66%;flex-basis:66.66%\">\n<div class=\"wp-block-group has-transparent-background-color has-background tw-shadow\"><div class=\"wp-block-group__inner-container is-layout-flow wp-block-group-is-layout-flow\"><div class=\"wp-block-image\">\n<figure class=\"aligncenter size-large is-resized\"><img loading=\"lazy\" decoding=\"async\" width=\"724\" height=\"1024\" src=\"https:\/\/site.ac-martinique.fr\/histoire-geographie\/wp-content\/uploads\/sites\/15\/2021\/09\/image-seminaire-724x1024.png\" alt=\"\" class=\"wp-image-5302\" style=\"width:246px;height:346px\" srcset=\"https:\/\/site.ac-martinique.fr\/histoire-geographie\/wp-content\/uploads\/sites\/15\/2021\/09\/image-seminaire-724x1024.png 724w, https:\/\/site.ac-martinique.fr\/histoire-geographie\/wp-content\/uploads\/sites\/15\/2021\/09\/image-seminaire-212x300.png 212w, https:\/\/site.ac-martinique.fr\/histoire-geographie\/wp-content\/uploads\/sites\/15\/2021\/09\/image-seminaire-768x1086.png 768w, https:\/\/site.ac-martinique.fr\/histoire-geographie\/wp-content\/uploads\/sites\/15\/2021\/09\/image-seminaire-1086x1536.png 1086w, https:\/\/site.ac-martinique.fr\/histoire-geographie\/wp-content\/uploads\/sites\/15\/2021\/09\/image-seminaire-1140x1612.png 1140w, https:\/\/site.ac-martinique.fr\/histoire-geographie\/wp-content\/uploads\/sites\/15\/2021\/09\/image-seminaire-1320x1867.png 1320w, https:\/\/site.ac-martinique.fr\/histoire-geographie\/wp-content\/uploads\/sites\/15\/2021\/09\/image-seminaire.png 1414w\" sizes=\"auto, (max-width: 724px) 100vw, 724px\" \/><\/figure>\n<\/div>\n\n\n<p class=\"has-small-font-size\"><strong>SEMINAIRE- <\/strong>Le 5 mai 2021, a \u00e9t\u00e9 organis\u00e9 un s\u00e9minaire pour enrichir la r\u00e9flexion et proposer des mises en oeuvre pour enseigner l&rsquo;histoire des Antilles et la g\u00e9ographie de la Cara\u00efbe .  les notions et th\u00e8mes des Fronti\u00e8res, espaces ruraux, Kallinagos, Histoire mixte, patrimoine  sont ainsi abord\u00e9s. <\/p>\n\n\n\n<p class=\"has-text-align-right has-text-color has-small-font-size\" style=\"color:#6c864b\"><a href=\"https:\/\/site.ac-martinique.fr\/histoire-geographie\/?p=5301\" target=\"_blank\" rel=\"noreferrer noopener\">lire la suite<\/a><\/p>\n<\/div><\/div>\n<\/div>\n\n\n\n<div class=\"wp-block-column is-layout-flow wp-block-column-is-layout-flow\" style=\"--col-width:33.33%;flex-basis:33.33%\"><\/div>\n<\/div>\n\n\n\n<div style=\"height:100px\" aria-hidden=\"true\" class=\"wp-block-spacer\"><\/div>\n\n\n\n<figure class=\"wp-block-pullquote\"><blockquote><p>PISTES DE REFLEXIONS<\/p><cite>MISE AU POINT SCIENTIFIQUE, REFLEXIONS SUR LES PROGRAMMES ET LES ADAPTATIONS<\/cite><\/blockquote><\/figure>\n\n\n<div class=\"wp-block-image\">\n<figure class=\"aligncenter size-full is-resized\"><a href=\"https:\/\/site.ac-martinique.fr\/histoire-geographie\/wp-content\/uploads\/sites\/15\/2021\/08\/morne-rouge.jpg\"><img loading=\"lazy\" decoding=\"async\" width=\"937\" height=\"556\" src=\"https:\/\/site.ac-martinique.fr\/histoire-geographie\/wp-content\/uploads\/sites\/15\/2021\/08\/morne-rouge.jpg\" alt=\"\" class=\"wp-image-4971\" style=\"width:160px;height:95px\" srcset=\"https:\/\/site.ac-martinique.fr\/histoire-geographie\/wp-content\/uploads\/sites\/15\/2021\/08\/morne-rouge.jpg 937w, https:\/\/site.ac-martinique.fr\/histoire-geographie\/wp-content\/uploads\/sites\/15\/2021\/08\/morne-rouge-300x178.jpg 300w, https:\/\/site.ac-martinique.fr\/histoire-geographie\/wp-content\/uploads\/sites\/15\/2021\/08\/morne-rouge-768x456.jpg 768w\" sizes=\"auto, (max-width: 937px) 100vw, 937px\" \/><\/a><\/figure>\n<\/div>\n\n\n<div style=\"height:100px\" aria-hidden=\"true\" class=\"wp-block-spacer\"><\/div>\n\n\n\n<div class=\"wp-block-columns is-layout-flex wp-container-core-columns-is-layout-d0b3c9c8 wp-block-columns-is-layout-flex\">\n<div class=\"wp-block-column is-layout-flow wp-block-column-is-layout-flow\">\n<div class=\"wp-block-group alignfull has-transparent-background-color has-background tw-shadow\"><div class=\"wp-block-group__inner-container is-layout-flow wp-block-group-is-layout-flow\">\n<figure class=\"wp-block-image size-full is-resized\"><img loading=\"lazy\" decoding=\"async\" width=\"1003\" height=\"517\" src=\"https:\/\/site.ac-martinique.fr\/histoire-geographie\/wp-content\/uploads\/sites\/15\/2021\/11\/NOUVEAU.png\" alt=\"\" class=\"wp-image-5560\" style=\"width:93px;height:48px\" srcset=\"https:\/\/site.ac-martinique.fr\/histoire-geographie\/wp-content\/uploads\/sites\/15\/2021\/11\/NOUVEAU.png 1003w, https:\/\/site.ac-martinique.fr\/histoire-geographie\/wp-content\/uploads\/sites\/15\/2021\/11\/NOUVEAU-300x155.png 300w, https:\/\/site.ac-martinique.fr\/histoire-geographie\/wp-content\/uploads\/sites\/15\/2021\/11\/NOUVEAU-768x396.png 768w\" sizes=\"auto, (max-width: 1003px) 100vw, 1003px\" \/><\/figure>\n\n\n\n<figure class=\"wp-block-image is-resized\"><img loading=\"lazy\" decoding=\"async\" width=\"1024\" height=\"671\" src=\"https:\/\/site.ac-martinique.fr\/histoire-geographie\/wp-content\/uploads\/sites\/15\/2022\/06\/martinique-1750-1024x671.png\" alt=\"\" class=\"wp-image-6016\" style=\"width:265px;height:173px\" srcset=\"https:\/\/site.ac-martinique.fr\/histoire-geographie\/wp-content\/uploads\/sites\/15\/2022\/06\/martinique-1750-1024x671.png 1024w, https:\/\/site.ac-martinique.fr\/histoire-geographie\/wp-content\/uploads\/sites\/15\/2022\/06\/martinique-1750-300x197.png 300w, https:\/\/site.ac-martinique.fr\/histoire-geographie\/wp-content\/uploads\/sites\/15\/2022\/06\/martinique-1750-768x504.png 768w, https:\/\/site.ac-martinique.fr\/histoire-geographie\/wp-content\/uploads\/sites\/15\/2022\/06\/martinique-1750.png 1069w\" sizes=\"auto, (max-width: 1024px) 100vw, 1024px\" \/><\/figure>\n\n\n\n<p style=\"font-size:17px\"><strong>LYCEE<\/strong>-En 2022, les membres du GRF de l&rsquo;Acad\u00e9mie de Martinique ont \u00e9labor\u00e9 des fiches facilitant la mise en oeuvre des adaptations de programmes au lyc\u00e9e en histoire et en g\u00e9ographie<\/p>\n\n\n\n<p class=\"has-text-align-right has-text-color has-small-font-size\" style=\"color:#6c864b\"><strong><a href=\"https:\/\/site.ac-martinique.fr\/histoire-geographie\/?p=6052\">Lire la suite<\/a><\/strong><\/p>\n<\/div><\/div>\n<\/div>\n\n\n\n<div class=\"wp-block-column is-layout-flow wp-block-column-is-layout-flow\"><div class=\"wp-block-image\">\n<figure class=\"aligncenter size-full is-resized\"><a href=\"https:\/\/site.ac-martinique.fr\/histoire-geographie\/wp-content\/uploads\/sites\/15\/2021\/10\/MARTINIQUE_PESQUET.jpg\"><img loading=\"lazy\" decoding=\"async\" width=\"756\" height=\"562\" src=\"https:\/\/site.ac-martinique.fr\/histoire-geographie\/wp-content\/uploads\/sites\/15\/2021\/10\/MARTINIQUE_PESQUET.jpg\" alt=\"\" class=\"wp-image-5395\" style=\"width:285px;height:210px\" srcset=\"https:\/\/site.ac-martinique.fr\/histoire-geographie\/wp-content\/uploads\/sites\/15\/2021\/10\/MARTINIQUE_PESQUET.jpg 756w, https:\/\/site.ac-martinique.fr\/histoire-geographie\/wp-content\/uploads\/sites\/15\/2021\/10\/MARTINIQUE_PESQUET-300x223.jpg 300w\" sizes=\"auto, (max-width: 756px) 100vw, 756px\" \/><\/a><figcaption class=\"wp-element-caption\">\u00a9ESA_ 9 juin 2015<\/figcaption><\/figure>\n<\/div>\n\n\n<p style=\"font-size:17px\"><strong>ADAPTATIONS COLLEGE- <\/strong>En 2018, l&rsquo;\u00e9quipe du GRF de l&rsquo;Acad\u00e9mie a \u00e9labor\u00e9 un ensemble de fiches permettant une r\u00e9flexion autour des adaptations de programmes du coll\u00e8ge. <\/p>\n\n\n\n<p class=\"has-text-align-right has-text-color has-small-font-size\" style=\"color:#6c864b\"><a rel=\"noreferrer noopener\" href=\"https:\/\/site.ac-martinique.fr\/histoire-geographie\/?p=5396\" target=\"_blank\">Acc\u00e9der \u00e0 l&rsquo;ensemble des fiches ici. <\/a><\/p>\n<\/div>\n<\/div>\n\n\n\n<div class=\"wp-block-columns is-layout-flex wp-container-core-columns-is-layout-d0b3c9c8 wp-block-columns-is-layout-flex\"><\/div>\n","protected":false},"excerpt":{"rendered":"<p>Eclairages scientifiques SEMINAIRES, JOURNEES DE FORMATION ACADEMIQUE, COLLOQUE, CONFERENCES S\u00e9minaire organis\u00e9 en collaboration avec la Fondation pour la m\u00e9moire de l\u2019esclavage (FME), le\u00a025 mars \u00e0 partir de 14 h 00 au lyc\u00e9e Schoelcher. Ce temps de formation et d\u2019\u00e9changes sera l\u2019occasion d\u2019approfondir les enjeux p\u00e9dagogiques et scientifiques li\u00e9s \u00e0 l\u2019enseignement de l\u2019histoire de l\u2019esclavage et de ses m\u00e9moires autour du th\u00e8me \u00ab\u00a0Femmes en esclavage\u00a0\u00bb.&nbsp; SEMINAIRE- Le 5 mai 2021, a \u00e9t\u00e9 organis\u00e9 un s\u00e9minaire pour enrichir la r\u00e9flexion et proposer des mises en oeuvre pour enseigner l&rsquo;histoire des Antilles et la g\u00e9ographie de la Cara\u00efbe . les notions et th\u00e8mes des Fronti\u00e8res, espaces ruraux, Kallinagos, Histoire mixte, patrimoine sont ainsi abord\u00e9s. lire la suite PISTES DE REFLEXIONS MISE AU POINT SCIENTIFIQUE, REFLEXIONS SUR LES PROGRAMMES ET LES ADAPTATIONS LYCEE-En 2022, les membres du GRF de l&rsquo;Acad\u00e9mie de Martinique ont \u00e9labor\u00e9 des fiches facilitant la mise en oeuvre des adaptations de programmes au lyc\u00e9e en histoire et en g\u00e9ographie Lire la suite ADAPTATIONS COLLEGE- En 2018, l&rsquo;\u00e9quipe du GRF de l&rsquo;Acad\u00e9mie a \u00e9labor\u00e9 un ensemble de fiches permettant une r\u00e9flexion autour des adaptations de programmes du coll\u00e8ge. Acc\u00e9der \u00e0 l&rsquo;ensemble des fiches ici.<\/p>\n","protected":false},"author":71,"featured_media":0,"parent":0,"menu_order":0,"comment_status":"closed","ping_status":"closed","template":"","meta":{"footnotes":""},"class_list":["post-4206","page","type-page","status-publish","hentry"],"_links":{"self":[{"href":"https:\/\/site.ac-martinique.fr\/histoire-geographie\/index.php?rest_route=\/wp\/v2\/pages\/4206","targetHints":{"allow":["GET"]}}],"collection":[{"href":"https:\/\/site.ac-martinique.fr\/histoire-geographie\/index.php?rest_route=\/wp\/v2\/pages"}],"about":[{"href":"https:\/\/site.ac-martinique.fr\/histoire-geographie\/index.php?rest_route=\/wp\/v2\/types\/page"}],"author":[{"embeddable":true,"href":"https:\/\/site.ac-martinique.fr\/histoire-geographie\/index.php?rest_route=\/wp\/v2\/users\/71"}],"replies":[{"embeddable":true,"href":"https:\/\/site.ac-martinique.fr\/histoire-geographie\/index.php?rest_route=%2Fwp%2Fv2%2Fcomments&post=4206"}],"version-history":[{"count":13,"href":"https:\/\/site.ac-martinique.fr\/histoire-geographie\/index.php?rest_route=\/wp\/v2\/pages\/4206\/revisions"}],"predecessor-version":[{"id":7287,"href":"https:\/\/site.ac-martinique.fr\/histoire-geographie\/index.php?rest_route=\/wp\/v2\/pages\/4206\/revisions\/7287"}],"wp:attachment":[{"href":"https:\/\/site.ac-martinique.fr\/histoire-geographie\/index.php?rest_route=%2Fwp%2Fv2%2Fmedia&parent=4206"}],"curies":[{"name":"wp","href":"https:\/\/api.w.org\/{rel}","templated":true}]}}