{"id":5934,"date":"2022-05-17T13:36:38","date_gmt":"2022-05-17T17:36:38","guid":{"rendered":"https:\/\/site.ac-martinique.fr\/histoire-geographie\/?page_id=5934"},"modified":"2024-06-20T09:59:38","modified_gmt":"2024-06-20T13:59:38","slug":"annales","status":"publish","type":"page","link":"https:\/\/site.ac-martinique.fr\/histoire-geographie\/?page_id=5934","title":{"rendered":"ANNALES"},"content":{"rendered":"\n<figure class=\"wp-block-pullquote\"><blockquote><p>BANQUE DE SUJETS<\/p><cite>COLLEGE, LYCEE TRONC COMMUN ET SPECIALITE<\/cite><\/blockquote><\/figure>\n\n\n<div class=\"wp-block-image\">\n<figure class=\"aligncenter size-full is-resized\"><a href=\"https:\/\/site.ac-martinique.fr\/histoire-geographie\/wp-content\/uploads\/sites\/15\/2022\/05\/banque-sujets.png\"><img loading=\"lazy\" decoding=\"async\" width=\"219\" height=\"80\" src=\"https:\/\/site.ac-martinique.fr\/histoire-geographie\/wp-content\/uploads\/sites\/15\/2022\/05\/banque-sujets.png\" alt=\"\" class=\"wp-image-5935\" style=\"width:273px;height:100px\"\/><\/a><\/figure>\n<\/div>\n\n\n<p class=\"has-drop-cap\">Sur Kanawa, nous vous proposons les sujets propos\u00e9s lors des sessions d&rsquo;examen des ann\u00e9es pr\u00e9c\u00e9dentes afin de pr\u00e9parer les \u00e9l\u00e8ves. <\/p>\n\n\n\n<div style=\"height:100px\" aria-hidden=\"true\" class=\"wp-block-spacer\"><\/div>\n\n\n\n<blockquote class=\"wp-block-quote has-small-font-size is-layout-flow wp-block-quote-is-layout-flow\">\n<p>COLLEGE<\/p>\n<\/blockquote>\n\n\n\n<div class=\"wp-block-columns is-layout-flex wp-container-core-columns-is-layout-d0b3c9c8 wp-block-columns-is-layout-flex\">\n<div class=\"wp-block-column is-layout-flow wp-block-column-is-layout-flow\" style=\"--col-width:66.66%;flex-basis:66.66%\">\n<div class=\"wp-block-group has-transparent-background-color has-background tw-shadow\"><div class=\"wp-block-group__inner-container is-layout-flow wp-block-group-is-layout-flow\"><div class=\"wp-block-image\">\n<figure class=\"aligncenter size-full is-resized\"><a href=\"https:\/\/site.ac-martinique.fr\/histoire-geographie\/wp-content\/uploads\/sites\/15\/2022\/05\/cle.png\"><img loading=\"lazy\" decoding=\"async\" width=\"512\" height=\"512\" src=\"https:\/\/site.ac-martinique.fr\/histoire-geographie\/wp-content\/uploads\/sites\/15\/2022\/05\/cle.png\" alt=\"\" class=\"wp-image-5936\" style=\"width:152px;height:152px\" srcset=\"https:\/\/site.ac-martinique.fr\/histoire-geographie\/wp-content\/uploads\/sites\/15\/2022\/05\/cle.png 512w, https:\/\/site.ac-martinique.fr\/histoire-geographie\/wp-content\/uploads\/sites\/15\/2022\/05\/cle-300x300.png 300w, https:\/\/site.ac-martinique.fr\/histoire-geographie\/wp-content\/uploads\/sites\/15\/2022\/05\/cle-150x150.png 150w, https:\/\/site.ac-martinique.fr\/histoire-geographie\/wp-content\/uploads\/sites\/15\/2022\/05\/cle-75x75.png 75w\" sizes=\"auto, (max-width: 512px) 100vw, 512px\" \/><\/a><\/figure>\n<\/div>\n\n\n<p class=\"has-small-font-size\"><strong>DNB<\/strong>&#8211; Les sujets de DNB propos\u00e9s depuis 2018 sont disponibles. <\/p>\n\n\n\n<p class=\"has-text-align-right has-text-color\" style=\"color:#6c864b;font-size:11px\"><a href=\"https:\/\/site.ac-martinique.fr\/histoire-geographie\/?p=5921\" target=\"_blank\" rel=\"noreferrer noopener\">Lire la suite<\/a><\/p>\n<\/div><\/div>\n\n\n\n<div style=\"height:100px\" aria-hidden=\"true\" class=\"wp-block-spacer\"><\/div>\n<\/div>\n\n\n\n<div class=\"wp-block-column is-layout-flow wp-block-column-is-layout-flow\" style=\"--col-width:33.33%;flex-basis:33.33%\"><\/div>\n<\/div>\n\n\n\n<blockquote class=\"wp-block-quote has-small-font-size is-layout-flow wp-block-quote-is-layout-flow\">\n<p>LYCEE<\/p>\n<\/blockquote>\n\n\n\n<div class=\"wp-block-columns is-layout-flex wp-container-core-columns-is-layout-d0b3c9c8 wp-block-columns-is-layout-flex\">\n<div class=\"wp-block-column is-layout-flow wp-block-column-is-layout-flow\" style=\"--col-width:33.33%;flex-basis:33.33%\"><\/div>\n\n\n\n<div class=\"wp-block-column is-layout-flow wp-block-column-is-layout-flow\" style=\"--col-width:66.66%;flex-basis:66.66%\">\n<div class=\"wp-block-group has-transparent-background-color has-background tw-shadow\"><div class=\"wp-block-group__inner-container is-layout-flow wp-block-group-is-layout-flow\"><div class=\"wp-block-image\">\n<figure class=\"aligncenter size-full is-resized\"><a href=\"https:\/\/site.ac-martinique.fr\/histoire-geographie\/wp-content\/uploads\/sites\/15\/2021\/09\/RESSOURCES_HGGSP.jpg\"><img loading=\"lazy\" decoding=\"async\" width=\"1754\" height=\"1240\" src=\"https:\/\/site.ac-martinique.fr\/histoire-geographie\/wp-content\/uploads\/sites\/15\/2021\/09\/RESSOURCES_HGGSP.jpg\" alt=\"\" class=\"wp-image-5232\" style=\"width:212px;height:116px\" srcset=\"https:\/\/site.ac-martinique.fr\/histoire-geographie\/wp-content\/uploads\/sites\/15\/2021\/09\/RESSOURCES_HGGSP.jpg 1754w, https:\/\/site.ac-martinique.fr\/histoire-geographie\/wp-content\/uploads\/sites\/15\/2021\/09\/RESSOURCES_HGGSP-300x212.jpg 300w, https:\/\/site.ac-martinique.fr\/histoire-geographie\/wp-content\/uploads\/sites\/15\/2021\/09\/RESSOURCES_HGGSP-1024x724.jpg 1024w, https:\/\/site.ac-martinique.fr\/histoire-geographie\/wp-content\/uploads\/sites\/15\/2021\/09\/RESSOURCES_HGGSP-768x543.jpg 768w, https:\/\/site.ac-martinique.fr\/histoire-geographie\/wp-content\/uploads\/sites\/15\/2021\/09\/RESSOURCES_HGGSP-1536x1086.jpg 1536w, https:\/\/site.ac-martinique.fr\/histoire-geographie\/wp-content\/uploads\/sites\/15\/2021\/09\/RESSOURCES_HGGSP-1140x806.jpg 1140w, https:\/\/site.ac-martinique.fr\/histoire-geographie\/wp-content\/uploads\/sites\/15\/2021\/09\/RESSOURCES_HGGSP-1320x933.jpg 1320w\" sizes=\"auto, (max-width: 1754px) 100vw, 1754px\" \/><\/a><\/figure>\n<\/div>\n\n\n<p class=\"has-small-font-size\"><strong>SPECIALITE HGGSP-<\/strong> Les sujets soumis aux \u00e9l\u00e8ves de Terminale en Enseignement de sp\u00e9cialit\u00e9 sont accessibles. <\/p>\n\n\n\n<p class=\"has-text-align-right has-small-font-size\"><a href=\"https:\/\/site.ac-martinique.fr\/histoire-geographie\/?p=5881\" target=\"_blank\" rel=\"noreferrer noopener\">Lire la suite<\/a><\/p>\n<\/div><\/div>\n<\/div>\n<\/div>\n\n\n\n<div class=\"wp-block-columns is-layout-flex wp-container-core-columns-is-layout-d0b3c9c8 wp-block-columns-is-layout-flex\">\n<div class=\"wp-block-column is-layout-flow wp-block-column-is-layout-flow\"><\/div>\n<\/div>\n\n\n\n<p><\/p>\n","protected":false},"excerpt":{"rendered":"<p>BANQUE DE SUJETS COLLEGE, LYCEE TRONC COMMUN ET SPECIALITE Sur Kanawa, nous vous proposons les sujets propos\u00e9s lors des sessions d&rsquo;examen des ann\u00e9es pr\u00e9c\u00e9dentes afin de pr\u00e9parer les \u00e9l\u00e8ves. COLLEGE DNB&#8211; Les sujets de DNB propos\u00e9s depuis 2018 sont disponibles. Lire la suite LYCEE SPECIALITE HGGSP- Les sujets soumis aux \u00e9l\u00e8ves de Terminale en Enseignement de sp\u00e9cialit\u00e9 sont accessibles. Lire la suite<\/p>\n","protected":false},"author":71,"featured_media":0,"parent":0,"menu_order":0,"comment_status":"closed","ping_status":"closed","template":"","meta":{"footnotes":""},"class_list":["post-5934","page","type-page","status-publish","hentry"],"_links":{"self":[{"href":"https:\/\/site.ac-martinique.fr\/histoire-geographie\/index.php?rest_route=\/wp\/v2\/pages\/5934","targetHints":{"allow":["GET"]}}],"collection":[{"href":"https:\/\/site.ac-martinique.fr\/histoire-geographie\/index.php?rest_route=\/wp\/v2\/pages"}],"about":[{"href":"https:\/\/site.ac-martinique.fr\/histoire-geographie\/index.php?rest_route=\/wp\/v2\/types\/page"}],"author":[{"embeddable":true,"href":"https:\/\/site.ac-martinique.fr\/histoire-geographie\/index.php?rest_route=\/wp\/v2\/users\/71"}],"replies":[{"embeddable":true,"href":"https:\/\/site.ac-martinique.fr\/histoire-geographie\/index.php?rest_route=%2Fwp%2Fv2%2Fcomments&post=5934"}],"version-history":[{"count":3,"href":"https:\/\/site.ac-martinique.fr\/histoire-geographie\/index.php?rest_route=\/wp\/v2\/pages\/5934\/revisions"}],"predecessor-version":[{"id":6986,"href":"https:\/\/site.ac-martinique.fr\/histoire-geographie\/index.php?rest_route=\/wp\/v2\/pages\/5934\/revisions\/6986"}],"wp:attachment":[{"href":"https:\/\/site.ac-martinique.fr\/histoire-geographie\/index.php?rest_route=%2Fwp%2Fv2%2Fmedia&parent=5934"}],"curies":[{"name":"wp","href":"https:\/\/api.w.org\/{rel}","templated":true}]}}