{"id":2643,"date":"2021-06-15T17:00:17","date_gmt":"2021-06-15T16:00:17","guid":{"rendered":"https:\/\/site.ac-martinique.fr\/lettres-histoire\/?page_id=2643"},"modified":"2022-06-16T20:18:14","modified_gmt":"2022-06-16T19:18:14","slug":"2nde-bac-pro-2","status":"publish","type":"page","link":"https:\/\/site.ac-martinique.fr\/lettres-histoire\/?page_id=2643","title":{"rendered":"2nde BAC PRO"},"content":{"rendered":"\n<h4 class=\"has-text-align-center wp-block-heading\"><mark style=\"background-color:rgba(0, 0, 0, 0);color:#a3000d\" class=\"has-inline-color\"><strong>DOCUMENTS ACAD\u00c9MIQUES POUR L\u2019OBJET D\u2019\u00c9TUDE<\/strong> <\/mark><\/h4>\n\n\n\n<p><\/p>\n\n\n\n<h2 class=\"has-text-align-center wp-block-heading\">HISTOIRE<\/h2>\n\n\n\n<h5 class=\"has-text-align-center wp-block-heading\">Th\u00e8me :<\/h5>\n\n\n\n<h5 class=\"has-text-align-center wp-block-heading\">L&rsquo;expansion du monde connu<\/h5>\n\n\n\n<p><\/p>\n\n\n\n<p><strong><a rel=\"noreferrer noopener\" href=\"https:\/\/site.ac-martinique.fr\/lettres-histoire\/wp-content\/uploads\/sites\/17\/2021\/06\/Lexpansion-du-monde-connu-seance-mme-Germack.docx\" data-type=\"URL\" data-id=\"https:\/\/site.ac-martinique.fr\/lettres-histoire\/wp-content\/uploads\/sites\/17\/2021\/06\/Lexpansion-du-monde-connu-seance-mme-Germack.docx\" target=\"_blank\">Une s\u00e9ance propos\u00e9e par Mme GERMACK.<\/a><\/strong><\/p>\n\n\n\n<p><mark style=\"background-color:rgba(0, 0, 0, 0)\" class=\"has-inline-color has-green-color\"><strong><a rel=\"noreferrer noopener\" href=\"https:\/\/site.ac-martinique.fr\/lettres-histoire\/wp-content\/uploads\/sites\/17\/2022\/01\/seqceexpansion.pdf\" data-type=\"URL\" data-id=\"https:\/\/site.ac-martinique.fr\/lettres-histoire\/wp-content\/uploads\/sites\/17\/2022\/01\/seqceexpansion.pdf\" target=\"_blank\">Tableau de s\u00e9quence propos\u00e9 par Mme GERMACK.<\/a><\/strong><\/mark><\/p>\n\n\n\n<p><\/p>\n\n\n\n<p><\/p>\n\n\n\n<h2 class=\"has-text-align-center wp-block-heading\"><strong>G\u00c9OGRAPHIE<\/strong><\/h2>\n\n\n\n<p><\/p>\n\n\n\n<h5 class=\"has-text-align-center wp-block-heading\">Th\u00e8me :<\/h5>\n\n\n\n<h2 class=\"has-text-align-center wp-block-heading\"><strong><sub> Des r\u00e9seaux de production et d\u2019\u00e9changes mondialis\u00e9s<\/sub><\/strong><\/h2>\n\n\n\n<p><\/p>\n\n\n\n<p><a rel=\"noreferrer noopener\" href=\"https:\/\/site.ac-martinique.fr\/lettres-histoire\/wp-content\/uploads\/sites\/17\/2022\/01\/seance-echanges-REGINA.pdf\" data-type=\"URL\" data-id=\"https:\/\/site.ac-martinique.fr\/lettres-histoire\/wp-content\/uploads\/sites\/17\/2022\/01\/seance-echanges-REGINA.pdf\" target=\"_blank\">Une s\u00e9ance propos\u00e9e par Mme REGINA<em> ( LP Dumas Jean-Joseph)<\/em><\/a> ainsi que <a rel=\"noreferrer noopener\" href=\"https:\/\/site.ac-martinique.fr\/lettres-histoire\/wp-content\/uploads\/sites\/17\/2022\/01\/deroulementcours.pdf\" data-type=\"URL\" data-id=\"https:\/\/site.ac-martinique.fr\/lettres-histoire\/wp-content\/uploads\/sites\/17\/2022\/01\/deroulementcours.pdf\" target=\"_blank\">sa mise en \u0153uvre.<\/a><\/p>\n\n\n\n<p>Compl\u00e8te ton croquis et cr\u00e9e ta carte mentale de synth\u00e8se sur LaDigitaleDev (<em>par Mme REGINA, LP Dumas Jean -Joseph)<\/em> :<\/p>\n\n\n\n<ul class=\"wp-block-list\"><li><a href=\"https:\/\/site.ac-martinique.fr\/lettres-histoire\/wp-content\/uploads\/sites\/17\/2022\/06\/seanceportb.pdf\" data-type=\"URL\" data-id=\"https:\/\/site.ac-martinique.fr\/lettres-histoire\/wp-content\/uploads\/sites\/17\/2022\/06\/seanceportb.pdf\" target=\"_blank\" rel=\"noreferrer noopener\">Fiche d&rsquo;activit\u00e9.<\/a><\/li><li><a href=\"https:\/\/site.ac-martinique.fr\/lettres-histoire\/wp-content\/uploads\/sites\/17\/2022\/06\/FICHE-PIX.pdf\" data-type=\"URL\" data-id=\"https:\/\/site.ac-martinique.fr\/lettres-histoire\/wp-content\/uploads\/sites\/17\/2022\/06\/FICHE-PIX.pdf\" target=\"_blank\" rel=\"noreferrer noopener\">Fiche PIX.<\/a><\/li><li><a href=\"https:\/\/site.ac-martinique.fr\/lettres-histoire\/wp-content\/uploads\/sites\/17\/2022\/06\/Marche-a-suivre_digimindmap.pdf\" data-type=\"URL\" data-id=\"https:\/\/site.ac-martinique.fr\/lettres-histoire\/wp-content\/uploads\/sites\/17\/2022\/06\/Marche-a-suivre_digimindmap.pdf\" target=\"_blank\" rel=\"noreferrer noopener\">Tutoriel de DigiMindMap.<\/a><\/li><\/ul>\n\n\n\n<h5 class=\"has-text-align-center wp-block-heading\">Th\u00e8me :<\/h5>\n\n\n\n<h5 class=\"has-text-align-center wp-block-heading\">Une circulation croissante et diverse des personnes<br>\u00e0 l\u2019\u00e9chelle mondiale<\/h5>\n\n\n\n<p><\/p>\n\n\n\n<p><strong>Une s\u00e9quence \u00e9labor\u00e9e par Mme JEGO :<\/strong><\/p>\n\n\n\n<ul class=\"wp-block-list\"><li><a rel=\"noreferrer noopener\" href=\"https:\/\/site.ac-martinique.fr\/lettres-histoire\/wp-content\/uploads\/sites\/17\/2021\/06\/theme-2-geo-seconde-pro_-_tableau.docx\" data-type=\"URL\" data-id=\"https:\/\/site.ac-martinique.fr\/lettres-histoire\/wp-content\/uploads\/sites\/17\/2021\/06\/theme-2-geo-seconde-pro_-_tableau.docx\" target=\"_blank\">Le tableau de s\u00e9quence.<\/a><\/li><li><a rel=\"noreferrer noopener\" href=\"https:\/\/site.ac-martinique.fr\/lettres-histoire\/wp-content\/uploads\/sites\/17\/2021\/06\/GEO-2nd-pro-fiche-n01.pdf\" data-type=\"URL\" data-id=\"https:\/\/site.ac-martinique.fr\/lettres-histoire\/wp-content\/uploads\/sites\/17\/2021\/06\/GEO-2nd-pro-fiche-n01.pdf\" target=\"_blank\">Fiche-guide situation 1.<\/a><\/li><li><a rel=\"noreferrer noopener\" href=\"https:\/\/site.ac-martinique.fr\/lettres-histoire\/wp-content\/uploads\/sites\/17\/2021\/06\/GEO-2nd-pro-fiche-n02.pdf\" data-type=\"URL\" data-id=\"https:\/\/site.ac-martinique.fr\/lettres-histoire\/wp-content\/uploads\/sites\/17\/2021\/06\/GEO-2nd-pro-fiche-n02.pdf\" target=\"_blank\">Fiche-guide situation 2.<\/a><\/li><li><a rel=\"noreferrer noopener\" href=\"https:\/\/site.ac-martinique.fr\/lettres-histoire\/wp-content\/uploads\/sites\/17\/2021\/06\/GEO-2nd-pro-fiche-n03.pdf\" data-type=\"URL\" data-id=\"https:\/\/site.ac-martinique.fr\/lettres-histoire\/wp-content\/uploads\/sites\/17\/2021\/06\/GEO-2nd-pro-fiche-n03.pdf\" target=\"_blank\">Fiche-guide situation 3.<\/a><\/li><\/ul>\n\n\n\n<p><\/p>\n\n\n\n<h4 class=\"has-text-align-center wp-block-heading\"><strong><span style=\"color:#a3000d\" class=\"has-inline-color\">DOCUMENTS RESSOURCES EDUSCOL : <\/span><\/strong><\/h4>\n\n\n\n<h5 class=\"wp-block-heading\">Histoire&nbsp;: \u00ab Circulations, colonisations et r\u00e9volutions (XVe=XVIIIe si\u00e8cles); M\u00e9tiers, compagnons, compagnonnage et chef-d&rsquo;\u0153uvre au XIXe si\u00e8cle \u00bb<\/h5>\n\n\n\n<ul class=\"wp-block-list\"><li><a href=\"https:\/\/cache.media.eduscol.education.fr\/file\/Histoire-geo\/47\/3\/RA19_Lycee_P_2de_Histoire_Circulation-colonisation-revolution_expansion-monde-connu_1195473.pdf\" target=\"_blank\" rel=\"noreferrer noopener\">L&rsquo;expansion du monde connu<\/a><\/li><li><a href=\"https:\/\/cache.media.eduscol.education.fr\/file\/Histoire-geo\/47\/2\/RA19_Lycee_P_2de_Histoire_Circulation-colonisation-revolution_amerique-europe-revolution_1195472.pdf\" target=\"_blank\" rel=\"noreferrer noopener\">L&rsquo;Am\u00e9rique et l&rsquo;Europe en r\u00e9volution<\/a><\/li><li><a href=\"https:\/\/cache.media.eduscol.education.fr\/file\/Histoire-geo\/47\/4\/RA19_Lycee_P_2de_Histoire_Metiers-compagnons-compagnonnage-chef-doeuvre_1195474.pdf\" target=\"_blank\" rel=\"noreferrer noopener\">M\u00e9tiers, compagnons, compagnonnage et chef-d&rsquo;\u0153uvre<\/a><\/li><\/ul>\n\n\n\n<h5 class=\"wp-block-heading\">G\u00e9ographie&nbsp;: \u00ab Production mondiale et circulation des personnes, des biens et des informations \u00bb<\/h5>\n\n\n\n<ul class=\"wp-block-list\"><li><a href=\"https:\/\/cache.media.eduscol.education.fr\/file\/Histoire-geo\/47\/1\/RA19_Lycee_P_2de_Geo_reseaux_production_echanges_mondialises_1195471.pdf\" target=\"_blank\" rel=\"noreferrer noopener\">Des r\u00e9seaux de production et d&rsquo;\u00e9changes mondialis\u00e9s<\/a><\/li><li><a href=\"https:\/\/cache.media.eduscol.education.fr\/file\/Histoire-geo\/47\/0\/RA19_Lycee_P_2de_Geo_circulation_croissante_1195470.pdf\" target=\"_blank\" rel=\"noreferrer noopener\">Une circulation croissante mais diverse des personnes \u00e0 l&rsquo;\u00e9chelle mondiale<\/a><\/li><\/ul>\n","protected":false},"excerpt":{"rendered":"<p>DOCUMENTS ACAD\u00c9MIQUES POUR L\u2019OBJET D\u2019\u00c9TUDE HISTOIRE Th\u00e8me : L&rsquo;expansion du monde connu Une s\u00e9ance propos\u00e9e par Mme GERMACK. Tableau de s\u00e9quence propos\u00e9 par Mme GERMACK. G\u00c9OGRAPHIE Th\u00e8me : Des r\u00e9seaux de production et d\u2019\u00e9changes mondialis\u00e9s Une s\u00e9ance propos\u00e9e par Mme REGINA ( LP Dumas Jean-Joseph) ainsi que sa mise en \u0153uvre. Compl\u00e8te ton croquis et &hellip; <a href=\"https:\/\/site.ac-martinique.fr\/lettres-histoire\/?page_id=2643\" class=\"more-link\">Continuer la lecture de <span class=\"screen-reader-text\">2nde BAC PRO<\/span>  <span class=\"meta-nav\">&rarr;<\/span><\/a><\/p>\n","protected":false},"author":73,"featured_media":0,"parent":0,"menu_order":0,"comment_status":"closed","ping_status":"closed","template":"","meta":{"footnotes":""},"class_list":["post-2643","page","type-page","status-publish","hentry"],"_links":{"self":[{"href":"https:\/\/site.ac-martinique.fr\/lettres-histoire\/index.php?rest_route=\/wp\/v2\/pages\/2643","targetHints":{"allow":["GET"]}}],"collection":[{"href":"https:\/\/site.ac-martinique.fr\/lettres-histoire\/index.php?rest_route=\/wp\/v2\/pages"}],"about":[{"href":"https:\/\/site.ac-martinique.fr\/lettres-histoire\/index.php?rest_route=\/wp\/v2\/types\/page"}],"author":[{"embeddable":true,"href":"https:\/\/site.ac-martinique.fr\/lettres-histoire\/index.php?rest_route=\/wp\/v2\/users\/73"}],"replies":[{"embeddable":true,"href":"https:\/\/site.ac-martinique.fr\/lettres-histoire\/index.php?rest_route=%2Fwp%2Fv2%2Fcomments&post=2643"}],"version-history":[{"count":12,"href":"https:\/\/site.ac-martinique.fr\/lettres-histoire\/index.php?rest_route=\/wp\/v2\/pages\/2643\/revisions"}],"predecessor-version":[{"id":3010,"href":"https:\/\/site.ac-martinique.fr\/lettres-histoire\/index.php?rest_route=\/wp\/v2\/pages\/2643\/revisions\/3010"}],"wp:attachment":[{"href":"https:\/\/site.ac-martinique.fr\/lettres-histoire\/index.php?rest_route=%2Fwp%2Fv2%2Fmedia&parent=2643"}],"curies":[{"name":"wp","href":"https:\/\/api.w.org\/{rel}","templated":true}]}}