{"id":435,"date":"2014-06-19T18:09:12","date_gmt":"2014-06-19T17:09:12","guid":{"rendered":"\/lettres-histoire\/?page_id=435"},"modified":"2014-09-14T21:22:33","modified_gmt":"2014-09-14T20:22:33","slug":"cap","status":"publish","type":"page","link":"https:\/\/site.ac-martinique.fr\/lettres-histoire\/?page_id=435","title":{"rendered":"CAP"},"content":{"rendered":"<p style=\"text-align: center\"><span style=\"color: #0000ff\"><strong>RESSOURCES P\u00c9DAGOGIQUES :<\/strong><\/span><\/p>\n<hr \/>\n<p>&nbsp;<\/p>\n<ul>\n<li><a href=\"\/lettres-histoire\/wp-content\/uploads\/sites\/17\/2014\/05\/sequenceCAP-MCL.pdf\">Une s\u00e9quence autour de l&rsquo;oeuvre <em>L&rsquo;enfant noir<\/em>\u00a0 de Camara Laye.<\/a><\/li>\n<\/ul>\n<p>&nbsp;<\/p>\n<ul>\n<li><a href=\"\/lettres-histoire\/wp-content\/uploads\/sites\/17\/2014\/05\/Flandrina.pdf\">Une s\u00e9quence autour de l&rsquo;oeuvre <em>Coup de gigo<\/em>t de Roald Dahl.<\/a><\/li>\n<\/ul>\n<p>&nbsp;<\/p>\n<ul>\n<li><a href=\"\/lettres-histoire\/wp-content\/uploads\/sites\/17\/2014\/05\/TEXTES-POLYVALENTS-UTILISABLES-POUR-LES-4-FINALITES-EN-CAP.doc\">Une bibliographie d&rsquo;oeuvres de la litt\u00e9rature antillaise utilisables pour les quatre finalit\u00e9s en CAP et des pistes pour construire des s\u00e9quences.<\/a><\/li>\n<\/ul>\n<p>&nbsp;<\/p>\n<ul>\n<li><a href=\"\/lettres-histoire\/wp-content\/uploads\/sites\/17\/2014\/05\/SEQ-tice-CAP-Lettre-Motiv1.ppt\">Une s\u00e9ance permettant la r\u00e9daction d&rsquo;une lettre de motivation \u00e0 l&rsquo;aide du TBI et identifiant les aptitudes du nouveau B2i \u00e0 valider (travail r\u00e9alis\u00e9 lors de la formation \u00ab\u00a0Enseigner les Lettres avec les TICE\u00a0\u00bb anim\u00e9e par Laura FRANCOISE.<\/a><\/li>\n<\/ul>\n","protected":false},"excerpt":{"rendered":"<p>RESSOURCES P\u00c9DAGOGIQUES : &nbsp; Une s\u00e9quence autour de l&rsquo;oeuvre L&rsquo;enfant noir\u00a0 de Camara Laye. &nbsp; Une s\u00e9quence autour de l&rsquo;oeuvre Coup de gigot de Roald Dahl. &nbsp; Une bibliographie d&rsquo;oeuvres de la litt\u00e9rature antillaise utilisables pour les quatre finalit\u00e9s en CAP et des pistes pour construire des s\u00e9quences. &nbsp; Une s\u00e9ance permettant la r\u00e9daction d&rsquo;une &hellip; <a href=\"https:\/\/site.ac-martinique.fr\/lettres-histoire\/?page_id=435\" class=\"more-link\">Continuer la lecture de <span class=\"screen-reader-text\">CAP<\/span>  <span class=\"meta-nav\">&rarr;<\/span><\/a><\/p>\n","protected":false},"author":73,"featured_media":0,"parent":393,"menu_order":0,"comment_status":"closed","ping_status":"closed","template":"","meta":{"footnotes":""},"class_list":["post-435","page","type-page","status-publish","hentry"],"_links":{"self":[{"href":"https:\/\/site.ac-martinique.fr\/lettres-histoire\/index.php?rest_route=\/wp\/v2\/pages\/435","targetHints":{"allow":["GET"]}}],"collection":[{"href":"https:\/\/site.ac-martinique.fr\/lettres-histoire\/index.php?rest_route=\/wp\/v2\/pages"}],"about":[{"href":"https:\/\/site.ac-martinique.fr\/lettres-histoire\/index.php?rest_route=\/wp\/v2\/types\/page"}],"author":[{"embeddable":true,"href":"https:\/\/site.ac-martinique.fr\/lettres-histoire\/index.php?rest_route=\/wp\/v2\/users\/73"}],"replies":[{"embeddable":true,"href":"https:\/\/site.ac-martinique.fr\/lettres-histoire\/index.php?rest_route=%2Fwp%2Fv2%2Fcomments&post=435"}],"version-history":[{"count":3,"href":"https:\/\/site.ac-martinique.fr\/lettres-histoire\/index.php?rest_route=\/wp\/v2\/pages\/435\/revisions"}],"predecessor-version":[{"id":578,"href":"https:\/\/site.ac-martinique.fr\/lettres-histoire\/index.php?rest_route=\/wp\/v2\/pages\/435\/revisions\/578"}],"up":[{"embeddable":true,"href":"https:\/\/site.ac-martinique.fr\/lettres-histoire\/index.php?rest_route=\/wp\/v2\/pages\/393"}],"wp:attachment":[{"href":"https:\/\/site.ac-martinique.fr\/lettres-histoire\/index.php?rest_route=%2Fwp%2Fv2%2Fmedia&parent=435"}],"curies":[{"name":"wp","href":"https:\/\/api.w.org\/{rel}","templated":true}]}}