{"id":445,"date":"2014-06-19T18:14:36","date_gmt":"2014-06-19T17:14:36","guid":{"rendered":"\/lettres-histoire\/?page_id=445"},"modified":"2019-04-08T18:29:04","modified_gmt":"2019-04-08T17:29:04","slug":"bts","status":"publish","type":"page","link":"https:\/\/site.ac-martinique.fr\/lettres-histoire\/?page_id=445","title":{"rendered":"BTS"},"content":{"rendered":"<p>&nbsp;<\/p>\n<ul>\n<li><em>(Avril 2019)<\/em>\u00a0 \u00a0<a href=\"\/lettres-histoire\/wp-content\/uploads\/sites\/17\/2019\/04\/liaison-bac-pro-bts-34084.pdf\" target=\"_blank\">Analyse r\u00e9flexive sur les pratiques de lecture, d&rsquo;\u00e9criture et sur l&rsquo;enrichissement de la culture personnelle en vue de faciliter la r\u00e9ussite en BTS des \u00e9l\u00e8ves issus de BAC PRO. (Ressource de formation pour la liaison BAC PRO\/BTS).<\/a><\/li>\n<\/ul>\n<ul>\n<li><a href=\"\/lettres-histoire\/wp-content\/uploads\/sites\/17\/2014\/05\/reflexions_didac_PLP_Enseignant_BTS.pdf\" target=\"_blank\">Analyse d\u2019une ann\u00e9e d\u2019enseignement de culture g\u00e9n\u00e9rale et expression en premi\u00e8re ann\u00e9e de BTS (Ressource de formation pour la liaison BAC PRO\/BTS en Fran\u00e7ais).<\/a><\/li>\n<\/ul>\n<p><em>Ce document pr\u00e9sente des r\u00e9flexions didactiques suivies de quatre synopsis d\u00e9taill\u00e9s de s\u00e9quences destin\u00e9es \u00e0 la premi\u00e8re ann\u00e9e de BTS.<\/em><\/p>\n<p>&nbsp;<\/p>\n<ul>\n<li><a href=\"\/lettres-histoire\/wp-content\/uploads\/sites\/17\/2014\/05\/pratiquesecriturebts.pdf\" target=\"_blank\">Pratiques d&rsquo;\u00e9criture en BTS, Tome 5, Editions du CRDP,\u00a0 Avril 2012.<\/a><\/li>\n<\/ul>\n<p><em>Ecrire, faire \u00e9crire et r\u00e9\u00e9crire en BTS.<\/em><\/p>\n<ul>\n<li><a href=\"\/lettres-histoire\/wp-content\/uploads\/sites\/17\/2014\/05\/Reflexions_au_sujet_de_la_liaison_bac_pro_bts1.pdf\" target=\"_blank\">R\u00e9flexions au sujet de la liaison Bac Pro\/BTS \u00e0 partir de l\u2019analyse crois\u00e9e d\u2019une progression men\u00e9e dans une classe de Premi\u00e8re ann\u00e9e de BTS B\u00e2timent\u00a0\u00bb.<\/a><\/li>\n<\/ul>\n<p><em>Le document prend la forme d&rsquo;un dialogue entre une professeure agr\u00e9g\u00e9e de Lettres Modernes enseignant en BTS et un membre du groupe d&rsquo;expert de la Voie Professionnelle \u00e0 partir du cahier de texte\u00a0 de l&rsquo;enseignante couvrant deux trimestres en classe de Premi\u00e8re ann\u00e9e de BTS B\u00e2timent.\u00a0 Le cahier de texte est publi\u00e9 \u00e0 la fin du dialogue.<\/em><\/p>\n<p>&nbsp;<\/p>\n<ul>\n<li>Th\u00e8me (session 2013) : \u00ab\u00a0Paroles, \u00e9changes, conversations, et r\u00e9volution num\u00e9rique\u00a0\u00bb.<\/li>\n<\/ul>\n<p><a href=\"\/lettres-histoire\/wp-content\/uploads\/sites\/17\/2014\/05\/BTS.pdf\" target=\"_blank\">Un dossier de l&rsquo;Institut Fran\u00e7ais de l&rsquo;\u00c9ducation intitul\u00e9 \u00ab\u00a0Jeunesses 2.0 : les pratiques relationnelles au c\u0153ur des m\u00e9dias sociaux\u00a0\u00bb . Ce dossier tr\u00e8s int\u00e9ressant propose de tr\u00e8s nombreuses ressources en ligne sur ce th\u00e8me.<\/a><\/p>\n<ul>\n<li><a href=\"\/lettres-histoire\/wp-content\/uploads\/sites\/17\/2014\/05\/Liaison-bac-pro-BTS-juin-2013.pdf\" target=\"_blank\">Liaison BAC PRO-BTS : r\u00e9flexions d&rsquo;un groupe du r\u00e9seau de formateurs.<\/a><\/li>\n<\/ul>\n","protected":false},"excerpt":{"rendered":"<p>&nbsp; (Avril 2019)\u00a0 \u00a0Analyse r\u00e9flexive sur les pratiques de lecture, d&rsquo;\u00e9criture et sur l&rsquo;enrichissement de la culture personnelle en vue de faciliter la r\u00e9ussite en BTS des \u00e9l\u00e8ves issus de BAC PRO. (Ressource de formation pour la liaison BAC PRO\/BTS). Analyse d\u2019une ann\u00e9e d\u2019enseignement de culture g\u00e9n\u00e9rale et expression en premi\u00e8re ann\u00e9e de BTS (Ressource &hellip; <a href=\"https:\/\/site.ac-martinique.fr\/lettres-histoire\/?page_id=445\" class=\"more-link\">Continuer la lecture de <span class=\"screen-reader-text\">BTS<\/span>  <span class=\"meta-nav\">&rarr;<\/span><\/a><\/p>\n","protected":false},"author":73,"featured_media":0,"parent":393,"menu_order":0,"comment_status":"closed","ping_status":"closed","template":"","meta":{"footnotes":""},"class_list":["post-445","page","type-page","status-publish","hentry"],"_links":{"self":[{"href":"https:\/\/site.ac-martinique.fr\/lettres-histoire\/index.php?rest_route=\/wp\/v2\/pages\/445","targetHints":{"allow":["GET"]}}],"collection":[{"href":"https:\/\/site.ac-martinique.fr\/lettres-histoire\/index.php?rest_route=\/wp\/v2\/pages"}],"about":[{"href":"https:\/\/site.ac-martinique.fr\/lettres-histoire\/index.php?rest_route=\/wp\/v2\/types\/page"}],"author":[{"embeddable":true,"href":"https:\/\/site.ac-martinique.fr\/lettres-histoire\/index.php?rest_route=\/wp\/v2\/users\/73"}],"replies":[{"embeddable":true,"href":"https:\/\/site.ac-martinique.fr\/lettres-histoire\/index.php?rest_route=%2Fwp%2Fv2%2Fcomments&post=445"}],"version-history":[{"count":6,"href":"https:\/\/site.ac-martinique.fr\/lettres-histoire\/index.php?rest_route=\/wp\/v2\/pages\/445\/revisions"}],"predecessor-version":[{"id":1508,"href":"https:\/\/site.ac-martinique.fr\/lettres-histoire\/index.php?rest_route=\/wp\/v2\/pages\/445\/revisions\/1508"}],"up":[{"embeddable":true,"href":"https:\/\/site.ac-martinique.fr\/lettres-histoire\/index.php?rest_route=\/wp\/v2\/pages\/393"}],"wp:attachment":[{"href":"https:\/\/site.ac-martinique.fr\/lettres-histoire\/index.php?rest_route=%2Fwp%2Fv2%2Fmedia&parent=445"}],"curies":[{"name":"wp","href":"https:\/\/api.w.org\/{rel}","templated":true}]}}