{"id":488,"date":"2014-06-19T19:18:51","date_gmt":"2014-06-19T18:18:51","guid":{"rendered":"\/lettres-histoire\/?page_id=488"},"modified":"2025-07-03T14:25:03","modified_gmt":"2025-07-03T13:25:03","slug":"histoire-geographie","status":"publish","type":"page","link":"https:\/\/site.ac-martinique.fr\/lettres-histoire\/?page_id=488","title":{"rendered":"Histoire-G\u00e9ographie et EMC"},"content":{"rendered":"<h2>\u00a0<\/h2>\n<h2>DNB<\/h2>\n<ul>\n<li>Sujet et corrig\u00e9, Juin 2024 (Hexagone). <strong><em>A VENIR<\/em><\/strong><\/li>\n<li><a href=\"https:\/\/site.ac-martinique.fr\/lettres-histoire\/wp-content\/uploads\/sites\/17\/2024\/07\/24PROHGEMCAG1_Sujet.pdf\" target=\"_blank\" rel=\"noopener\">Sujet<\/a> et <a href=\"https:\/\/site.ac-martinique.fr\/lettres-histoire\/wp-content\/uploads\/sites\/17\/2024\/07\/24PROHGEMCAG1-Corrige.pdf\" target=\"_blank\" rel=\"noopener\">corrig\u00e9<\/a>, Juin 2024 (Antilles).<\/li>\n<li><a href=\"https:\/\/site.ac-martinique.fr\/lettres-histoire\/wp-content\/uploads\/sites\/17\/2023\/07\/23PROHGEMCME141025.pdf\" target=\"_blank\" rel=\"noopener\">Sujet<\/a> et <a href=\"https:\/\/site.ac-martinique.fr\/lettres-histoire\/wp-content\/uploads\/sites\/17\/2023\/07\/23PROHGEMCME1C41026.pdf\" target=\"_blank\" rel=\"noopener\">corrig\u00e9<\/a>, Juin 2023 (Hexagone).<\/li>\n<li><a href=\"https:\/\/site.ac-martinique.fr\/lettres-histoire\/wp-content\/uploads\/sites\/17\/2023\/07\/DNB-Antilles-Sujet_Hist_geo_serie_professionnelle41018.pdf\" target=\"_blank\" rel=\"noopener\">Sujet<\/a> et <a href=\"https:\/\/site.ac-martinique.fr\/lettres-histoire\/wp-content\/uploads\/sites\/17\/2023\/07\/DNB-AntillesCorrige-HG-serie-pro41019.pdf\" target=\"_blank\" rel=\"noopener\">corrig\u00e9<\/a>, Juin 2023 (Antilles).<\/li>\n<li><a href=\"https:\/\/site.ac-martinique.fr\/lettres-histoire\/wp-content\/uploads\/sites\/17\/2022\/07\/22PROHGEMCAG134242-1.pdf\" target=\"_blank\" rel=\"noopener\">Sujet<\/a> et <a href=\"https:\/\/site.ac-martinique.fr\/lettres-histoire\/wp-content\/uploads\/sites\/17\/2022\/07\/22PROHGEMCAG1C34243-1.pdf\" target=\"_blank\" rel=\"noopener\">corrig\u00e9<\/a>, Juin 2022.<\/li>\n<li><a href=\"https:\/\/site.ac-martinique.fr\/lettres-histoire\/wp-content\/uploads\/sites\/17\/2021\/07\/21PROHGEMCAG126310-1.pdf\" target=\"_blank\" rel=\"noopener\">Sujet<\/a> et <a href=\"https:\/\/site.ac-martinique.fr\/lettres-histoire\/wp-content\/uploads\/sites\/17\/2021\/07\/21PROHGEMCAG1C26311-1.pdf\" target=\"_blank\" rel=\"noopener\">corrig\u00e9<\/a>, Juin 2021<\/li>\n<li><a href=\"\/lettres-histoire\/wp-content\/uploads\/sites\/17\/2014\/06\/20PROHGEMCAG1_AVEC-CARTOUCHE.pdf\" target=\"_blank\" rel=\"noopener\">Sujet\u00a0 <\/a>et <a href=\"\/lettres-histoire\/wp-content\/uploads\/sites\/17\/2014\/06\/20PROHGEMCAG1C.pdf\" target=\"_blank\" rel=\"noopener\">corrig\u00e9<\/a>,\u00a0 Septembre 2020.<\/li>\n<li><a href=\"\/lettres-histoire\/wp-content\/uploads\/sites\/17\/2014\/06\/HGDNB.pdf\" target=\"_blank\" rel=\"noopener\">sujet de Juin 2019 M\u00e9tropole.\u00a0<\/a><\/li>\n<li><a href=\"\/lettres-histoire\/wp-content\/uploads\/sites\/17\/2014\/06\/HGDNB19ANT.pdf\" target=\"_blank\" rel=\"noopener\">sujet de Juin 2019 Antilles<\/a>.<\/li>\n<li><a href=\"\/lettres-histoire\/wp-content\/uploads\/sites\/17\/2018\/11\/18PROHGEMCAG3-SUJET-3.pdf\" target=\"_blank\" rel=\"noopener\">sujet de\u00a0septembre\u00a02018<\/a>, s\u00e9rie pro Antilles\u00a0et <a href=\"\/lettres-histoire\/wp-content\/uploads\/sites\/17\/2018\/11\/18PROHGEMCAG3C-Sujet-3_Corrig\u00e9_VF.pdf\" target=\"_blank\" rel=\"noopener\">son corrig\u00e9<\/a>.<\/li>\n<li><a href=\"\/lettres-histoire\/wp-content\/uploads\/sites\/17\/2017\/09\/DNB_2017-Serie_Pro_HGEMC_Antilles-Guyane.pdf\">juin 2017 , s\u00e9rie pro Antilles<\/a><\/li>\n<li><a href=\"\/lettres-histoire\/wp-content\/uploads\/sites\/17\/2014\/05\/DNBhg2013.zip\">juin 2013<\/a><\/li>\n<\/ul>\n<h2>BEP<\/h2>\n<ul>\n<li><a href=\"\/lettres-histoire\/wp-content\/uploads\/sites\/17\/2014\/06\/BEPHGMET.pdf\" target=\"_blank\" rel=\"noopener\">sujet de Juin 2019 M\u00e9tropole.<\/a><\/li>\n<li><a href=\"\/lettres-histoire\/wp-content\/uploads\/sites\/17\/2014\/06\/BEPHGANT.pdf\" target=\"_blank\" rel=\"noopener\">sujet de Juin 2019 Antilles.<\/a><\/li>\n<li><a href=\"\/lettres-histoire\/wp-content\/uploads\/sites\/17\/2017\/09\/Pondi_BEP_2017.pdf\">sujet 2017 de Pondich\u00e9ry<\/a><\/li>\n<li>juin 2013 (Antilles) &#8211;\u00a0<a href=\"\/lettres-histoire\/wp-content\/uploads\/sites\/17\/2014\/09\/beprenovhg2013_antilles.zip\">sujet, corrig\u00e9 et harmonisation acad\u00e9mique<\/a><\/li>\n<li>mai 2013 (Pondich\u00e9ry) &#8211;\u00a0<a href=\"\/lettres-histoire\/wp-content\/uploads\/sites\/17\/2014\/05\/histgeo_BEP.pdf\">sujet<\/a><\/li>\n<li><a href=\"\/lettres-histoire\/wp-content\/uploads\/sites\/17\/2014\/05\/hgbepsept2012.zip\">septembre 2012 (Antilles)<\/a><\/li>\n<li>juin 2012 (Antilles) &#8211;\u00a0<a href=\"\/lettres-histoire\/wp-content\/uploads\/sites\/17\/2014\/05\/BEPRENOV_HG_2012.zip\">sujet, corrig\u00e9 et harmonisation acad\u00e9mique<\/a><\/li>\n<li>juin 2012 (M\u00e9tropole)\u00a0&#8211;\u00a0<a href=\"\/lettres-histoire\/wp-content\/uploads\/sites\/17\/2014\/05\/bep2012metro_HG.zip\">sujet et corrig\u00e9<\/a><\/li>\n<\/ul>\n<h2>\u00a0<\/h2>\n<h2>BAC PRO<\/h2>\n<p>\u00a0<\/p>\n<ul>\n<li><a href=\"https:\/\/site.ac-martinique.fr\/lettres-histoire\/wp-content\/uploads\/sites\/17\/2025\/07\/3-corrige-Reunion-BCP-mai-principal.pdf\">Sujet<\/a> et <a href=\"https:\/\/site.ac-martinique.fr\/lettres-histoire\/wp-content\/uploads\/sites\/17\/2025\/07\/3-corrige-Reunion-BCP-mai-principal-1.pdf\">corrig\u00e9<\/a> (R\u00e9union), Mai 2025.<\/li>\n<li><a href=\"https:\/\/site.ac-martinique.fr\/lettres-histoire\/wp-content\/uploads\/sites\/17\/2025\/07\/Sujet-BCP-HGEMC-HexagoneMayotte-12mai2025.pdf\">Sujet<\/a> et <a href=\"https:\/\/site.ac-martinique.fr\/lettres-histoire\/wp-content\/uploads\/sites\/17\/2025\/07\/Corrige-BCP-HGEMC-HexagoneMayotte-12mai2025.pdf\">corrig\u00e9<\/a> (Hexagone) Mai 2025.<\/li>\n<li><a href=\"https:\/\/site.ac-martinique.fr\/lettres-histoire\/wp-content\/uploads\/sites\/17\/2025\/07\/25-BCP-FHG-HGEMC-PO1-SUJET-Polynesie.pdf\">Sujet<\/a> et <a href=\"https:\/\/site.ac-martinique.fr\/lettres-histoire\/wp-content\/uploads\/sites\/17\/2025\/07\/25-BCP-FHG-HGEMC-PO1C-CORRIGE-Polynesie.pdf\">corrig\u00e9<\/a> (Polyn\u00e9sie), Mai 2025.<\/li>\n<li><a href=\"https:\/\/site.ac-martinique.fr\/lettres-histoire\/wp-content\/uploads\/sites\/17\/2025\/07\/25-BCP-FHG-HGEMC-AntillesG1_v1-Sujet.pdf\">Sujet<\/a> et <a href=\"https:\/\/site.ac-martinique.fr\/lettres-histoire\/wp-content\/uploads\/sites\/17\/2025\/07\/25-BCP-FHG-HGEMC-AntillesG1C_v1.pdf\">corrig\u00e9<\/a> (Antilles), Mai 2025.<\/li>\n<li><a href=\"https:\/\/site.ac-martinique.fr\/lettres-histoire\/wp-content\/uploads\/sites\/17\/2024\/06\/BCP-HGEMC-SUJET-Antilles.pdf\" target=\"_blank\" rel=\"noopener\">Sujet<\/a> et <a href=\"https:\/\/site.ac-martinique.fr\/lettres-histoire\/wp-content\/uploads\/sites\/17\/2024\/06\/BCP-HGEMC-CORRIGE-Antilles.pdf\" target=\"_blank\" rel=\"noopener\">corrig\u00e9<\/a> (Antilles), Juin 2024.<\/li>\n<li><a href=\"https:\/\/site.ac-martinique.fr\/lettres-histoire\/wp-content\/uploads\/sites\/17\/2024\/06\/BCP2024-juin-HGEMC-sujet.pdf\" target=\"_blank\" rel=\"noopener\">Sujet<\/a> et <a href=\"https:\/\/site.ac-martinique.fr\/lettres-histoire\/wp-content\/uploads\/sites\/17\/2024\/06\/BCP2024-juin-HGEMC-corrige.pdf\" target=\"_blank\" rel=\"noopener\">corrig\u00e9<\/a> (Hexagone), Juin 2024.<\/li>\n<li><a href=\"https:\/\/site.ac-martinique.fr\/lettres-histoire\/wp-content\/uploads\/sites\/17\/2024\/06\/BCP_SUJET_PF_2406_FHG_HGEMC_1.pdf\" target=\"_blank\" rel=\"noopener\">Sujet<\/a> et <a href=\"https:\/\/site.ac-martinique.fr\/lettres-histoire\/wp-content\/uploads\/sites\/17\/2024\/06\/BCP_CORRIGE_PF_2406_FHG_HGEMC_1.pdf\" target=\"_blank\" rel=\"noopener\">corrig\u00e9<\/a> (Polyn\u00e9sie), Juin 2024.<\/li>\n<li><a href=\"https:\/\/site.ac-martinique.fr\/lettres-histoire\/wp-content\/uploads\/sites\/17\/2023\/06\/Sujet-Bac-Pro-HGEMC-Antilles-AnnuleetremplaceGGM-Sujet-VDEF-juin-202340951.pdf\" target=\"_blank\" rel=\"noopener\">Sujet<\/a> et <a href=\"https:\/\/site.ac-martinique.fr\/lettres-histoire\/wp-content\/uploads\/sites\/17\/2023\/06\/Corrige-Bac-Pro-HGEMC-Antilles2-CorrigeVDEF-140948.pdf\" target=\"_blank\" rel=\"noopener\">corrig\u00e9<\/a> (Antilles), Juin 2023.<\/li>\n<li><a href=\"https:\/\/site.ac-martinique.fr\/lettres-histoire\/wp-content\/uploads\/sites\/17\/2023\/06\/HGEMC-Sujet-Hexagone-Reunion-Mayotte-VDEF2-140950.pdf\" target=\"_blank\" rel=\"noopener\">Sujet<\/a> et <a href=\"https:\/\/site.ac-martinique.fr\/lettres-histoire\/wp-content\/uploads\/sites\/17\/2023\/06\/HGEMC-Corrige-Hexagone-Reunion-Mayotte-VDEF2-240949.pdf\" target=\"_blank\" rel=\"noopener\">corrig\u00e9<\/a> (Hexagone), Juin 2023.<\/li>\n<li><a href=\"https:\/\/site.ac-martinique.fr\/lettres-histoire\/wp-content\/uploads\/sites\/17\/2022\/09\/Sujet-735158.pdf\" target=\"_blank\" rel=\"noopener\">Sujet<\/a> et <a href=\"https:\/\/site.ac-martinique.fr\/lettres-histoire\/wp-content\/uploads\/sites\/17\/2022\/09\/corrige-sujet-735157.pdf\" target=\"_blank\" rel=\"noopener\">corrig\u00e9<\/a> (Antilles), Septembre 2022.<\/li>\n<li><a href=\"https:\/\/site.ac-martinique.fr\/lettres-histoire\/wp-content\/uploads\/sites\/17\/2022\/07\/Sujet-HG-Hexagone34232.pdf\" target=\"_blank\" rel=\"noopener\">Sujet<\/a> et <a href=\"https:\/\/site.ac-martinique.fr\/lettres-histoire\/wp-content\/uploads\/sites\/17\/2022\/07\/corrige-sujet-HG-Hexagone34231.pdf\" target=\"_blank\" rel=\"noopener\">corrig\u00e9<\/a> (Hexagone), Juin 2022.<\/li>\n<li><a href=\"https:\/\/site.ac-martinique.fr\/lettres-histoire\/wp-content\/uploads\/sites\/17\/2022\/07\/Sujet-HG-Antilles34233.pdf\" target=\"_blank\" rel=\"noopener\">Sujet <\/a>et <a href=\"https:\/\/site.ac-martinique.fr\/lettres-histoire\/wp-content\/uploads\/sites\/17\/2022\/07\/corrige-sujet-Antilles-HG34236.pdf\" target=\"_blank\" rel=\"noopener\">corrig\u00e9<\/a> (Antilles), Juin 2022<\/li>\n<li><a href=\"https:\/\/site.ac-martinique.fr\/lettres-histoire\/wp-content\/uploads\/sites\/17\/2021\/07\/SJT-Bac-pro-HGEMC-2126305.pdf\" target=\"_blank\" rel=\"noopener\">Sujet<\/a> et <a href=\"https:\/\/site.ac-martinique.fr\/lettres-histoire\/wp-content\/uploads\/sites\/17\/2021\/07\/Corr-SJT-Bac-pro-HGEMC-2126304.pdf\" target=\"_blank\" rel=\"noopener\">corrig\u00e9<\/a> (Hexagone), Juin 2021.<\/li>\n<li><a href=\"https:\/\/site.ac-martinique.fr\/lettres-histoire\/wp-content\/uploads\/sites\/17\/2021\/07\/Sujet-HG-Bac-Pro-Antilles26307.pdf\" target=\"_blank\" rel=\"noopener\">Sujet<\/a> et <a href=\"https:\/\/site.ac-martinique.fr\/lettres-histoire\/wp-content\/uploads\/sites\/17\/2021\/07\/Corrige-HG-Bac-Pro-Antilles26306.pdf\" target=\"_blank\" rel=\"noopener\">corrig\u00e9<\/a> (Antilles), Juin 2021.<\/li>\n<li><a href=\"\/lettres-histoire\/wp-content\/uploads\/sites\/17\/2014\/06\/Sujet-Bac-Pro-HG-Antilles-sept-2020.pdf\" target=\"_blank\" rel=\"noopener\">Sujet <\/a>et <a href=\"\/lettres-histoire\/wp-content\/uploads\/sites\/17\/2014\/06\/Corrig\u00e9-Bac-Pro-HG-Antilles-sept-2020.pdf\" target=\"_blank\" rel=\"noopener\">corrig\u00e9 <\/a>(Antilles), session septembre 2020.<\/li>\n<li><a href=\"\/lettres-histoire\/wp-content\/uploads\/sites\/17\/2014\/06\/site_Sujet_bac_pro_HG-EMC_Nouvelle-Cal\u00e9donie.zip\" target=\"_blank\" rel=\"noopener\">Sujet et corrig\u00e9 session Novembre 2020 (Nouvelle-Cal\u00e9donie).<\/a><\/li>\n<li><a href=\"\/lettres-histoire\/wp-content\/uploads\/sites\/17\/2014\/06\/BACPROHG.pdf\" target=\"_blank\" rel=\"noopener\">Sujet de Juin 2019 Antilles.<\/a><\/li>\n<li><a href=\"\/lettres-histoire\/wp-content\/uploads\/sites\/17\/2017\/09\/Ant-bcp-HGEC-2017.pdf\">septembre 2017 (Antilles)<\/a><\/li>\n<li>septembre 2017 (M\u00e9tropole)\u00a0<a href=\"\/lettres-histoire\/wp-content\/uploads\/sites\/17\/2017\/09\/Sujet-BCP-HGEMCseptembre-2017.pdf\">sujet\u00a0<\/a>et\u00a0<a href=\"\/lettres-histoire\/wp-content\/uploads\/sites\/17\/2017\/09\/Corrige-metro-sujet-HGEMC-septembre-2017.pdf\">corrig\u00e9<\/a><\/li>\n<li>juin 2017 (M\u00e9tropole) &#8211;\u00a0<a href=\"\/lettres-histoire\/wp-content\/uploads\/sites\/17\/2017\/09\/Sujet-metro-hg-juin-2017.pdf\">sujet\u00a0<\/a>et\u00a0<a href=\"\/lettres-histoire\/wp-content\/uploads\/sites\/17\/2017\/09\/Corrige-BCP-sujet-juin-2017.pdf\">corrig\u00e9<\/a><\/li>\n<li>juin 2013 (M\u00e9tropole) &#8211;\u00a0<a href=\"\/lettres-histoire\/wp-content\/uploads\/sites\/17\/2014\/05\/bep2012metro_HG.zip\">sujet et corrig\u00e9<\/a><\/li>\n<li>juin 2013 (Antilles) &#8211;\u00a0<a href=\"\/lettres-histoire\/wp-content\/uploads\/sites\/17\/2014\/05\/bacprohg_2013_antilles.zip\">sujet, corrig\u00e9 et harmonisation acad\u00e9mique<\/a><\/li>\n<li><a href=\"\/lettres-histoire\/wp-content\/uploads\/sites\/17\/2014\/05\/histgeo_BACPRO.pdf\">mai 2013 (Pondich\u00e9ry)<\/a><\/li>\n<li><a href=\"\/lettres-histoire\/wp-content\/uploads\/sites\/17\/2014\/05\/nlle-caledonie_session_2012.pdf\">session de 2012 (Nouvelle Cal\u00e9donie)<\/a><\/li>\n<li>septembre 2012 (M\u00e9tropole) &#8211;\u00a0<a href=\"\/lettres-histoire\/wp-content\/uploads\/sites\/17\/2014\/05\/sujets2012septhg_metro.zip\">sujet et corrig\u00e9<\/a><\/li>\n<li>septembre 2012 (Antilles) &#8211;\u00a0<a href=\"\/lettres-histoire\/wp-content\/uploads\/sites\/17\/2014\/09\/bacprohgantsept2012.zip\">sujet et corrig\u00e9<\/a><\/li>\n<\/ul>\n<h1>Sujets z\u00e9ro pour le baccalaur\u00e9at professionnel 2022.<\/h1>\n<ul>\n<li><a href=\"\/lettres-histoire\/wp-content\/uploads\/sites\/17\/2014\/06\/S0BAC22-Tle-EG-HGEMC-Sujet1_0-1.pdf\" target=\"_blank\" rel=\"noopener\">Sujet z\u00e9ro 1.<\/a><\/li>\n<li><a href=\"\/lettres-histoire\/wp-content\/uploads\/sites\/17\/2014\/06\/s0bac22-tle-eg-hgemc-sujet2.pdf\" target=\"_blank\" rel=\"noopener\">Sujet z\u00e9ro 2.<\/a><\/li>\n<\/ul>\n\n\n<p><\/p>\n","protected":false},"excerpt":{"rendered":"<p>\u00a0 DNB Sujet et corrig\u00e9, Juin 2024 (Hexagone). A VENIR Sujet et corrig\u00e9, Juin 2024 (Antilles). Sujet et corrig\u00e9, Juin 2023 (Hexagone). Sujet et corrig\u00e9, Juin 2023 (Antilles). Sujet et corrig\u00e9, Juin 2022. Sujet et corrig\u00e9, Juin 2021 Sujet\u00a0 et corrig\u00e9,\u00a0 Septembre 2020. sujet de Juin 2019 M\u00e9tropole.\u00a0 sujet de Juin 2019 Antilles. sujet de\u00a0septembre\u00a02018, &hellip; <a href=\"https:\/\/site.ac-martinique.fr\/lettres-histoire\/?page_id=488\" class=\"more-link\">Continuer la lecture de <span class=\"screen-reader-text\">Histoire-G\u00e9ographie et EMC<\/span>  <span class=\"meta-nav\">&rarr;<\/span><\/a><\/p>\n","protected":false},"author":73,"featured_media":0,"parent":429,"menu_order":0,"comment_status":"closed","ping_status":"closed","template":"","meta":{"footnotes":""},"class_list":["post-488","page","type-page","status-publish","hentry"],"_links":{"self":[{"href":"https:\/\/site.ac-martinique.fr\/lettres-histoire\/index.php?rest_route=\/wp\/v2\/pages\/488","targetHints":{"allow":["GET"]}}],"collection":[{"href":"https:\/\/site.ac-martinique.fr\/lettres-histoire\/index.php?rest_route=\/wp\/v2\/pages"}],"about":[{"href":"https:\/\/site.ac-martinique.fr\/lettres-histoire\/index.php?rest_route=\/wp\/v2\/types\/page"}],"author":[{"embeddable":true,"href":"https:\/\/site.ac-martinique.fr\/lettres-histoire\/index.php?rest_route=\/wp\/v2\/users\/73"}],"replies":[{"embeddable":true,"href":"https:\/\/site.ac-martinique.fr\/lettres-histoire\/index.php?rest_route=%2Fwp%2Fv2%2Fcomments&post=488"}],"version-history":[{"count":21,"href":"https:\/\/site.ac-martinique.fr\/lettres-histoire\/index.php?rest_route=\/wp\/v2\/pages\/488\/revisions"}],"predecessor-version":[{"id":3603,"href":"https:\/\/site.ac-martinique.fr\/lettres-histoire\/index.php?rest_route=\/wp\/v2\/pages\/488\/revisions\/3603"}],"up":[{"embeddable":true,"href":"https:\/\/site.ac-martinique.fr\/lettres-histoire\/index.php?rest_route=\/wp\/v2\/pages\/429"}],"wp:attachment":[{"href":"https:\/\/site.ac-martinique.fr\/lettres-histoire\/index.php?rest_route=%2Fwp%2Fv2%2Fmedia&parent=488"}],"curies":[{"name":"wp","href":"https:\/\/api.w.org\/{rel}","templated":true}]}}