{"id":499,"date":"2015-12-01T13:28:32","date_gmt":"2015-12-01T12:28:32","guid":{"rendered":"\/lettres\/?page_id=499"},"modified":"2015-12-01T13:28:32","modified_gmt":"2015-12-01T12:28:32","slug":"parcours-avenir","status":"publish","type":"page","link":"https:\/\/site.ac-martinique.fr\/lettres\/?page_id=499","title":{"rendered":"Parcours avenir"},"content":{"rendered":"<p>Un groupe de travail interdisciplinaire de l\u2019acad\u00e9mie de Lille, pilot\u00e9 par les corps d\u2019inspection et en lien avec l\u2019ONISEP, a souhait\u00e9 faire \u00e9voluer le \u00ab\u00a0 kit sciences et m\u00e9tiers \u00bb en \u00e9largissant le champ des disciplines concern\u00e9es aux arts, aux langues, aux lettres et aux sciences humaines et sociales.<br \/>\n\u00ab Les m\u00e9tiers au c\u0153ur de la classe \u00bb (<a href=\"http:\/\/www.onisep.fr\/Espace-pedagogique\/Parcours-Avenir\/Les-metiers-au-coeur-de-la-classe\" target=\"_blank\">http:\/\/www.onisep.fr\/Espace-pedagogique\/Parcours-Avenir\/Les-metiers-au-coeur-de-la-classe<\/a>) se pr\u00e9sentent ainsi comme un corpus de s\u00e9quences p\u00e9dagogiques qui r\u00e9pond \u00e0 un double objectif : r\u00e9affirmer l\u2019ancrage disciplinaire, tout en l\u2019enrichissant de l\u2019apport des disciplines autres que scientifiques, pour engager les \u00e9l\u00e8ves dans la d\u00e9couverte du monde \u00e9conomique et professionnel.<\/p>\n","protected":false},"excerpt":{"rendered":"<p>Un groupe de travail interdisciplinaire de l\u2019acad\u00e9mie de Lille, pilot\u00e9 par les corps d\u2019inspection et en lien avec l\u2019ONISEP, a souhait\u00e9 faire \u00e9voluer le \u00ab\u00a0 kit sciences et m\u00e9tiers \u00bb en \u00e9largissant le champ des disciplines concern\u00e9es aux arts, aux &hellip; <a href=\"https:\/\/site.ac-martinique.fr\/lettres\/?page_id=499\">Continuer la lecture <span class=\"meta-nav\">&rarr;<\/span><\/a><\/p>\n","protected":false},"author":72,"featured_media":0,"parent":351,"menu_order":0,"comment_status":"closed","ping_status":"closed","template":"","meta":{"footnotes":""},"class_list":["post-499","page","type-page","status-publish","hentry"],"_links":{"self":[{"href":"https:\/\/site.ac-martinique.fr\/lettres\/index.php?rest_route=\/wp\/v2\/pages\/499","targetHints":{"allow":["GET"]}}],"collection":[{"href":"https:\/\/site.ac-martinique.fr\/lettres\/index.php?rest_route=\/wp\/v2\/pages"}],"about":[{"href":"https:\/\/site.ac-martinique.fr\/lettres\/index.php?rest_route=\/wp\/v2\/types\/page"}],"author":[{"embeddable":true,"href":"https:\/\/site.ac-martinique.fr\/lettres\/index.php?rest_route=\/wp\/v2\/users\/72"}],"replies":[{"embeddable":true,"href":"https:\/\/site.ac-martinique.fr\/lettres\/index.php?rest_route=%2Fwp%2Fv2%2Fcomments&post=499"}],"version-history":[{"count":1,"href":"https:\/\/site.ac-martinique.fr\/lettres\/index.php?rest_route=\/wp\/v2\/pages\/499\/revisions"}],"predecessor-version":[{"id":500,"href":"https:\/\/site.ac-martinique.fr\/lettres\/index.php?rest_route=\/wp\/v2\/pages\/499\/revisions\/500"}],"up":[{"embeddable":true,"href":"https:\/\/site.ac-martinique.fr\/lettres\/index.php?rest_route=\/wp\/v2\/pages\/351"}],"wp:attachment":[{"href":"https:\/\/site.ac-martinique.fr\/lettres\/index.php?rest_route=%2Fwp%2Fv2%2Fmedia&parent=499"}],"curies":[{"name":"wp","href":"https:\/\/api.w.org\/{rel}","templated":true}]}}