{"id":82,"date":"2014-06-13T16:35:29","date_gmt":"2014-06-13T15:35:29","guid":{"rendered":"\/lettres\/?page_id=82"},"modified":"2023-07-06T20:23:22","modified_gmt":"2023-07-06T19:23:22","slug":"ecrit-et-oral-de-le-a-f","status":"publish","type":"page","link":"https:\/\/site.ac-martinique.fr\/lettres\/?page_id=82","title":{"rendered":"Ecrit et oral de l&rsquo;E.A.F"},"content":{"rendered":"\n<div class=\"wp-block-file\"><a href=\"https:\/\/site.ac-martinique.fr\/lettres\/wp-content\/uploads\/sites\/16\/2023\/04\/EAF-MQ-RECAPITULATIF-VOIE-GENERALE-MAQUETTE-2023.docx\" class=\"wp-block-file__button wp-element-button\" download>T\u00e9l\u00e9charger<\/a><\/div>\n\n\n\n<div class=\"wp-block-group\"><div class=\"wp-block-group__inner-container is-layout-constrained wp-block-group-is-layout-constrained\">\n<p>La pr\u00e9sente note de service d\u00e9finit l&rsquo;\u00e9preuve terminale anticip\u00e9e obligatoire de fran\u00e7ais au baccalaur\u00e9at g\u00e9n\u00e9ral et technologique. Elle abroge et remplace la note de service 2019-042 du 18 avril 2019 relative aux \u00e9preuves anticip\u00e9es obligatoires et \u00e0 l&rsquo;\u00e9preuve orale de contr\u00f4le de fran\u00e7ais, et aux mesures r\u00e9glementaires transitoires prises dans le cadre de la crise sanitaire pour les \u00e9preuves organis\u00e9es en 2020. Elle est applicable \u00e0 compter du 1er septembre 2020\u00a0:<\/p>\n<ul>\n<li>&#8211; \u00e0 l&rsquo;\u00e9preuve terminale anticip\u00e9e obligatoire de fran\u00e7ais, telle que d\u00e9finie par les arr\u00eat\u00e9s du 16 juillet 2018 relatifs aux \u00e9preuves du baccalaur\u00e9at g\u00e9n\u00e9ral et du baccalaur\u00e9at technologique, \u00e0 compter de la session de 2022\u00a0;<\/li>\n<li>&#8211; \u00e0 l&rsquo;\u00e9preuve terminale anticip\u00e9e obligatoire de fran\u00e7ais organis\u00e9e pour les candidats \u00e0 la session 2021 du baccalaur\u00e9at g\u00e9n\u00e9ral et technologique, b\u00e9n\u00e9ficiant des dispositions de l&rsquo;article 3 de l&rsquo;arr\u00eat\u00e9 du 16 juillet 2018 relatif aux \u00e9preuves anticip\u00e9es du baccalaur\u00e9at, leur permettant de passer les \u00e9preuves anticip\u00e9es de fran\u00e7ais en m\u00eame temps que les \u00e9preuves terminales\u00a0;<\/li>\n<\/ul>\n<p>L&rsquo;\u00e9crit et l&rsquo;oral des \u00e9preuves anticip\u00e9es de fran\u00e7ais portent sur le programme de la classe de premi\u00e8re, d\u00e9fini par l&rsquo;arr\u00eat\u00e9 du 10 avril 2020 modifiant l&rsquo;arr\u00eat\u00e9 du 17 janvier 2019 et sur le programme d&rsquo;\u0153uvres, renouvel\u00e9 par note de service. S&rsquo;agissant de la question de grammaire, les notions rencontr\u00e9es en classe de seconde, mais non approfondies en classe de premi\u00e8re doivent \u00eatre connues et mobilisables. Elles ne peuvent cependant pas constituer un ressort essentiel de la question pos\u00e9e au candidat.<\/p>\n<p>Pour en savoir plus :<\/p>\n<p style=\"text-align: center;\"><a href=\"https:\/\/www.education.gouv.fr\/bo\/20\/Special7\/MENE2019312N.htm\" target=\"_blank\" rel=\"noopener\">https:\/\/www.education.gouv.fr\/bo\/20\/Special7\/MENE2019312N.htm<\/a><\/p>\n<p>R\u00e9unions des \u00e9quipes de Lettres de lyc\u00e9e :\u00a0<\/p>\n<p><a href=\"https:\/\/site.ac-martinique.fr\/lettres\/wp-content\/uploads\/sites\/16\/2023\/06\/MQ-EAF-PP-EAF-AVRIL-2023-V2.pptx\">MQ EAF PP EAF AVRIL 2023 V2<\/a><\/p>\n<p>R\u00e9union d\u2019harmonisation du mercredi 05 juillet 2023 :\u00a0<\/p>\n<p><a href=\"https:\/\/site.ac-martinique.fr\/lettres\/wp-content\/uploads\/sites\/16\/2023\/07\/HARMONISATION-EAF-2023.pptx\">HARMONISATION EAF 2023<\/a><\/p>\n<p>Maquettes r\u00e9capitulatifs\u00a0 l&rsquo;EAF :<\/p>\n<h2 style=\"text-align: center;\"><strong>R\u00e9capitulatifs 2023<\/strong><\/h2>\n<p>\u00a0<\/p>\n<\/div><\/div>\n\n\n\n<div class=\"wp-block-file\"><a id=\"wp-block-file--media-ff1c099a-2aed-4ea2-beb1-99805a062f65\" href=\"https:\/\/site.ac-martinique.fr\/lettres\/wp-content\/uploads\/sites\/16\/2023\/06\/EAF-MQ-RECAPITULATIF-VOIE-GENERALE-MAQUETTE-2023.docx\">EAF-MQ-RECAPITULATIF-VOIE-GENERALE-MAQUETTE-2023<\/a><a href=\"https:\/\/site.ac-martinique.fr\/lettres\/wp-content\/uploads\/sites\/16\/2023\/06\/EAF-MQ-RECAPITULATIF-VOIE-GENERALE-MAQUETTE-2023.docx\" class=\"wp-block-file__button wp-element-button\" download aria-describedby=\"wp-block-file--media-ff1c099a-2aed-4ea2-beb1-99805a062f65\">T\u00e9l\u00e9charger<\/a><\/div>\n\n\n\n<div class=\"wp-block-file\"><a id=\"wp-block-file--media-048779f5-c71c-40f6-89c2-fb8a442cdaa4\" href=\"https:\/\/site.ac-martinique.fr\/lettres\/wp-content\/uploads\/sites\/16\/2023\/06\/EAF-MQ-RECAPITULATIF-VOIE-TECHNOLOGIQUE-MAQUETTE-2023.docx\">EAF-MQ-RECAPITULATIF-VOIE-TECHNOLOGIQUE-MAQUETTE-2023<\/a><a href=\"https:\/\/site.ac-martinique.fr\/lettres\/wp-content\/uploads\/sites\/16\/2023\/06\/EAF-MQ-RECAPITULATIF-VOIE-TECHNOLOGIQUE-MAQUETTE-2023.docx\" class=\"wp-block-file__button wp-element-button\" download aria-describedby=\"wp-block-file--media-048779f5-c71c-40f6-89c2-fb8a442cdaa4\">T\u00e9l\u00e9charger<\/a><\/div>\n\n\n\n<div class=\"wp-block-file\"><a href=\"https:\/\/site.ac-martinique.fr\/lettres\/wp-content\/uploads\/sites\/16\/2023\/04\/EAF-MQ-RECAPITULATIF-VOIE-TECHNOLOGIQUE-MAQUETTE-2023.docx\" class=\"wp-block-file__button wp-element-button\" download>T\u00e9l\u00e9charger<\/a><\/div>\n","protected":false},"excerpt":{"rendered":"<p>La pr\u00e9sente note de service d\u00e9finit l&rsquo;\u00e9preuve terminale anticip\u00e9e obligatoire de fran\u00e7ais au baccalaur\u00e9at g\u00e9n\u00e9ral et technologique. Elle abroge et remplace la note de service 2019-042 du 18 avril 2019 relative aux \u00e9preuves anticip\u00e9es obligatoires et \u00e0 l&rsquo;\u00e9preuve orale de &hellip; <a href=\"https:\/\/site.ac-martinique.fr\/lettres\/?page_id=82\">Continuer la lecture <span class=\"meta-nav\">&rarr;<\/span><\/a><\/p>\n","protected":false},"author":72,"featured_media":0,"parent":19,"menu_order":0,"comment_status":"closed","ping_status":"open","template":"","meta":{"footnotes":""},"class_list":["post-82","page","type-page","status-publish","hentry"],"_links":{"self":[{"href":"https:\/\/site.ac-martinique.fr\/lettres\/index.php?rest_route=\/wp\/v2\/pages\/82","targetHints":{"allow":["GET"]}}],"collection":[{"href":"https:\/\/site.ac-martinique.fr\/lettres\/index.php?rest_route=\/wp\/v2\/pages"}],"about":[{"href":"https:\/\/site.ac-martinique.fr\/lettres\/index.php?rest_route=\/wp\/v2\/types\/page"}],"author":[{"embeddable":true,"href":"https:\/\/site.ac-martinique.fr\/lettres\/index.php?rest_route=\/wp\/v2\/users\/72"}],"replies":[{"embeddable":true,"href":"https:\/\/site.ac-martinique.fr\/lettres\/index.php?rest_route=%2Fwp%2Fv2%2Fcomments&post=82"}],"version-history":[{"count":21,"href":"https:\/\/site.ac-martinique.fr\/lettres\/index.php?rest_route=\/wp\/v2\/pages\/82\/revisions"}],"predecessor-version":[{"id":1497,"href":"https:\/\/site.ac-martinique.fr\/lettres\/index.php?rest_route=\/wp\/v2\/pages\/82\/revisions\/1497"}],"up":[{"embeddable":true,"href":"https:\/\/site.ac-martinique.fr\/lettres\/index.php?rest_route=\/wp\/v2\/pages\/19"}],"wp:attachment":[{"href":"https:\/\/site.ac-martinique.fr\/lettres\/index.php?rest_route=%2Fwp%2Fv2%2Fmedia&parent=82"}],"curies":[{"name":"wp","href":"https:\/\/api.w.org\/{rel}","templated":true}]}}