{"id":2457,"date":"2022-05-11T09:53:02","date_gmt":"2022-05-11T13:53:02","guid":{"rendered":"https:\/\/site.ac-martinique.fr\/lyc-andrealiker\/?page_id=2457"},"modified":"2022-05-20T08:53:14","modified_gmt":"2022-05-20T12:53:14","slug":"mot-de-la-proviseure","status":"publish","type":"page","link":"https:\/\/site.ac-martinique.fr\/lyc-andrealiker\/?page_id=2457","title":{"rendered":"Mot de la proviseure"},"content":{"rendered":"\n<div style=\"height:41px\" aria-hidden=\"true\" class=\"wp-block-spacer\"><\/div>\n\n\n\n<p class=\"has-text-align-center\" style=\"font-size:21px\"><strong>Madame, Monsieur<\/strong><\/p>\n\n\n\n<div style=\"height:27px\" aria-hidden=\"true\" class=\"wp-block-spacer\"><\/div>\n\n\n\n<p class=\"has-text-align-center\" style=\"font-size:21px\"><\/p>\n\n\n\n<h3 class=\"has-text-align-center has-text-color wp-block-heading\" style=\"color:#424242;font-size:25px\"><strong>Bienvenue sur le site web du Lyc\u00e9e Andr\u00e9 ALIKER.<\/strong><\/h3>\n\n\n\n<div style=\"height:40px\" aria-hidden=\"true\" class=\"wp-block-spacer\"><\/div>\n\n\n\n<p class=\"has-text-align-center\" style=\"font-size:18px\">Qui que vous soyez,<\/p>\n\n\n\n<p class=\"has-text-align-center\" style=\"font-size:18px\">\u00e9l\u00e8ves, \u00e9tudiants, parents d\u2019\u00e9l\u00e8ves, collaborateurs, entreprises, collectivit\u00e9s, associations, visiteurs,<\/p>\n\n\n\n<p class=\"has-text-align-center\" style=\"font-size:18px\">nous \u0153uvrons \u00e0 mettre \u00e0 votre disposition les informations les plus pertinentes pour r\u00e9pondre \u00e0 vos besoins.<\/p>\n\n\n\n<div style=\"height:40px\" aria-hidden=\"true\" class=\"wp-block-spacer\"><\/div>\n\n\n\n<p class=\"has-text-align-center\" style=\"font-size:18px\">Vous souhaitez en savoir d\u2019avantage, contactez- nous par t\u00e9l\u00e9phone ou email, nous nous ferons un plaisir de vous r\u00e9pondre.<\/p>\n\n\n\n<p class=\"has-text-align-center\" style=\"font-size:18px\">Vos commentaires sont&nbsp; les bienvenus pour nous aider \u00e0 mieux r\u00e9pondre \u00e0 vos attentes.<\/p>\n\n\n\n<div style=\"height:29px\" aria-hidden=\"true\" class=\"wp-block-spacer\"><\/div>\n\n\n\n<p class=\"has-text-align-center\" style=\"font-size:18px\">Cordialement<\/p>\n\n\n\n<div style=\"height:10px\" aria-hidden=\"true\" class=\"wp-block-spacer\"><\/div>\n\n\n\n<p class=\"has-text-align-right\" style=\"font-size:18px\"><strong>&nbsp;La Proviseure <\/strong><\/p>\n\n\n\n<p class=\"has-text-align-right\" style=\"font-size:18px\"><strong>A. BAR\u00c8GE<\/strong><\/p>\n\n\n\n<p><\/p>\n","protected":false},"excerpt":{"rendered":"<p>Madame, Monsieur Bienvenue sur le site web du Lyc\u00e9e Andr\u00e9 ALIKER. Qui que vous soyez, \u00e9l\u00e8ves, \u00e9tudiants, parents d\u2019\u00e9l\u00e8ves, collaborateurs, entreprises, collectivit\u00e9s, associations, visiteurs, nous \u0153uvrons \u00e0 mettre \u00e0 votre disposition les informations les plus pertinentes pour r\u00e9pondre \u00e0 vos besoins. Vous souhaitez en savoir d\u2019avantage, contactez- nous par t\u00e9l\u00e9phone ou email, nous nous ferons un plaisir de vous r\u00e9pondre. Vos commentaires sont&nbsp; les bienvenus pour nous aider \u00e0 mieux r\u00e9pondre \u00e0 vos attentes. Cordialement &nbsp;La Proviseure A. BAR\u00c8GE<\/p>\n","protected":false},"author":91,"featured_media":0,"parent":0,"menu_order":0,"comment_status":"closed","ping_status":"closed","template":"","meta":{"footnotes":""},"class_list":["post-2457","page","type-page","status-publish","hentry"],"_links":{"self":[{"href":"https:\/\/site.ac-martinique.fr\/lyc-andrealiker\/index.php?rest_route=\/wp\/v2\/pages\/2457","targetHints":{"allow":["GET"]}}],"collection":[{"href":"https:\/\/site.ac-martinique.fr\/lyc-andrealiker\/index.php?rest_route=\/wp\/v2\/pages"}],"about":[{"href":"https:\/\/site.ac-martinique.fr\/lyc-andrealiker\/index.php?rest_route=\/wp\/v2\/types\/page"}],"author":[{"embeddable":true,"href":"https:\/\/site.ac-martinique.fr\/lyc-andrealiker\/index.php?rest_route=\/wp\/v2\/users\/91"}],"replies":[{"embeddable":true,"href":"https:\/\/site.ac-martinique.fr\/lyc-andrealiker\/index.php?rest_route=%2Fwp%2Fv2%2Fcomments&post=2457"}],"version-history":[{"count":8,"href":"https:\/\/site.ac-martinique.fr\/lyc-andrealiker\/index.php?rest_route=\/wp\/v2\/pages\/2457\/revisions"}],"predecessor-version":[{"id":2601,"href":"https:\/\/site.ac-martinique.fr\/lyc-andrealiker\/index.php?rest_route=\/wp\/v2\/pages\/2457\/revisions\/2601"}],"wp:attachment":[{"href":"https:\/\/site.ac-martinique.fr\/lyc-andrealiker\/index.php?rest_route=%2Fwp%2Fv2%2Fmedia&parent=2457"}],"curies":[{"name":"wp","href":"https:\/\/api.w.org\/{rel}","templated":true}]}}