{"id":572,"date":"2023-05-22T22:28:48","date_gmt":"2023-05-23T02:28:48","guid":{"rendered":"https:\/\/site.ac-martinique.fr\/lyc-bellevue\/?page_id=572"},"modified":"2023-10-09T13:16:19","modified_gmt":"2023-10-09T17:16:19","slug":"histoire-du-lycee","status":"publish","type":"page","link":"https:\/\/site.ac-martinique.fr\/lyc-bellevue\/?page_id=572","title":{"rendered":"Histoire du Lyc\u00e9e"},"content":{"rendered":"\n<h2 class=\"wp-block-heading has-text-color\" style=\"color:#003c85cf;font-style:normal;font-weight:100\">Du Pensionnat Colonial au lyc\u00e9e g\u00e9n\u00e9ral et technologique\u2026<\/h2>\n\n\n\n<p class=\"has-text-align-left\">L&rsquo;ancien lyc\u00e9e de jeunes filles, fond\u00e9 en 1883, \u00e9tait situ\u00e9 \u00e0 Saint Pierre. Apr\u00e8s l&rsquo;\u00e9ruption de la Montagne Pel\u00e9e, il a \u00e9t\u00e9 d\u00e9localis\u00e9 \u00e0 Fort de France. <\/p>\n\n\n\n<p class=\"has-text-align-left\">A partir de 1901, la structure devient un \u00ab \u00e9tablissement autonome avec un programme d\u2019enseignement conforme aux plans d\u2019\u00e9tudes des \u00e9coles et des lyc\u00e9es de jeunes filles de la M\u00e9tropole \u00bb. Son enseignement s\u2019\u00e9tirait du primaire au baccalaur\u00e9at. Ce sera l\u2019\u00e9ruption de la Montagne Pel\u00e9e le 8 mai 1902 qui entra\u00eenera le d\u00e9placement \u00e0 Fort-de-France l\u2019ann\u00e9e suivante de l\u2019\u00e9tablissement. <\/p>\n\n\n\n<p class=\"has-text-align-left\">En 1949, suite \u00e0 la d\u00e9partementalisation, l\u2019\u00e9tablissement change d\u2019identit\u00e9 et devient lyc\u00e9e de Jeunes Filles. De 1961 \u00e0 1970, les locaux sont, par tranches successives, d\u00e9plac\u00e9s dans l\u2019emplacement actuel du lyc\u00e9e de Bellevue. <\/p>\n\n\n\n<p class=\"has-text-align-left\">En 1978, le Lyc\u00e9e de Jeunes Filles devient Lyc\u00e9e Polyvalent. Et enfin en 2002, le Lyc\u00e9e Polyvalent devient ce qui est aujourd\u2019hui le Lyc\u00e9e d\u2019enseignement g\u00e9n\u00e9ral et technologique de Bellevue.<\/p>\n\n\n\n<h2 class=\"wp-block-heading has-text-color\" style=\"color:#003c85cf;font-style:normal;font-weight:100\">Bellevue aujourd\u2019hui<\/h2>\n\n\n\n<div class=\"wp-block-media-text is-stacked-on-mobile\"><figure class=\"wp-block-media-text__media\"><img loading=\"lazy\" decoding=\"async\" width=\"1024\" height=\"651\" src=\"https:\/\/site.ac-martinique.fr\/lyc-bellevue\/wp-content\/uploads\/sites\/127\/2023\/10\/0003_bellevue_par_Cobee-02_WEB-2.jpg\" alt=\"\" class=\"wp-image-1067 size-full\" srcset=\"https:\/\/site.ac-martinique.fr\/lyc-bellevue\/wp-content\/uploads\/sites\/127\/2023\/10\/0003_bellevue_par_Cobee-02_WEB-2.jpg 1024w, https:\/\/site.ac-martinique.fr\/lyc-bellevue\/wp-content\/uploads\/sites\/127\/2023\/10\/0003_bellevue_par_Cobee-02_WEB-2-300x191.jpg 300w, https:\/\/site.ac-martinique.fr\/lyc-bellevue\/wp-content\/uploads\/sites\/127\/2023\/10\/0003_bellevue_par_Cobee-02_WEB-2-768x488.jpg 768w\" sizes=\"auto, (max-width: 1024px) 100vw, 1024px\" \/><\/figure><div class=\"wp-block-media-text__content\">\n<p>Avec ses 1500 \u00e9l\u00e8ves, son bataillon de 146 professeurs pour 60 unit\u00e9s d\u2019enseignement, le lyc\u00e9e de Bellevue constitue une plateforme \u00e9ducative impressionnante. <\/p>\n\n\n\n<p>Si l\u2019on recense rapidement ses divisions, ce ne sont pas moins de 11 classes de secondes (dont 3 sections europ\u00e9ennes), 13 classes de premi\u00e8re et autant en terminales. Le post bac n\u2019est pas non plus en reste avec pas moins de 19 classes r\u00e9parties en 8 sections de BTS, 9 de CPGE, 1 de PPPE et une derni\u00e8re pour le DTS imagerie m\u00e9dicale.<\/p>\n<\/div><\/div>\n","protected":false},"excerpt":{"rendered":"<p>Du Pensionnat Colonial au lyc\u00e9e g\u00e9n\u00e9ral et technologique\u2026 L&rsquo;ancien lyc\u00e9e de jeunes filles, fond\u00e9 en 1883, \u00e9tait situ\u00e9 \u00e0 Saint Pierre. Apr\u00e8s l&rsquo;\u00e9ruption de la Montagne Pel\u00e9e, il a \u00e9t\u00e9 d\u00e9localis\u00e9 \u00e0 Fort de France. A partir de 1901, la structure devient un \u00ab \u00e9tablissement autonome avec un programme d\u2019enseignement conforme aux plans d\u2019\u00e9tudes des &hellip; <\/p>\n<p class=\"link-more\"><a href=\"https:\/\/site.ac-martinique.fr\/lyc-bellevue\/?page_id=572\" class=\"more-link\">Lire la suite de<span class=\"screen-reader-text\">\u00ab\u00a0Histoire du Lyc\u00e9e\u00a0\u00bb<\/span><\/a><\/p>\n","protected":false},"author":417,"featured_media":834,"parent":565,"menu_order":0,"comment_status":"closed","ping_status":"closed","template":"","meta":{"_uag_custom_page_level_css":"","inspiro_hide_title":false,"footnotes":""},"class_list":["post-572","page","type-page","status-publish","has-post-thumbnail","hentry"],"yoast_head":"<!-- This site is optimized with the Yoast SEO plugin v27.3 - https:\/\/yoast.com\/product\/yoast-seo-wordpress\/ -->\n<title>Histoire du Lyc\u00e9e - Bienvenue au lyc\u00e9e de Bellevue<\/title>\n<meta name=\"robots\" content=\"index, follow, max-snippet:-1, max-image-preview:large, max-video-preview:-1\" \/>\n<link rel=\"canonical\" href=\"https:\/\/site.ac-martinique.fr\/lyc-bellevue\/?page_id=572\" \/>\n<meta property=\"og:locale\" content=\"fr_FR\" \/>\n<meta property=\"og:type\" content=\"article\" \/>\n<meta property=\"og:title\" content=\"Histoire du Lyc\u00e9e - Bienvenue au lyc\u00e9e de Bellevue\" \/>\n<meta property=\"og:description\" content=\"Du Pensionnat Colonial au lyc\u00e9e g\u00e9n\u00e9ral et technologique\u2026 L&rsquo;ancien lyc\u00e9e de jeunes filles, fond\u00e9 en 1883, \u00e9tait situ\u00e9 \u00e0 Saint Pierre. Apr\u00e8s l&rsquo;\u00e9ruption de la Montagne Pel\u00e9e, il a \u00e9t\u00e9 d\u00e9localis\u00e9 \u00e0 Fort de France. A partir de 1901, la structure devient un \u00ab \u00e9tablissement autonome avec un programme d\u2019enseignement conforme aux plans d\u2019\u00e9tudes des &hellip; Lire la suite de\u00ab\u00a0Histoire du Lyc\u00e9e\u00a0\u00bb\" \/>\n<meta property=\"og:url\" content=\"https:\/\/site.ac-martinique.fr\/lyc-bellevue\/?page_id=572\" \/>\n<meta property=\"og:site_name\" content=\"Bienvenue au lyc\u00e9e de Bellevue\" \/>\n<meta property=\"article:modified_time\" content=\"2023-10-09T17:16:19+00:00\" \/>\n<meta property=\"og:image\" content=\"https:\/\/site.ac-martinique.fr\/lyc-bellevue\/wp-content\/uploads\/sites\/127\/2023\/06\/cadrage-nathalie-ton-cadrage-cetait-de-la-merde-1024x719.png\" \/>\n\t<meta property=\"og:image:width\" content=\"1024\" \/>\n\t<meta property=\"og:image:height\" content=\"719\" \/>\n\t<meta property=\"og:image:type\" content=\"image\/png\" \/>\n<meta name=\"twitter:card\" content=\"summary_large_image\" \/>\n<meta name=\"twitter:label1\" content=\"Dur\u00e9e de lecture estim\u00e9e\" \/>\n\t<meta name=\"twitter:data1\" content=\"2 minutes\" \/>\n<script type=\"application\/ld+json\" class=\"yoast-schema-graph\">{\"@context\":\"https:\\\/\\\/schema.org\",\"@graph\":[{\"@type\":\"WebPage\",\"@id\":\"https:\\\/\\\/site.ac-martinique.fr\\\/lyc-bellevue\\\/?page_id=572\",\"url\":\"https:\\\/\\\/site.ac-martinique.fr\\\/lyc-bellevue\\\/?page_id=572\",\"name\":\"Histoire du Lyc\u00e9e - Bienvenue au lyc\u00e9e de Bellevue\",\"isPartOf\":{\"@id\":\"https:\\\/\\\/site.ac-martinique.fr\\\/lyc-bellevue\\\/#website\"},\"primaryImageOfPage\":{\"@id\":\"https:\\\/\\\/site.ac-martinique.fr\\\/lyc-bellevue\\\/?page_id=572#primaryimage\"},\"image\":{\"@id\":\"https:\\\/\\\/site.ac-martinique.fr\\\/lyc-bellevue\\\/?page_id=572#primaryimage\"},\"thumbnailUrl\":\"https:\\\/\\\/site.ac-martinique.fr\\\/lyc-bellevue\\\/wp-content\\\/uploads\\\/sites\\\/127\\\/2023\\\/06\\\/cadrage-nathalie-ton-cadrage-cetait-de-la-merde.png\",\"datePublished\":\"2023-05-23T02:28:48+00:00\",\"dateModified\":\"2023-10-09T17:16:19+00:00\",\"breadcrumb\":{\"@id\":\"https:\\\/\\\/site.ac-martinique.fr\\\/lyc-bellevue\\\/?page_id=572#breadcrumb\"},\"inLanguage\":\"fr-FR\",\"potentialAction\":[{\"@type\":\"ReadAction\",\"target\":[\"https:\\\/\\\/site.ac-martinique.fr\\\/lyc-bellevue\\\/?page_id=572\"]}]},{\"@type\":\"ImageObject\",\"inLanguage\":\"fr-FR\",\"@id\":\"https:\\\/\\\/site.ac-martinique.fr\\\/lyc-bellevue\\\/?page_id=572#primaryimage\",\"url\":\"https:\\\/\\\/site.ac-martinique.fr\\\/lyc-bellevue\\\/wp-content\\\/uploads\\\/sites\\\/127\\\/2023\\\/06\\\/cadrage-nathalie-ton-cadrage-cetait-de-la-merde.png\",\"contentUrl\":\"https:\\\/\\\/site.ac-martinique.fr\\\/lyc-bellevue\\\/wp-content\\\/uploads\\\/sites\\\/127\\\/2023\\\/06\\\/cadrage-nathalie-ton-cadrage-cetait-de-la-merde.png\",\"width\":2560,\"height\":1796},{\"@type\":\"BreadcrumbList\",\"@id\":\"https:\\\/\\\/site.ac-martinique.fr\\\/lyc-bellevue\\\/?page_id=572#breadcrumb\",\"itemListElement\":[{\"@type\":\"ListItem\",\"position\":1,\"name\":\"Accueil\",\"item\":\"https:\\\/\\\/site.ac-martinique.fr\\\/lyc-bellevue\\\/\"},{\"@type\":\"ListItem\",\"position\":2,\"name\":\"Le Lyc\u00e9e\",\"item\":\"https:\\\/\\\/site.ac-martinique.fr\\\/lyc-bellevue\\\/?page_id=565\"},{\"@type\":\"ListItem\",\"position\":3,\"name\":\"Histoire du Lyc\u00e9e\"}]},{\"@type\":\"WebSite\",\"@id\":\"https:\\\/\\\/site.ac-martinique.fr\\\/lyc-bellevue\\\/#website\",\"url\":\"https:\\\/\\\/site.ac-martinique.fr\\\/lyc-bellevue\\\/\",\"name\":\"Bienvenue au lyc\u00e9e de Bellevue\",\"description\":\"L&#039;Excellence dans la diversit\u00e9\",\"publisher\":{\"@id\":\"https:\\\/\\\/site.ac-martinique.fr\\\/lyc-bellevue\\\/#organization\"},\"potentialAction\":[{\"@type\":\"SearchAction\",\"target\":{\"@type\":\"EntryPoint\",\"urlTemplate\":\"https:\\\/\\\/site.ac-martinique.fr\\\/lyc-bellevue\\\/?s={search_term_string}\"},\"query-input\":{\"@type\":\"PropertyValueSpecification\",\"valueRequired\":true,\"valueName\":\"search_term_string\"}}],\"inLanguage\":\"fr-FR\"},{\"@type\":\"Organization\",\"@id\":\"https:\\\/\\\/site.ac-martinique.fr\\\/lyc-bellevue\\\/#organization\",\"name\":\"Bienvenue au lyc\u00e9e de Bellevue\",\"url\":\"https:\\\/\\\/site.ac-martinique.fr\\\/lyc-bellevue\\\/\",\"logo\":{\"@type\":\"ImageObject\",\"inLanguage\":\"fr-FR\",\"@id\":\"https:\\\/\\\/site.ac-martinique.fr\\\/lyc-bellevue\\\/#\\\/schema\\\/logo\\\/image\\\/\",\"url\":\"https:\\\/\\\/site.ac-martinique.fr\\\/lyc-bellevue\\\/wp-content\\\/uploads\\\/sites\\\/127\\\/2023\\\/05\\\/cropped-logo_bellevue_revu_bellevue_bleu_martinique_juste_les_lettres-removebg-preview-1.png\",\"contentUrl\":\"https:\\\/\\\/site.ac-martinique.fr\\\/lyc-bellevue\\\/wp-content\\\/uploads\\\/sites\\\/127\\\/2023\\\/05\\\/cropped-logo_bellevue_revu_bellevue_bleu_martinique_juste_les_lettres-removebg-preview-1.png\",\"width\":485,\"height\":513,\"caption\":\"Bienvenue au lyc\u00e9e de Bellevue\"},\"image\":{\"@id\":\"https:\\\/\\\/site.ac-martinique.fr\\\/lyc-bellevue\\\/#\\\/schema\\\/logo\\\/image\\\/\"}}]}<\/script>\n<!-- \/ Yoast SEO plugin. -->","yoast_head_json":{"title":"Histoire du Lyc\u00e9e - Bienvenue au lyc\u00e9e de Bellevue","robots":{"index":"index","follow":"follow","max-snippet":"max-snippet:-1","max-image-preview":"max-image-preview:large","max-video-preview":"max-video-preview:-1"},"canonical":"https:\/\/site.ac-martinique.fr\/lyc-bellevue\/?page_id=572","og_locale":"fr_FR","og_type":"article","og_title":"Histoire du Lyc\u00e9e - Bienvenue au lyc\u00e9e de Bellevue","og_description":"Du Pensionnat Colonial au lyc\u00e9e g\u00e9n\u00e9ral et technologique\u2026 L&rsquo;ancien lyc\u00e9e de jeunes filles, fond\u00e9 en 1883, \u00e9tait situ\u00e9 \u00e0 Saint Pierre. Apr\u00e8s l&rsquo;\u00e9ruption de la Montagne Pel\u00e9e, il a \u00e9t\u00e9 d\u00e9localis\u00e9 \u00e0 Fort de France. A partir de 1901, la structure devient un \u00ab \u00e9tablissement autonome avec un programme d\u2019enseignement conforme aux plans d\u2019\u00e9tudes des &hellip; Lire la suite de\u00ab\u00a0Histoire du Lyc\u00e9e\u00a0\u00bb","og_url":"https:\/\/site.ac-martinique.fr\/lyc-bellevue\/?page_id=572","og_site_name":"Bienvenue au lyc\u00e9e de Bellevue","article_modified_time":"2023-10-09T17:16:19+00:00","og_image":[{"width":1024,"height":719,"url":"https:\/\/site.ac-martinique.fr\/lyc-bellevue\/wp-content\/uploads\/sites\/127\/2023\/06\/cadrage-nathalie-ton-cadrage-cetait-de-la-merde-1024x719.png","type":"image\/png"}],"twitter_card":"summary_large_image","twitter_misc":{"Dur\u00e9e de lecture estim\u00e9e":"2 minutes"},"schema":{"@context":"https:\/\/schema.org","@graph":[{"@type":"WebPage","@id":"https:\/\/site.ac-martinique.fr\/lyc-bellevue\/?page_id=572","url":"https:\/\/site.ac-martinique.fr\/lyc-bellevue\/?page_id=572","name":"Histoire du Lyc\u00e9e - Bienvenue au lyc\u00e9e de Bellevue","isPartOf":{"@id":"https:\/\/site.ac-martinique.fr\/lyc-bellevue\/#website"},"primaryImageOfPage":{"@id":"https:\/\/site.ac-martinique.fr\/lyc-bellevue\/?page_id=572#primaryimage"},"image":{"@id":"https:\/\/site.ac-martinique.fr\/lyc-bellevue\/?page_id=572#primaryimage"},"thumbnailUrl":"https:\/\/site.ac-martinique.fr\/lyc-bellevue\/wp-content\/uploads\/sites\/127\/2023\/06\/cadrage-nathalie-ton-cadrage-cetait-de-la-merde.png","datePublished":"2023-05-23T02:28:48+00:00","dateModified":"2023-10-09T17:16:19+00:00","breadcrumb":{"@id":"https:\/\/site.ac-martinique.fr\/lyc-bellevue\/?page_id=572#breadcrumb"},"inLanguage":"fr-FR","potentialAction":[{"@type":"ReadAction","target":["https:\/\/site.ac-martinique.fr\/lyc-bellevue\/?page_id=572"]}]},{"@type":"ImageObject","inLanguage":"fr-FR","@id":"https:\/\/site.ac-martinique.fr\/lyc-bellevue\/?page_id=572#primaryimage","url":"https:\/\/site.ac-martinique.fr\/lyc-bellevue\/wp-content\/uploads\/sites\/127\/2023\/06\/cadrage-nathalie-ton-cadrage-cetait-de-la-merde.png","contentUrl":"https:\/\/site.ac-martinique.fr\/lyc-bellevue\/wp-content\/uploads\/sites\/127\/2023\/06\/cadrage-nathalie-ton-cadrage-cetait-de-la-merde.png","width":2560,"height":1796},{"@type":"BreadcrumbList","@id":"https:\/\/site.ac-martinique.fr\/lyc-bellevue\/?page_id=572#breadcrumb","itemListElement":[{"@type":"ListItem","position":1,"name":"Accueil","item":"https:\/\/site.ac-martinique.fr\/lyc-bellevue\/"},{"@type":"ListItem","position":2,"name":"Le Lyc\u00e9e","item":"https:\/\/site.ac-martinique.fr\/lyc-bellevue\/?page_id=565"},{"@type":"ListItem","position":3,"name":"Histoire du Lyc\u00e9e"}]},{"@type":"WebSite","@id":"https:\/\/site.ac-martinique.fr\/lyc-bellevue\/#website","url":"https:\/\/site.ac-martinique.fr\/lyc-bellevue\/","name":"Bienvenue au lyc\u00e9e de Bellevue","description":"L&#039;Excellence dans la diversit\u00e9","publisher":{"@id":"https:\/\/site.ac-martinique.fr\/lyc-bellevue\/#organization"},"potentialAction":[{"@type":"SearchAction","target":{"@type":"EntryPoint","urlTemplate":"https:\/\/site.ac-martinique.fr\/lyc-bellevue\/?s={search_term_string}"},"query-input":{"@type":"PropertyValueSpecification","valueRequired":true,"valueName":"search_term_string"}}],"inLanguage":"fr-FR"},{"@type":"Organization","@id":"https:\/\/site.ac-martinique.fr\/lyc-bellevue\/#organization","name":"Bienvenue au lyc\u00e9e de Bellevue","url":"https:\/\/site.ac-martinique.fr\/lyc-bellevue\/","logo":{"@type":"ImageObject","inLanguage":"fr-FR","@id":"https:\/\/site.ac-martinique.fr\/lyc-bellevue\/#\/schema\/logo\/image\/","url":"https:\/\/site.ac-martinique.fr\/lyc-bellevue\/wp-content\/uploads\/sites\/127\/2023\/05\/cropped-logo_bellevue_revu_bellevue_bleu_martinique_juste_les_lettres-removebg-preview-1.png","contentUrl":"https:\/\/site.ac-martinique.fr\/lyc-bellevue\/wp-content\/uploads\/sites\/127\/2023\/05\/cropped-logo_bellevue_revu_bellevue_bleu_martinique_juste_les_lettres-removebg-preview-1.png","width":485,"height":513,"caption":"Bienvenue au lyc\u00e9e de Bellevue"},"image":{"@id":"https:\/\/site.ac-martinique.fr\/lyc-bellevue\/#\/schema\/logo\/image\/"}}]}},"uagb_featured_image_src":{"full":["https:\/\/site.ac-martinique.fr\/lyc-bellevue\/wp-content\/uploads\/sites\/127\/2023\/06\/cadrage-nathalie-ton-cadrage-cetait-de-la-merde.png",2560,1796,false],"thumbnail":["https:\/\/site.ac-martinique.fr\/lyc-bellevue\/wp-content\/uploads\/sites\/127\/2023\/06\/cadrage-nathalie-ton-cadrage-cetait-de-la-merde-150x150.png",150,150,true],"medium":["https:\/\/site.ac-martinique.fr\/lyc-bellevue\/wp-content\/uploads\/sites\/127\/2023\/06\/cadrage-nathalie-ton-cadrage-cetait-de-la-merde-300x211.png",300,211,true],"medium_large":["https:\/\/site.ac-martinique.fr\/lyc-bellevue\/wp-content\/uploads\/sites\/127\/2023\/06\/cadrage-nathalie-ton-cadrage-cetait-de-la-merde-768x539.png",768,539,true],"large":["https:\/\/site.ac-martinique.fr\/lyc-bellevue\/wp-content\/uploads\/sites\/127\/2023\/06\/cadrage-nathalie-ton-cadrage-cetait-de-la-merde-1024x719.png",950,667,true],"1536x1536":["https:\/\/site.ac-martinique.fr\/lyc-bellevue\/wp-content\/uploads\/sites\/127\/2023\/06\/cadrage-nathalie-ton-cadrage-cetait-de-la-merde-1536x1078.png",1536,1078,true],"2048x2048":["https:\/\/site.ac-martinique.fr\/lyc-bellevue\/wp-content\/uploads\/sites\/127\/2023\/06\/cadrage-nathalie-ton-cadrage-cetait-de-la-merde-2048x1437.png",2048,1437,true],"inspiro-featured-image":["https:\/\/site.ac-martinique.fr\/lyc-bellevue\/wp-content\/uploads\/sites\/127\/2023\/06\/cadrage-nathalie-ton-cadrage-cetait-de-la-merde-2000x1404.png",2000,1404,true],"inspiro-loop":["https:\/\/site.ac-martinique.fr\/lyc-bellevue\/wp-content\/uploads\/sites\/127\/2023\/06\/cadrage-nathalie-ton-cadrage-cetait-de-la-merde-950x320.png",950,320,true],"inspiro-loop@2x":["https:\/\/site.ac-martinique.fr\/lyc-bellevue\/wp-content\/uploads\/sites\/127\/2023\/06\/cadrage-nathalie-ton-cadrage-cetait-de-la-merde-1900x640.png",1900,640,true]},"uagb_author_info":{"display_name":"Nathalie OXYBEL","author_link":"https:\/\/site.ac-martinique.fr\/lyc-bellevue\/?author=417"},"uagb_comment_info":0,"uagb_excerpt":"Du Pensionnat Colonial au lyc\u00e9e g\u00e9n\u00e9ral et technologique\u2026 L&rsquo;ancien lyc\u00e9e de jeunes filles, fond\u00e9 en 1883, \u00e9tait situ\u00e9 \u00e0 Saint Pierre. Apr\u00e8s l&rsquo;\u00e9ruption de la Montagne Pel\u00e9e, il a \u00e9t\u00e9 d\u00e9localis\u00e9 \u00e0 Fort de France. A partir de 1901, la structure devient un \u00ab \u00e9tablissement autonome avec un programme d\u2019enseignement conforme aux plans d\u2019\u00e9tudes des\u2026","_links":{"self":[{"href":"https:\/\/site.ac-martinique.fr\/lyc-bellevue\/index.php?rest_route=\/wp\/v2\/pages\/572","targetHints":{"allow":["GET"]}}],"collection":[{"href":"https:\/\/site.ac-martinique.fr\/lyc-bellevue\/index.php?rest_route=\/wp\/v2\/pages"}],"about":[{"href":"https:\/\/site.ac-martinique.fr\/lyc-bellevue\/index.php?rest_route=\/wp\/v2\/types\/page"}],"author":[{"embeddable":true,"href":"https:\/\/site.ac-martinique.fr\/lyc-bellevue\/index.php?rest_route=\/wp\/v2\/users\/417"}],"replies":[{"embeddable":true,"href":"https:\/\/site.ac-martinique.fr\/lyc-bellevue\/index.php?rest_route=%2Fwp%2Fv2%2Fcomments&post=572"}],"version-history":[{"count":9,"href":"https:\/\/site.ac-martinique.fr\/lyc-bellevue\/index.php?rest_route=\/wp\/v2\/pages\/572\/revisions"}],"predecessor-version":[{"id":1068,"href":"https:\/\/site.ac-martinique.fr\/lyc-bellevue\/index.php?rest_route=\/wp\/v2\/pages\/572\/revisions\/1068"}],"up":[{"embeddable":true,"href":"https:\/\/site.ac-martinique.fr\/lyc-bellevue\/index.php?rest_route=\/wp\/v2\/pages\/565"}],"wp:featuredmedia":[{"embeddable":true,"href":"https:\/\/site.ac-martinique.fr\/lyc-bellevue\/index.php?rest_route=\/wp\/v2\/media\/834"}],"wp:attachment":[{"href":"https:\/\/site.ac-martinique.fr\/lyc-bellevue\/index.php?rest_route=%2Fwp%2Fv2%2Fmedia&parent=572"}],"curies":[{"name":"wp","href":"https:\/\/api.w.org\/{rel}","templated":true}]}}