{"id":576,"date":"2023-05-22T22:39:04","date_gmt":"2023-05-23T02:39:04","guid":{"rendered":"https:\/\/site.ac-martinique.fr\/lyc-bellevue\/?page_id=576"},"modified":"2024-10-02T23:50:51","modified_gmt":"2024-10-03T03:50:51","slug":"lequipe-du-lycee","status":"publish","type":"page","link":"https:\/\/site.ac-martinique.fr\/lyc-bellevue\/?page_id=576","title":{"rendered":"L&rsquo;\u00e9quipe du lyc\u00e9e"},"content":{"rendered":"\n<div class=\"wp-block-group alignfull is-vertical is-layout-flex wp-container-core-group-is-layout-fe9cc265 wp-block-group-is-layout-flex\">\n<figure class=\"wp-block-image size-full is-style-rounded\"><img loading=\"lazy\" decoding=\"async\" width=\"225\" height=\"225\" src=\"https:\/\/site.ac-martinique.fr\/lyc-bellevue\/wp-content\/uploads\/sites\/127\/2023\/05\/images-31.jpg\" alt=\"\" class=\"wp-image-699\" srcset=\"https:\/\/site.ac-martinique.fr\/lyc-bellevue\/wp-content\/uploads\/sites\/127\/2023\/05\/images-31.jpg 225w, https:\/\/site.ac-martinique.fr\/lyc-bellevue\/wp-content\/uploads\/sites\/127\/2023\/05\/images-31-150x150.jpg 150w\" sizes=\"auto, (max-width: 225px) 100vw, 225px\" \/><\/figure>\n\n\n\n<h2 class=\"wp-block-heading has-text-align-left tw-mt-0 has-text-color\" style=\"color:#003c85cf;font-style:normal;font-weight:100\">Le mot du Proviseur<\/h2>\n\n\n\n<p>Raymond ALGER, Proviseur<\/p>\n\n\n\n<p>\u00ab Le lyc\u00e9e de Bellevue est un \u00e9tablissement riche d\u2019une longue et exceptionnelle histoire. Les Proviseurs qui m\u2019ont pr\u00e9c\u00e9d\u00e9 ont su pr\u00e9server les valeurs d\u2019entraide et la volont\u00e9 d&rsquo;un suivi individuel de chaque \u00e9l\u00e8ve avec le souci de toujours miser sur l\u2019excellence. <\/p>\n\n\n\n<p class=\"has-text-align-left\">Dans cet \u00e9tablissement, nous \u0153uvrons \u00e0 fournir aux \u00e9l\u00e8ves et aux \u00e9tudiants  un climat scolaire propice  aux apprentissages et \u00e0 l\u2019\u00e9panouissement. Nous accordons notamment une place importante \u00e0 l\u2019ouverture \u00e0 l\u2019international pour favoriser la curiosit\u00e9 intellectuelle et culturelle, avec la volont\u00e9 affirm\u00e9e de permettre \u00e0 tous de participer \u00e0 une mobilit\u00e9 dans le cadre des voyages scolaires, des projets Erasmus ou des stages \u00e0 l&rsquo;\u00e9tranger. <\/p>\n\n\n\n<p>Cette volont\u00e9 d&rsquo;ouverture se traduit dans notre offre p\u00e9dagogique qui  permet \u00e9l\u00e8ves et aux \u00e9tudiants de construire v\u00e9ritablement un parcours personnalis\u00e9  gr\u00e2ce \u00e0 la multitude de fili\u00e8res, de sp\u00e9cialit\u00e9s et d&rsquo;options  propos\u00e9es par l&rsquo;\u00e9tablissement.\u00a0\u00bb  <\/p>\n<\/div>\n\n\n\n<h2 class=\"wp-block-heading has-text-color\" style=\"color:#003c85cf;font-style:normal;font-weight:100\">La direction<\/h2>\n\n\n\n<p>Kevin NTON\u00c9, Proviseur adjoint<\/p>\n\n\n\n<p>Flor ROCHE, Proviseure adjointe<\/p>\n\n\n\n<h2 class=\"wp-block-heading has-text-color\" style=\"color:#003c85cf;font-style:normal;font-weight:100\">La vie scolaire<\/h2>\n\n\n\n<p>Jean-Michel EUGENE , Conseilller principal d&rsquo;\u00e9ducation<\/p>\n\n\n\n<p>V\u00e9ronique SEVERE, Conseill\u00e8re principale d&rsquo;\u00e9ducation<\/p>\n\n\n\n<p>Felix-Thierry PAULMIN, Conseiller principal d&rsquo;\u00e9ducation<\/p>\n\n\n\n<p>Ga\u00ebl SUFRIN, conseill\u00e8re principale d&rsquo;\u00e9ducation<\/p>\n\n\n\n<h2 class=\"wp-block-heading has-text-color\" style=\"color:#003c85cf;font-style:normal;font-weight:100\">Le secr\u00e9tariat de scolarit\u00e9<\/h2>\n\n\n\n<p>Val\u00e9rie RICHE, Secr\u00e9taire de Direction en charge de la scolarit\u00e9 des \u00e9l\u00e8ves<\/p>\n\n\n\n<p>Nadine ARNAULD, Secr\u00e9taire de Direction en charge des personnels<\/p>\n\n\n\n<h2 class=\"wp-block-heading has-text-color\" style=\"color:#003c85cf;font-style:normal;font-weight:100\">Intendance<\/h2>\n\n\n\n<p>Phillipe PIRER, Adjoint gestionnaire et Agent comptable<\/p>\n\n\n\n<p>Marie-Paule RENARD, Fond\u00e9e de pouvoir<\/p>\n\n\n\n<p>Magalie CARDOU, Comptabilit\u00e9 g\u00e9n\u00e9rale<\/p>\n\n\n\n<p>Nicaise GOMMARD, Comptabilit\u00e9 g\u00e9n\u00e9rale<\/p>\n\n\n\n<p>Catherine DUBOUSQUET, Comptabilit\u00e9 g\u00e9n\u00e9rale<\/p>\n\n\n\n<p>Armelle ANNEVILLE CONSTANT , Mat\u00e9riel et d\u00e9penses<\/p>\n\n\n\n<h2 class=\"wp-block-heading has-text-color\" style=\"color:#003c85cf;font-style:normal;font-weight:100\">Direction Formations Professionnelles et Technologiques  <\/h2>\n\n\n\n<p>Gladys MAMBERT, Coordinatrice du Dipl\u00f4me de Technicien Sup\u00e9rieur Imagerie m\u00e9dicale<\/p>\n\n\n\n<p>Patricia POTIRON, Directrice D\u00e9l\u00e9gu\u00e9e aux Formations Professionnelles et Technologiques (DDFPT)<\/p>\n\n\n\n<h2 class=\"wp-block-heading has-text-color\" style=\"color:#003c85cf;font-style:normal;font-weight:100\">Num\u00e9rique<\/h2>\n\n\n\n<p>Dominique PHILIAS, Chef de projet<\/p>\n\n\n\n<h2 class=\"wp-block-heading has-text-color\" style=\"color:#003c85cf;font-style:normal;font-weight:100\">Sant\u00e9 et social<\/h2>\n\n\n\n<p>Jamila LACHIRI, Infirmi\u00e8re scolaire<\/p>\n\n\n\n<p>Viviane LITTR\u00c9, Assistante sociale<\/p>\n","protected":false},"excerpt":{"rendered":"<p>Le mot du Proviseur Raymond ALGER, Proviseur \u00ab Le lyc\u00e9e de Bellevue est un \u00e9tablissement riche d\u2019une longue et exceptionnelle histoire. Les Proviseurs qui m\u2019ont pr\u00e9c\u00e9d\u00e9 ont su pr\u00e9server les valeurs d\u2019entraide et la volont\u00e9 d&rsquo;un suivi individuel de chaque \u00e9l\u00e8ve avec le souci de toujours miser sur l\u2019excellence. Dans cet \u00e9tablissement, nous \u0153uvrons \u00e0 &hellip; <\/p>\n<p class=\"link-more\"><a href=\"https:\/\/site.ac-martinique.fr\/lyc-bellevue\/?page_id=576\" class=\"more-link\">Lire la suite de<span class=\"screen-reader-text\">\u00ab\u00a0L&rsquo;\u00e9quipe du lyc\u00e9e\u00a0\u00bb<\/span><\/a><\/p>\n","protected":false},"author":417,"featured_media":832,"parent":565,"menu_order":0,"comment_status":"closed","ping_status":"closed","template":"","meta":{"_uag_custom_page_level_css":"","inspiro_hide_title":false,"footnotes":""},"class_list":["post-576","page","type-page","status-publish","has-post-thumbnail","hentry"],"yoast_head":"<!-- This site is optimized with the Yoast SEO plugin v27.3 - https:\/\/yoast.com\/product\/yoast-seo-wordpress\/ -->\n<title>L&#039;\u00e9quipe du lyc\u00e9e - Bienvenue au lyc\u00e9e de Bellevue<\/title>\n<meta name=\"robots\" content=\"index, follow, max-snippet:-1, max-image-preview:large, max-video-preview:-1\" \/>\n<link rel=\"canonical\" href=\"https:\/\/site.ac-martinique.fr\/lyc-bellevue\/?page_id=576\" \/>\n<meta property=\"og:locale\" content=\"fr_FR\" \/>\n<meta property=\"og:type\" content=\"article\" \/>\n<meta property=\"og:title\" content=\"L&#039;\u00e9quipe du lyc\u00e9e - Bienvenue au lyc\u00e9e de Bellevue\" \/>\n<meta property=\"og:description\" content=\"Le mot du Proviseur Raymond ALGER, Proviseur \u00ab Le lyc\u00e9e de Bellevue est un \u00e9tablissement riche d\u2019une longue et exceptionnelle histoire. Les Proviseurs qui m\u2019ont pr\u00e9c\u00e9d\u00e9 ont su pr\u00e9server les valeurs d\u2019entraide et la volont\u00e9 d&rsquo;un suivi individuel de chaque \u00e9l\u00e8ve avec le souci de toujours miser sur l\u2019excellence. Dans cet \u00e9tablissement, nous \u0153uvrons \u00e0 &hellip; Lire la suite de\u00ab\u00a0L&rsquo;\u00e9quipe du lyc\u00e9e\u00a0\u00bb\" \/>\n<meta property=\"og:url\" content=\"https:\/\/site.ac-martinique.fr\/lyc-bellevue\/?page_id=576\" \/>\n<meta property=\"og:site_name\" content=\"Bienvenue au lyc\u00e9e de Bellevue\" \/>\n<meta property=\"article:modified_time\" content=\"2024-10-03T03:50:51+00:00\" \/>\n<meta property=\"og:image\" content=\"https:\/\/site.ac-martinique.fr\/lyc-bellevue\/wp-content\/uploads\/sites\/127\/2023\/06\/IMG-20230620-WA0017.jpg\" \/>\n\t<meta property=\"og:image:width\" content=\"1024\" \/>\n\t<meta property=\"og:image:height\" content=\"768\" \/>\n\t<meta property=\"og:image:type\" content=\"image\/jpeg\" \/>\n<meta name=\"twitter:card\" content=\"summary_large_image\" \/>\n<meta name=\"twitter:label1\" content=\"Dur\u00e9e de lecture estim\u00e9e\" \/>\n\t<meta name=\"twitter:data1\" content=\"2 minutes\" \/>\n<script type=\"application\/ld+json\" class=\"yoast-schema-graph\">{\"@context\":\"https:\\\/\\\/schema.org\",\"@graph\":[{\"@type\":\"WebPage\",\"@id\":\"https:\\\/\\\/site.ac-martinique.fr\\\/lyc-bellevue\\\/?page_id=576\",\"url\":\"https:\\\/\\\/site.ac-martinique.fr\\\/lyc-bellevue\\\/?page_id=576\",\"name\":\"L'\u00e9quipe du lyc\u00e9e - Bienvenue au lyc\u00e9e de Bellevue\",\"isPartOf\":{\"@id\":\"https:\\\/\\\/site.ac-martinique.fr\\\/lyc-bellevue\\\/#website\"},\"primaryImageOfPage\":{\"@id\":\"https:\\\/\\\/site.ac-martinique.fr\\\/lyc-bellevue\\\/?page_id=576#primaryimage\"},\"image\":{\"@id\":\"https:\\\/\\\/site.ac-martinique.fr\\\/lyc-bellevue\\\/?page_id=576#primaryimage\"},\"thumbnailUrl\":\"https:\\\/\\\/site.ac-martinique.fr\\\/lyc-bellevue\\\/wp-content\\\/uploads\\\/sites\\\/127\\\/2023\\\/06\\\/IMG-20230620-WA0017.jpg\",\"datePublished\":\"2023-05-23T02:39:04+00:00\",\"dateModified\":\"2024-10-03T03:50:51+00:00\",\"breadcrumb\":{\"@id\":\"https:\\\/\\\/site.ac-martinique.fr\\\/lyc-bellevue\\\/?page_id=576#breadcrumb\"},\"inLanguage\":\"fr-FR\",\"potentialAction\":[{\"@type\":\"ReadAction\",\"target\":[\"https:\\\/\\\/site.ac-martinique.fr\\\/lyc-bellevue\\\/?page_id=576\"]}]},{\"@type\":\"ImageObject\",\"inLanguage\":\"fr-FR\",\"@id\":\"https:\\\/\\\/site.ac-martinique.fr\\\/lyc-bellevue\\\/?page_id=576#primaryimage\",\"url\":\"https:\\\/\\\/site.ac-martinique.fr\\\/lyc-bellevue\\\/wp-content\\\/uploads\\\/sites\\\/127\\\/2023\\\/06\\\/IMG-20230620-WA0017.jpg\",\"contentUrl\":\"https:\\\/\\\/site.ac-martinique.fr\\\/lyc-bellevue\\\/wp-content\\\/uploads\\\/sites\\\/127\\\/2023\\\/06\\\/IMG-20230620-WA0017.jpg\",\"width\":1024,\"height\":768},{\"@type\":\"BreadcrumbList\",\"@id\":\"https:\\\/\\\/site.ac-martinique.fr\\\/lyc-bellevue\\\/?page_id=576#breadcrumb\",\"itemListElement\":[{\"@type\":\"ListItem\",\"position\":1,\"name\":\"Accueil\",\"item\":\"https:\\\/\\\/site.ac-martinique.fr\\\/lyc-bellevue\\\/\"},{\"@type\":\"ListItem\",\"position\":2,\"name\":\"Le Lyc\u00e9e\",\"item\":\"https:\\\/\\\/site.ac-martinique.fr\\\/lyc-bellevue\\\/?page_id=565\"},{\"@type\":\"ListItem\",\"position\":3,\"name\":\"L&#8217;\u00e9quipe du lyc\u00e9e\"}]},{\"@type\":\"WebSite\",\"@id\":\"https:\\\/\\\/site.ac-martinique.fr\\\/lyc-bellevue\\\/#website\",\"url\":\"https:\\\/\\\/site.ac-martinique.fr\\\/lyc-bellevue\\\/\",\"name\":\"Bienvenue au lyc\u00e9e de Bellevue\",\"description\":\"L&#039;Excellence dans la diversit\u00e9\",\"publisher\":{\"@id\":\"https:\\\/\\\/site.ac-martinique.fr\\\/lyc-bellevue\\\/#organization\"},\"potentialAction\":[{\"@type\":\"SearchAction\",\"target\":{\"@type\":\"EntryPoint\",\"urlTemplate\":\"https:\\\/\\\/site.ac-martinique.fr\\\/lyc-bellevue\\\/?s={search_term_string}\"},\"query-input\":{\"@type\":\"PropertyValueSpecification\",\"valueRequired\":true,\"valueName\":\"search_term_string\"}}],\"inLanguage\":\"fr-FR\"},{\"@type\":\"Organization\",\"@id\":\"https:\\\/\\\/site.ac-martinique.fr\\\/lyc-bellevue\\\/#organization\",\"name\":\"Bienvenue au lyc\u00e9e de Bellevue\",\"url\":\"https:\\\/\\\/site.ac-martinique.fr\\\/lyc-bellevue\\\/\",\"logo\":{\"@type\":\"ImageObject\",\"inLanguage\":\"fr-FR\",\"@id\":\"https:\\\/\\\/site.ac-martinique.fr\\\/lyc-bellevue\\\/#\\\/schema\\\/logo\\\/image\\\/\",\"url\":\"https:\\\/\\\/site.ac-martinique.fr\\\/lyc-bellevue\\\/wp-content\\\/uploads\\\/sites\\\/127\\\/2023\\\/05\\\/cropped-logo_bellevue_revu_bellevue_bleu_martinique_juste_les_lettres-removebg-preview-1.png\",\"contentUrl\":\"https:\\\/\\\/site.ac-martinique.fr\\\/lyc-bellevue\\\/wp-content\\\/uploads\\\/sites\\\/127\\\/2023\\\/05\\\/cropped-logo_bellevue_revu_bellevue_bleu_martinique_juste_les_lettres-removebg-preview-1.png\",\"width\":485,\"height\":513,\"caption\":\"Bienvenue au lyc\u00e9e de Bellevue\"},\"image\":{\"@id\":\"https:\\\/\\\/site.ac-martinique.fr\\\/lyc-bellevue\\\/#\\\/schema\\\/logo\\\/image\\\/\"}}]}<\/script>\n<!-- \/ Yoast SEO plugin. -->","yoast_head_json":{"title":"L'\u00e9quipe du lyc\u00e9e - Bienvenue au lyc\u00e9e de Bellevue","robots":{"index":"index","follow":"follow","max-snippet":"max-snippet:-1","max-image-preview":"max-image-preview:large","max-video-preview":"max-video-preview:-1"},"canonical":"https:\/\/site.ac-martinique.fr\/lyc-bellevue\/?page_id=576","og_locale":"fr_FR","og_type":"article","og_title":"L'\u00e9quipe du lyc\u00e9e - Bienvenue au lyc\u00e9e de Bellevue","og_description":"Le mot du Proviseur Raymond ALGER, Proviseur \u00ab Le lyc\u00e9e de Bellevue est un \u00e9tablissement riche d\u2019une longue et exceptionnelle histoire. Les Proviseurs qui m\u2019ont pr\u00e9c\u00e9d\u00e9 ont su pr\u00e9server les valeurs d\u2019entraide et la volont\u00e9 d&rsquo;un suivi individuel de chaque \u00e9l\u00e8ve avec le souci de toujours miser sur l\u2019excellence. Dans cet \u00e9tablissement, nous \u0153uvrons \u00e0 &hellip; Lire la suite de\u00ab\u00a0L&rsquo;\u00e9quipe du lyc\u00e9e\u00a0\u00bb","og_url":"https:\/\/site.ac-martinique.fr\/lyc-bellevue\/?page_id=576","og_site_name":"Bienvenue au lyc\u00e9e de Bellevue","article_modified_time":"2024-10-03T03:50:51+00:00","og_image":[{"width":1024,"height":768,"url":"https:\/\/site.ac-martinique.fr\/lyc-bellevue\/wp-content\/uploads\/sites\/127\/2023\/06\/IMG-20230620-WA0017.jpg","type":"image\/jpeg"}],"twitter_card":"summary_large_image","twitter_misc":{"Dur\u00e9e de lecture estim\u00e9e":"2 minutes"},"schema":{"@context":"https:\/\/schema.org","@graph":[{"@type":"WebPage","@id":"https:\/\/site.ac-martinique.fr\/lyc-bellevue\/?page_id=576","url":"https:\/\/site.ac-martinique.fr\/lyc-bellevue\/?page_id=576","name":"L'\u00e9quipe du lyc\u00e9e - Bienvenue au lyc\u00e9e de Bellevue","isPartOf":{"@id":"https:\/\/site.ac-martinique.fr\/lyc-bellevue\/#website"},"primaryImageOfPage":{"@id":"https:\/\/site.ac-martinique.fr\/lyc-bellevue\/?page_id=576#primaryimage"},"image":{"@id":"https:\/\/site.ac-martinique.fr\/lyc-bellevue\/?page_id=576#primaryimage"},"thumbnailUrl":"https:\/\/site.ac-martinique.fr\/lyc-bellevue\/wp-content\/uploads\/sites\/127\/2023\/06\/IMG-20230620-WA0017.jpg","datePublished":"2023-05-23T02:39:04+00:00","dateModified":"2024-10-03T03:50:51+00:00","breadcrumb":{"@id":"https:\/\/site.ac-martinique.fr\/lyc-bellevue\/?page_id=576#breadcrumb"},"inLanguage":"fr-FR","potentialAction":[{"@type":"ReadAction","target":["https:\/\/site.ac-martinique.fr\/lyc-bellevue\/?page_id=576"]}]},{"@type":"ImageObject","inLanguage":"fr-FR","@id":"https:\/\/site.ac-martinique.fr\/lyc-bellevue\/?page_id=576#primaryimage","url":"https:\/\/site.ac-martinique.fr\/lyc-bellevue\/wp-content\/uploads\/sites\/127\/2023\/06\/IMG-20230620-WA0017.jpg","contentUrl":"https:\/\/site.ac-martinique.fr\/lyc-bellevue\/wp-content\/uploads\/sites\/127\/2023\/06\/IMG-20230620-WA0017.jpg","width":1024,"height":768},{"@type":"BreadcrumbList","@id":"https:\/\/site.ac-martinique.fr\/lyc-bellevue\/?page_id=576#breadcrumb","itemListElement":[{"@type":"ListItem","position":1,"name":"Accueil","item":"https:\/\/site.ac-martinique.fr\/lyc-bellevue\/"},{"@type":"ListItem","position":2,"name":"Le Lyc\u00e9e","item":"https:\/\/site.ac-martinique.fr\/lyc-bellevue\/?page_id=565"},{"@type":"ListItem","position":3,"name":"L&#8217;\u00e9quipe du lyc\u00e9e"}]},{"@type":"WebSite","@id":"https:\/\/site.ac-martinique.fr\/lyc-bellevue\/#website","url":"https:\/\/site.ac-martinique.fr\/lyc-bellevue\/","name":"Bienvenue au lyc\u00e9e de Bellevue","description":"L&#039;Excellence dans la diversit\u00e9","publisher":{"@id":"https:\/\/site.ac-martinique.fr\/lyc-bellevue\/#organization"},"potentialAction":[{"@type":"SearchAction","target":{"@type":"EntryPoint","urlTemplate":"https:\/\/site.ac-martinique.fr\/lyc-bellevue\/?s={search_term_string}"},"query-input":{"@type":"PropertyValueSpecification","valueRequired":true,"valueName":"search_term_string"}}],"inLanguage":"fr-FR"},{"@type":"Organization","@id":"https:\/\/site.ac-martinique.fr\/lyc-bellevue\/#organization","name":"Bienvenue au lyc\u00e9e de Bellevue","url":"https:\/\/site.ac-martinique.fr\/lyc-bellevue\/","logo":{"@type":"ImageObject","inLanguage":"fr-FR","@id":"https:\/\/site.ac-martinique.fr\/lyc-bellevue\/#\/schema\/logo\/image\/","url":"https:\/\/site.ac-martinique.fr\/lyc-bellevue\/wp-content\/uploads\/sites\/127\/2023\/05\/cropped-logo_bellevue_revu_bellevue_bleu_martinique_juste_les_lettres-removebg-preview-1.png","contentUrl":"https:\/\/site.ac-martinique.fr\/lyc-bellevue\/wp-content\/uploads\/sites\/127\/2023\/05\/cropped-logo_bellevue_revu_bellevue_bleu_martinique_juste_les_lettres-removebg-preview-1.png","width":485,"height":513,"caption":"Bienvenue au lyc\u00e9e de Bellevue"},"image":{"@id":"https:\/\/site.ac-martinique.fr\/lyc-bellevue\/#\/schema\/logo\/image\/"}}]}},"uagb_featured_image_src":{"full":["https:\/\/site.ac-martinique.fr\/lyc-bellevue\/wp-content\/uploads\/sites\/127\/2023\/06\/IMG-20230620-WA0017.jpg",1024,768,false],"thumbnail":["https:\/\/site.ac-martinique.fr\/lyc-bellevue\/wp-content\/uploads\/sites\/127\/2023\/06\/IMG-20230620-WA0017-150x150.jpg",150,150,true],"medium":["https:\/\/site.ac-martinique.fr\/lyc-bellevue\/wp-content\/uploads\/sites\/127\/2023\/06\/IMG-20230620-WA0017-300x225.jpg",300,225,true],"medium_large":["https:\/\/site.ac-martinique.fr\/lyc-bellevue\/wp-content\/uploads\/sites\/127\/2023\/06\/IMG-20230620-WA0017-768x576.jpg",768,576,true],"large":["https:\/\/site.ac-martinique.fr\/lyc-bellevue\/wp-content\/uploads\/sites\/127\/2023\/06\/IMG-20230620-WA0017.jpg",950,713,false],"1536x1536":["https:\/\/site.ac-martinique.fr\/lyc-bellevue\/wp-content\/uploads\/sites\/127\/2023\/06\/IMG-20230620-WA0017.jpg",1024,768,false],"2048x2048":["https:\/\/site.ac-martinique.fr\/lyc-bellevue\/wp-content\/uploads\/sites\/127\/2023\/06\/IMG-20230620-WA0017.jpg",1024,768,false],"inspiro-featured-image":["https:\/\/site.ac-martinique.fr\/lyc-bellevue\/wp-content\/uploads\/sites\/127\/2023\/06\/IMG-20230620-WA0017.jpg",1024,768,false],"inspiro-loop":["https:\/\/site.ac-martinique.fr\/lyc-bellevue\/wp-content\/uploads\/sites\/127\/2023\/06\/IMG-20230620-WA0017-950x320.jpg",950,320,true],"inspiro-loop@2x":["https:\/\/site.ac-martinique.fr\/lyc-bellevue\/wp-content\/uploads\/sites\/127\/2023\/06\/IMG-20230620-WA0017-1024x640.jpg",1024,640,true]},"uagb_author_info":{"display_name":"Nathalie OXYBEL","author_link":"https:\/\/site.ac-martinique.fr\/lyc-bellevue\/?author=417"},"uagb_comment_info":0,"uagb_excerpt":"Le mot du Proviseur Raymond ALGER, Proviseur \u00ab Le lyc\u00e9e de Bellevue est un \u00e9tablissement riche d\u2019une longue et exceptionnelle histoire. Les Proviseurs qui m\u2019ont pr\u00e9c\u00e9d\u00e9 ont su pr\u00e9server les valeurs d\u2019entraide et la volont\u00e9 d&rsquo;un suivi individuel de chaque \u00e9l\u00e8ve avec le souci de toujours miser sur l\u2019excellence. Dans cet \u00e9tablissement, nous \u0153uvrons \u00e0\u2026","_links":{"self":[{"href":"https:\/\/site.ac-martinique.fr\/lyc-bellevue\/index.php?rest_route=\/wp\/v2\/pages\/576","targetHints":{"allow":["GET"]}}],"collection":[{"href":"https:\/\/site.ac-martinique.fr\/lyc-bellevue\/index.php?rest_route=\/wp\/v2\/pages"}],"about":[{"href":"https:\/\/site.ac-martinique.fr\/lyc-bellevue\/index.php?rest_route=\/wp\/v2\/types\/page"}],"author":[{"embeddable":true,"href":"https:\/\/site.ac-martinique.fr\/lyc-bellevue\/index.php?rest_route=\/wp\/v2\/users\/417"}],"replies":[{"embeddable":true,"href":"https:\/\/site.ac-martinique.fr\/lyc-bellevue\/index.php?rest_route=%2Fwp%2Fv2%2Fcomments&post=576"}],"version-history":[{"count":16,"href":"https:\/\/site.ac-martinique.fr\/lyc-bellevue\/index.php?rest_route=\/wp\/v2\/pages\/576\/revisions"}],"predecessor-version":[{"id":2313,"href":"https:\/\/site.ac-martinique.fr\/lyc-bellevue\/index.php?rest_route=\/wp\/v2\/pages\/576\/revisions\/2313"}],"up":[{"embeddable":true,"href":"https:\/\/site.ac-martinique.fr\/lyc-bellevue\/index.php?rest_route=\/wp\/v2\/pages\/565"}],"wp:featuredmedia":[{"embeddable":true,"href":"https:\/\/site.ac-martinique.fr\/lyc-bellevue\/index.php?rest_route=\/wp\/v2\/media\/832"}],"wp:attachment":[{"href":"https:\/\/site.ac-martinique.fr\/lyc-bellevue\/index.php?rest_route=%2Fwp%2Fv2%2Fmedia&parent=576"}],"curies":[{"name":"wp","href":"https:\/\/api.w.org\/{rel}","templated":true}]}}