{"id":3109,"date":"2023-09-18T21:20:49","date_gmt":"2023-09-18T20:20:49","guid":{"rendered":"https:\/\/site.ac-martinique.fr\/lyc-dumasjeanjoseph\/?page_id=3109"},"modified":"2023-10-01T23:11:14","modified_gmt":"2023-10-01T22:11:14","slug":"temps-forts-au-lycee","status":"publish","type":"page","link":"https:\/\/site.ac-martinique.fr\/lyc-dumasjeanjoseph\/?page_id=3109","title":{"rendered":"Temps forts au lyc\u00e9e"},"content":{"rendered":"<div class=\"wp-block-image\">\n<figure class=\"alignleft size-full is-resized\"><a href=\"https:\/\/site.ac-martinique.fr\/lyc-dumasjeanjoseph\/wp-content\/uploads\/sites\/41\/2023\/09\/3d65659a932d453df0268d4ff451335c.gif\"><img loading=\"lazy\" decoding=\"async\" src=\"https:\/\/site.ac-martinique.fr\/lyc-dumasjeanjoseph\/wp-content\/uploads\/sites\/41\/2023\/09\/3d65659a932d453df0268d4ff451335c.gif\" alt=\"\" class=\"wp-image-3258\" style=\"width:62px;height:62px\" width=\"62\" height=\"62\"\/><\/a><\/figure>\n<\/div>\n\n\n<p><\/p>\n\n\n\n<p><strong>Vous trouverez ici les temps forts qui ont anim\u00e9 notre lyc\u00e9e ces derni\u00e8res semaines : <\/strong><\/p>\n\n\n\n<p><\/p>\n\n\n\n<ul class=\"wp-block-list\">\n<li><strong><mark style=\"background-color:rgba(0, 0, 0, 0)\" class=\"has-inline-color has-vivid-red-color\">Journ\u00e9e du sport scolaire <\/mark><\/strong><\/li>\n<\/ul>\n\n\n\n<p><em><a href=\"https:\/\/site.ac-martinique.fr\/lyc-dumasjeanjoseph\/?p=3230\" target=\"_blank\" rel=\"noreferrer noopener\">Voir l&rsquo;article concernant cette manifestation.<\/a><\/em><\/p>\n\n\n\n<ul class=\"wp-block-list\">\n<li><strong><mark style=\"background-color:rgba(0, 0, 0, 0)\" class=\"has-inline-color has-vivid-red-color\">Journ\u00e9e de lutte contre l&rsquo;illettrisme<\/mark><\/strong><\/li>\n<\/ul>\n\n\n\n<p><em><a href=\"https:\/\/site.ac-martinique.fr\/lyc-dumasjeanjoseph\/?p=3238\" data-type=\"link\" data-id=\"https:\/\/site.ac-martinique.fr\/lyc-dumasjeanjoseph\/?p=3238\" target=\"_blank\" rel=\"noreferrer noopener\">Voir l&rsquo;article concernant cette manifestation.<\/a><\/em><\/p>\n\n\n\n<ul class=\"wp-block-list\">\n<li><strong><mark style=\"background-color:rgba(0, 0, 0, 0)\" class=\"has-inline-color has-vivid-red-color\">Semaine d&rsquo;int\u00e9gration de toutes les classes de seconde.<\/mark><\/strong><\/li>\n<\/ul>\n\n\n\n<p><a href=\"https:\/\/site.ac-martinique.fr\/lyc-dumasjeanjoseph\/?p=3517\" data-type=\"link\" data-id=\"https:\/\/site.ac-martinique.fr\/lyc-dumasjeanjoseph\/?p=3517\" target=\"_blank\" rel=\"noreferrer noopener\">Voir l&rsquo;article concernant cette manifestation.<\/a><\/p>\n\n\n\n<p> <\/p>\n\n<div class=\"twitter-share\"><a href=\"https:\/\/twitter.com\/intent\/tweet?via=lp_djj\" class=\"twitter-share-button\">Tweet<\/a><\/div>\n","protected":false},"excerpt":{"rendered":"<p>Vous trouverez ici les temps forts qui ont anim\u00e9 notre lyc\u00e9e ces derni\u00e8res semaines : Voir l&rsquo;article concernant cette manifestation. Voir l&rsquo;article concernant cette manifestation. Voir l&rsquo;article concernant cette manifestation.<\/p>\n","protected":false},"author":73,"featured_media":0,"parent":0,"menu_order":0,"comment_status":"closed","ping_status":"closed","template":"","meta":{"footnotes":""},"class_list":["post-3109","page","type-page","status-publish","hentry"],"_links":{"self":[{"href":"https:\/\/site.ac-martinique.fr\/lyc-dumasjeanjoseph\/index.php?rest_route=\/wp\/v2\/pages\/3109","targetHints":{"allow":["GET"]}}],"collection":[{"href":"https:\/\/site.ac-martinique.fr\/lyc-dumasjeanjoseph\/index.php?rest_route=\/wp\/v2\/pages"}],"about":[{"href":"https:\/\/site.ac-martinique.fr\/lyc-dumasjeanjoseph\/index.php?rest_route=\/wp\/v2\/types\/page"}],"author":[{"embeddable":true,"href":"https:\/\/site.ac-martinique.fr\/lyc-dumasjeanjoseph\/index.php?rest_route=\/wp\/v2\/users\/73"}],"replies":[{"embeddable":true,"href":"https:\/\/site.ac-martinique.fr\/lyc-dumasjeanjoseph\/index.php?rest_route=%2Fwp%2Fv2%2Fcomments&post=3109"}],"version-history":[{"count":5,"href":"https:\/\/site.ac-martinique.fr\/lyc-dumasjeanjoseph\/index.php?rest_route=\/wp\/v2\/pages\/3109\/revisions"}],"predecessor-version":[{"id":3526,"href":"https:\/\/site.ac-martinique.fr\/lyc-dumasjeanjoseph\/index.php?rest_route=\/wp\/v2\/pages\/3109\/revisions\/3526"}],"wp:attachment":[{"href":"https:\/\/site.ac-martinique.fr\/lyc-dumasjeanjoseph\/index.php?rest_route=%2Fwp%2Fv2%2Fmedia&parent=3109"}],"curies":[{"name":"wp","href":"https:\/\/api.w.org\/{rel}","templated":true}]}}

Temps forts au lycée

<div class="wp-block-image">
<figure class="alignleft size-full is-resized"><a href="https://site.ac-martinique.fr/lyc-dumasjeanjoseph/wp-content/uploads/sites/41/2023/09/3d65659a932d453df0268d4ff451335c.gif"><img loading="lazy" decoding="async" src="https://site.ac-martinique.fr/lyc-dumasjeanjoseph/wp-content/uploads/sites/41/2023/09/3d65659a932d453df0268d4ff451335c.gif" alt="" class="wp-image-3258" style="width:62px;height:62px" width="62" height="62"/></a></figure>
</div>


<p></p>



<p><strong>Vous trouverez ici les temps forts qui ont animé notre lycée ces dernières semaines : </strong></p>



<p></p>



<ul class="wp-block-list">
<li><strong><mark style="background-color:rgba(0, 0, 0, 0)" class="has-inline-color has-vivid-red-color">Journée du sport scolaire </mark></strong></li>
</ul>



<p><em><a href="https://site.ac-martinique.fr/lyc-dumasjeanjoseph/?p=3230" target="_blank" rel="noreferrer noopener">Voir l&rsquo;article concernant cette manifestation.</a></em></p>



<ul class="wp-block-list">
<li><strong><mark style="background-color:rgba(0, 0, 0, 0)" class="has-inline-color has-vivid-red-color">Journée de lutte contre l&rsquo;illettrisme</mark></strong></li>
</ul>



<p><em><a href="https://site.ac-martinique.fr/lyc-dumasjeanjoseph/?p=3238" data-type="link" data-id="https://site.ac-martinique.fr/lyc-dumasjeanjoseph/?p=3238" target="_blank" rel="noreferrer noopener">Voir l&rsquo;article concernant cette manifestation.</a></em></p>



<ul class="wp-block-list">
<li><strong><mark style="background-color:rgba(0, 0, 0, 0)" class="has-inline-color has-vivid-red-color">Semaine d&rsquo;intégration de toutes les classes de seconde.</mark></strong></li>
</ul>



<p><a href="https://site.ac-martinique.fr/lyc-dumasjeanjoseph/?p=3517" data-type="link" data-id="https://site.ac-martinique.fr/lyc-dumasjeanjoseph/?p=3517" target="_blank" rel="noreferrer noopener">Voir l&rsquo;article concernant cette manifestation.</a></p>



<p> </p>

<div class="twitter-share"><a href="https://twitter.com/intent/tweet?via=lp_djj" class="twitter-share-button">Tweet</a></div>

<p>Vous trouverez ici les temps forts qui ont animé notre lycée ces dernières semaines : Voir l&rsquo;article concernant cette manifestation. Voir l&rsquo;article concernant cette manifestation. Voir l&rsquo;article concernant cette manifestation.</p>
