{"id":3148,"date":"2023-09-18T21:21:55","date_gmt":"2023-09-18T20:21:55","guid":{"rendered":"https:\/\/site.ac-martinique.fr\/lyc-dumasjeanjoseph\/?page_id=3148"},"modified":"2023-09-26T23:58:07","modified_gmt":"2023-09-26T22:58:07","slug":"infirmerie","status":"publish","type":"page","link":"https:\/\/site.ac-martinique.fr\/lyc-dumasjeanjoseph\/?page_id=3148","title":{"rendered":"Infirmerie"},"content":{"rendered":"\n<h2 class=\"wp-block-heading\"><\/h2>\n\n\n\n<p>Les locaux de l\u2019infirmerie sont situ\u00e9s au rez-de-chauss\u00e9e du b\u00e2timent E. L\u2019infirmerie est commune pour l\u2019ensemble de la cit\u00e9 scolaire. Elle est ouverte tous les jours pendant les heures de cours. Pour y acc\u00e9der, les \u00e9l\u00e8ves doivent faire remplir un feuillet de leur carnet de correspondance par leur enseignant et par la vie scolaire.<\/p>\n\n\n\n<p>Personnel&nbsp;: deux infirmi\u00e8res<\/p>\n\n\n\n<ul class=\"wp-block-list\">\n<li>Mme Genevi\u00e8ve JEAN \u2013 GILLES<\/li>\n<\/ul>\n\n\n\n<p>Elles peuvent \u00eatre jointes aux heures d&rsquo;ouverture de l&rsquo;infirmerie au 05 96 61 99 53 ou au poste 482 ou 483 \u00e0 partir d&rsquo;un t\u00e9l\u00e9phone interne.<\/p>\n\n\n\n<h2 class=\"wp-block-heading\"><strong>Les missions<\/strong><\/h2>\n\n\n\n<p>La mission de l\u2019infirmier(e) de l\u2019\u00e9ducation nationale s\u2019inscrit dans la politique g\u00e9n\u00e9rale de l\u2019\u00e9ducation national qui est de promouvoir la r\u00e9ussite scolaire des \u00e9l\u00e8ves et des \u00e9tudiants. <\/p>\n\n\n\n<p>Dans ce cadre, il (elle):<\/p>\n\n\n\n<ul class=\"wp-block-list\">\n<li>contribue au bien \u00eatre et \u00e0 la r\u00e9ussite scolaire de tous les \u00e9l\u00e8ves<\/li>\n\n\n\n<li>contribue \u00e0 l\u2019int\u00e9gration scolaire des enfants et des adolescents atteints de handicap ou de maladie chronique<\/li>\n\n\n\n<li>effectue ou dispense les actes infirmiers qui rel\u00e8vent de sa comp\u00e9tence et de sa responsabilit\u00e9<\/li>\n\n\n\n<li>identifie, dans le cadre de son r\u00f4le propre, les besoins, pose un diagnostic infirmier, met en \u0153uvre les actions appropri\u00e9es et les \u00e9value<\/li>\n\n\n\n<li>d\u00e9veloppe une dynamique d\u2019\u00e9ducation \u00e0 la sant\u00e9 et contribue \u00e0 \u00e9valuer les actions de promotion et d\u2019\u00e9ducation de la sant\u00e9<\/li>\n\n\n\n<li>organise le recueil et l\u2019exploitation des donn\u00e9es statistiques par le biais du cahier de l\u2019infirmier(e)<\/li>\n<\/ul>\n\n\n\n<p>La mission de l\u2019infirmier(e) s\u2019effectue en synergie avec les membres de la communaut\u00e9 \u00e9ducative, dans le respect des comp\u00e9tences de chacun et requiert d\u2019organiser efficacement le partenariat.<\/p>\n\n\n\n<h2 class=\"wp-block-heading\"><strong>Les fonctions<\/strong><\/h2>\n\n\n\n<p>L\u2019infirmi\u00e8re dans le cadre de son r\u00f4le relationnel, technique et \u00e9ducatif accueille tout \u00e9l\u00e8ve qui la sollicite pour quelque motif que ce soit y compris d\u2019ordre relationnel ou psychologique, d\u00e8s lors qu\u2019il y a une incidence sur sa sant\u00e9 ou sa scolarit\u00e9 ou sa vie sociale.<\/p>\n\n\n\n<p>Dans cet objectif, l\u2019infirmier(e) :<\/p>\n\n\n\n<ul class=\"wp-block-list\">\n<li>\u00e9coute et accompagne les \u00e9l\u00e8ves ; apr\u00e8s un entretien personnalis\u00e9, l&rsquo;\u00e9l\u00e8ve peut exprimer une demande, un malaise, une souffrance en toute confidentialit\u00e9.<\/li>\n\n\n\n<li>dispense des soins, organise les urgences.<\/li>\n<\/ul>\n\n\n\n<p>L\u2019infirmi\u00e8re \u00e9value le degr\u00e9 de gravit\u00e9, donne les premiers soins en se r\u00e9f\u00e9rant au protocole national sur l&rsquo;organisation des soins et des urgences dans les \u00e9tablissements scolaires (BO du 6 janvier 2000).<\/p>\n\n\n\n<p>Si besoin, elle fait appel au SAMU et elle en avertit les parents.<\/p>\n\n\n\n<p>Elle applique les traitements m\u00e9dicaux prescrits par le m\u00e9decin de&nbsp;l&rsquo;\u00e9l\u00e8ve pour&nbsp;ceux qui pr\u00e9sentent une pathologie chronique dans le cadre d&rsquo;un PAI (projet d&rsquo;accueil individualis\u00e9). Des traitements d&rsquo;urgence sont \u00e9galement d\u00e9pos\u00e9s \u00e0 l&rsquo;infirmerie en d\u00e9but d&rsquo;ann\u00e9e par les \u00e9l\u00e8ves qui ont un traitement ponctuel.<\/p>\n\n\n\n<p>Elle peut donner quelques m\u00e9dicaments pr\u00e9vus dans le protocole de leur propre initiative. Elle organise et r\u00e9alise le suivi infirmier de la sant\u00e9 des \u00e9l\u00e8ves, d\u00e9veloppe, en fonction des besoins rep\u00e9r\u00e9s, une dynamique d\u2019\u00e9ducation \u00e0 la sant\u00e9 dans le cadre du projet d\u2019\u00e9tablissement. Les actions d\u2019\u00e9ducation \u00e0 la sant\u00e9 visent \u00e0 rendre l\u2019\u00e9l\u00e8ve responsable, autonome et acteur de pr\u00e9vention. Elles permettent \u00e9galement de venir en aide aux \u00e9l\u00e8ves manifestant des signes inqui\u00e9tants de mal-\u00eatre : usage de produits licites ou non, absent\u00e9isme, d\u00e9sinvestissement scolaire, repli sur soi, conduites suicidaires.<\/p>\n\n\n\n<p><strong>Les conseils et informations sont dispens\u00e9s :<\/strong><\/p>\n\n\n\n<ul class=\"wp-block-list\">\n<li>aux \u00e9l\u00e8ves lors des passages \u00e0 l&rsquo;infirmerie.<\/li>\n\n\n\n<li>lors d&rsquo;actions collectives en direction d&rsquo;un groupe d&rsquo;\u00e9l\u00e8ves sur leur demande ou celle d&rsquo;un enseignant, qui a pu identifier un probl\u00e8me de sant\u00e9 dans la classe (consommation d&rsquo;alcool, de stup\u00e9fiants\u2026) ou dans le cadre d&rsquo;un cours (\u00e9ducation \u00e0 la sexualit\u00e9\u2026) ou \u00e0 partir des directives nationales.<\/li>\n<\/ul>\n\n\n\n<p>Elle&nbsp;participe \u00e0 la mise en place des dispositifs adapt\u00e9s en cas d\u2019\u00e9v\u00e9nements graves survenant dans la communaut\u00e9 scolaire&nbsp;; favorise la scolarisation des enfants et des adolescents atteints de troubles de la sant\u00e9 \u00e9voluant sur une longue p\u00e9riode et participe au protocole de soins et d&rsquo;urgence pr\u00e9vu dans le cadre du projet d&rsquo;accueil individualis\u00e9 (PAI)&nbsp;; contribue \u00e0 l&rsquo;int\u00e9gration scolaire des enfants et adolescents atteints de handicap.<\/p>\n\n\n\n<p>&nbsp;L\u2019infirmi\u00e8re participe \u00e0 leur int\u00e9gration avec l&rsquo;ensemble de l&rsquo;\u00e9quipe \u00e9ducative en liaison avec les partenaires ext\u00e9rieurs, les soignants, la MDPH (Maison D\u00e9partementale de la Personne Handicap\u00e9e), les associations et les familles. Elle contribue \u00e0 l&rsquo;analyse des besoins particuliers du jeune, participe \u00e0 la mise en \u0153uvre des soins, des am\u00e9nagements n\u00e9cessaires \u00e0 l&rsquo;\u00e9laboration du Projet Personnalis\u00e9 de Scolarisation et aux r\u00e9unions de synth\u00e8se.<\/p>\n\n\n\n<ul class=\"wp-block-list\">\n<li>contribue \u00e0 la protection des enfants et des adolescents en danger.<\/li>\n\n\n\n<li>intervient au sein de l\u2019\u00e9quipe \u00e9ducative comme conseiller en mati\u00e8re de sant\u00e9, pour une prise en charge globale de l\u2019\u00e9l\u00e8ve.<\/li>\n\n\n\n<li>participe aux diff\u00e9rentes instances et commissions de l\u2019\u00e9tablissement soit \u00e0 titre de droit, soit s\u2019il (elle) est \u00e9lu(e) : CA, CESC, CHS, conseil de classe, etc., et \u00e9tablit les liens n\u00e9cessaires avec les professionnels du r\u00e9seau de soins.<\/li>\n<\/ul>\n\n\n\n<p>Les infirmi\u00e8res sont un R\u00e9f\u00e9rent sant\u00e9 tant dans le domaine individuel que collectif.<\/p>\n\n\n\n<p>Les infirmi\u00e8res sont \u00e0 disposition de la communaut\u00e9 scolaire pour r\u00e9pondre aux besoins des \u00e9l\u00e8ves, et ce dans le respect du secret professionnel.<\/p>\n\n<div class=\"twitter-share\"><a href=\"https:\/\/twitter.com\/intent\/tweet?via=lp_djj\" class=\"twitter-share-button\">Tweet<\/a><\/div>\n","protected":false},"excerpt":{"rendered":"<p>Les locaux de l\u2019infirmerie sont situ\u00e9s au rez-de-chauss\u00e9e du b\u00e2timent E. L\u2019infirmerie est commune pour l\u2019ensemble de la cit\u00e9 scolaire. Elle est ouverte tous les jours pendant les heures de cours. Pour y acc\u00e9der, les \u00e9l\u00e8ves doivent faire remplir un feuillet de leur carnet de correspondance par leur enseignant et par la vie scolaire. Personnel&nbsp;: deux infirmi\u00e8res Elles peuvent \u00eatre jointes aux heures d&rsquo;ouverture de l&rsquo;infirmerie au 05 96 61 99 53 ou au poste 482 ou 483 \u00e0 partir d&rsquo;un t\u00e9l\u00e9phone interne. Les missions La mission de l\u2019infirmier(e) de l\u2019\u00e9ducation nationale s\u2019inscrit dans la politique g\u00e9n\u00e9rale de l\u2019\u00e9ducation national qui est de promouvoir la r\u00e9ussite scolaire des \u00e9l\u00e8ves et des \u00e9tudiants. Dans ce cadre, il (elle): La mission de l\u2019infirmier(e) s\u2019effectue en synergie avec les membres de la communaut\u00e9 \u00e9ducative, dans le respect des comp\u00e9tences de chacun et requiert d\u2019organiser efficacement le partenariat. Les fonctions L\u2019infirmi\u00e8re dans le cadre de son r\u00f4le relationnel, technique et \u00e9ducatif accueille tout \u00e9l\u00e8ve qui la sollicite pour quelque motif que ce soit y compris d\u2019ordre relationnel ou psychologique, d\u00e8s lors qu\u2019il y a une incidence sur sa sant\u00e9 ou sa scolarit\u00e9 ou sa vie sociale. Dans cet objectif, l\u2019infirmier(e) : L\u2019infirmi\u00e8re \u00e9value le degr\u00e9 de gravit\u00e9, donne les premiers soins en se r\u00e9f\u00e9rant au protocole national sur l&rsquo;organisation des soins et des urgences dans les \u00e9tablissements scolaires (BO du 6 janvier 2000). Si besoin, elle fait appel au SAMU et elle en avertit les parents. Elle applique les traitements m\u00e9dicaux prescrits par le m\u00e9decin de&nbsp;l&rsquo;\u00e9l\u00e8ve pour&nbsp;ceux qui pr\u00e9sentent une pathologie chronique dans le cadre d&rsquo;un PAI (projet d&rsquo;accueil individualis\u00e9). Des traitements d&rsquo;urgence sont \u00e9galement d\u00e9pos\u00e9s \u00e0 l&rsquo;infirmerie en d\u00e9but d&rsquo;ann\u00e9e par les \u00e9l\u00e8ves qui ont un traitement ponctuel. Elle peut donner quelques m\u00e9dicaments pr\u00e9vus dans le protocole de leur propre initiative. Elle organise et r\u00e9alise le suivi infirmier de la sant\u00e9 des \u00e9l\u00e8ves, d\u00e9veloppe, en fonction des besoins rep\u00e9r\u00e9s, une dynamique d\u2019\u00e9ducation \u00e0 la sant\u00e9 dans le cadre du projet d\u2019\u00e9tablissement. Les actions d\u2019\u00e9ducation \u00e0 la sant\u00e9 visent \u00e0 rendre l\u2019\u00e9l\u00e8ve responsable, autonome et acteur de pr\u00e9vention. Elles permettent \u00e9galement de venir en aide aux \u00e9l\u00e8ves manifestant des signes inqui\u00e9tants de mal-\u00eatre : usage de produits licites ou non, absent\u00e9isme, d\u00e9sinvestissement scolaire, repli sur soi, conduites suicidaires. Les conseils et informations sont dispens\u00e9s : Elle&nbsp;participe \u00e0 la mise en place des dispositifs adapt\u00e9s en cas d\u2019\u00e9v\u00e9nements graves survenant dans la communaut\u00e9 scolaire&nbsp;; favorise la scolarisation des enfants et des adolescents atteints de troubles de la sant\u00e9 \u00e9voluant sur une longue p\u00e9riode et participe au protocole de soins et d&rsquo;urgence pr\u00e9vu dans le cadre du projet d&rsquo;accueil individualis\u00e9 (PAI)&nbsp;; contribue \u00e0 l&rsquo;int\u00e9gration scolaire des enfants et adolescents atteints de handicap. &nbsp;L\u2019infirmi\u00e8re participe \u00e0 leur int\u00e9gration avec l&rsquo;ensemble de l&rsquo;\u00e9quipe \u00e9ducative en liaison avec les partenaires ext\u00e9rieurs, les soignants, la MDPH (Maison D\u00e9partementale de la Personne Handicap\u00e9e), les associations et les familles. Elle contribue \u00e0 l&rsquo;analyse des besoins particuliers du jeune, participe \u00e0 la mise en \u0153uvre des soins, des am\u00e9nagements n\u00e9cessaires \u00e0 l&rsquo;\u00e9laboration du Projet Personnalis\u00e9 de Scolarisation et aux r\u00e9unions de synth\u00e8se. Les infirmi\u00e8res sont un R\u00e9f\u00e9rent sant\u00e9 tant dans le domaine individuel que collectif. Les infirmi\u00e8res sont \u00e0 disposition de la communaut\u00e9 scolaire pour r\u00e9pondre aux besoins des \u00e9l\u00e8ves, et ce dans le respect du secret professionnel.<\/p>\n","protected":false},"author":73,"featured_media":0,"parent":0,"menu_order":0,"comment_status":"closed","ping_status":"closed","template":"","meta":{"footnotes":""},"class_list":["post-3148","page","type-page","status-publish","hentry"],"_links":{"self":[{"href":"https:\/\/site.ac-martinique.fr\/lyc-dumasjeanjoseph\/index.php?rest_route=\/wp\/v2\/pages\/3148","targetHints":{"allow":["GET"]}}],"collection":[{"href":"https:\/\/site.ac-martinique.fr\/lyc-dumasjeanjoseph\/index.php?rest_route=\/wp\/v2\/pages"}],"about":[{"href":"https:\/\/site.ac-martinique.fr\/lyc-dumasjeanjoseph\/index.php?rest_route=\/wp\/v2\/types\/page"}],"author":[{"embeddable":true,"href":"https:\/\/site.ac-martinique.fr\/lyc-dumasjeanjoseph\/index.php?rest_route=\/wp\/v2\/users\/73"}],"replies":[{"embeddable":true,"href":"https:\/\/site.ac-martinique.fr\/lyc-dumasjeanjoseph\/index.php?rest_route=%2Fwp%2Fv2%2Fcomments&post=3148"}],"version-history":[{"count":3,"href":"https:\/\/site.ac-martinique.fr\/lyc-dumasjeanjoseph\/index.php?rest_route=\/wp\/v2\/pages\/3148\/revisions"}],"predecessor-version":[{"id":3512,"href":"https:\/\/site.ac-martinique.fr\/lyc-dumasjeanjoseph\/index.php?rest_route=\/wp\/v2\/pages\/3148\/revisions\/3512"}],"wp:attachment":[{"href":"https:\/\/site.ac-martinique.fr\/lyc-dumasjeanjoseph\/index.php?rest_route=%2Fwp%2Fv2%2Fmedia&parent=3148"}],"curies":[{"name":"wp","href":"https:\/\/api.w.org\/{rel}","templated":true}]}}