{"id":3156,"date":"2023-09-18T21:21:55","date_gmt":"2023-09-18T20:21:55","guid":{"rendered":"https:\/\/site.ac-martinique.fr\/lyc-dumasjeanjoseph\/?page_id=3156"},"modified":"2023-09-24T16:12:11","modified_gmt":"2023-09-24T15:12:11","slug":"assistante-sociale","status":"publish","type":"page","link":"https:\/\/site.ac-martinique.fr\/lyc-dumasjeanjoseph\/?page_id=3156","title":{"rendered":"Assistante sociale"},"content":{"rendered":"\n<h2 class=\"wp-block-heading\">Pr\u00e9sentation :<\/h2>\n\n\n\n<p>Les missions et le fonctionnement du service social en faveur des \u00e9l\u00e8ves sont d\u00e9clin\u00e9s dans <a href=\"https:\/\/www.education.gouv.fr\/bo\/17\/Hebdo12\/MENE1709191C.htm\" data-type=\"link\" data-id=\"https:\/\/www.education.gouv.fr\/bo\/17\/Hebdo12\/MENE1709191C.htm\">la circulaire n\u00b0 2017-055 du 22\/03\/2017<\/a><\/p>\n\n\n\n<p><strong>Les missions du service social :<\/strong><\/p>\n\n\n\n<ul class=\"wp-block-list\">\n<li>Assurer le suivi social des \u00e9l\u00e8ves en difficult\u00e9<\/li>\n\n\n\n<li>Concourir \u00e0 la pr\u00e9vention et la protection de l\u2019enfance<\/li>\n\n\n\n<li>Favoriser l\u2019accueil et l\u2019\u00e9coute de \u00ab\u00e9l\u00e8ves&nbsp;\u00bb<\/li>\n\n\n\n<li>Favoriser l\u2019accueil, l\u2019\u00e9coute et le conseil aux familles dans le cadre du suivi social et de l\u2019accompagnement \u00e0 la parentalit\u00e9<\/li>\n\n\n\n<li>Contribuer \u00e0 la pr\u00e9vention de toutes les formes de violences<\/li>\n\n\n\n<li>Pr\u00e9venir les conduites \u00e0 risques et former les \u00e9l\u00e8ves \u00e0 des comportements responsables<\/li>\n\n\n\n<li>Participer \u00e0 la lute contre le d\u00e9crochage scolaire, l\u2019absent\u00e9isme<\/li>\n\n\n\n<li>Guider, accompagner, les \u00e9l\u00e8ves qui doivent b\u00e9n\u00e9ficier d\u2019une orientation sp\u00e9cialis\u00e9e<\/li>\n\n\n\n<li>Favoriser l\u2019int\u00e9gration des \u00e9l\u00e8ves handicap\u00e9s<\/li>\n\n\n\n<li>R\u00e9aliser des actions collectives dans le domaine de l\u2019\u00e9ducation, la sant\u00e9, et la citoyennet\u00e9<\/li>\n\n\n\n<li>Dans le cadre de la protection de l\u2019enfance en danger les assistants de service social ont \u00e0&nbsp;:<\/li>\n\n\n\n<li>Evaluer le risque de danger<\/li>\n\n\n\n<li>Porter \u00e0 la connaissance des autorit\u00e9s comp\u00e9tentes les situations de jeunes en danger&nbsp; (maltraitance physique, psychologique, carences \u00e9ducatives, abus sexuels, n\u00e9gligences lourdes,&nbsp;\u2026..)<\/li>\n<\/ul>\n\n\n\n<p><strong>Les fonctions de l\u2019assistante de service social :<\/strong><\/p>\n\n\n\n<ul class=\"wp-block-list\">\n<li>Rep\u00e9rer et analyser les besoins des \u00e9l\u00e8ves<\/li>\n\n\n\n<li>Travailler en liaison permanente avec tous les membres de l\u2019\u00e9quipe \u00e9ducative<\/li>\n\n\n\n<li>R\u00e9fl\u00e9chir ensemble aux r\u00e9ponses \u00e0 apporter<\/li>\n\n\n\n<li>Collaborer au projet d\u2019\u00c9tablissement<\/li>\n\n\n\n<li>Participer aux diff\u00e9rentes instances de la communaut\u00e9 \u00e9ducative (conseil d\u2019administration, conseil de classe, conseil de discipline.<\/li>\n<\/ul>\n\n\n\n<p>Aupr\u00e8s des \u00e9l\u00e8ves et des familles :<\/p>\n\n\n\n<p>L\u2019assistant du service social est tenu au secret professionnel, ce qui garantit la confiance des personnes concern\u00e9es.<\/p>\n\n\n\n<p>Il effectue des entretiens psychosociaux dans l\u2019\u00e9tablissement et des visites \u00e0 domicile si n\u00e9cessaire. Il collabore \u00e9galement avec les partenaires ext\u00e9rieurs concern\u00e9s&nbsp;: services&nbsp; \u00e9ducatifs du conseil g\u00e9n\u00e9ral, les services de justice et de police, les associations, le rectorat\u2026<\/p>\n\n\n\n<p>L\u2019assistant de service social intervient \u00e0 sa propre initiative ou \u00e0 la demande des \u00e9l\u00e8ves, des&nbsp; familles, des membres de l\u2019\u00e9quipe \u00e9ducative ou d\u2019autres partenaires.<\/p>\n\n\n\n<p>Des imprim\u00e9s et documents de rep\u00e9rage des \u00e9l\u00e8ves en difficult\u00e9s sont \u00e0 votre disposition au service social et aupr\u00e8s des CPE de l\u2019Etablissement.<\/p>\n\n\n\n<p><\/p>\n\n\n\n<h2 class=\"wp-block-heading has-text-align-left\">Au lyc\u00e9e DUMAS JEAN JOSEPH :<\/h2>\n\n\n\n<p>Le bureau du service social est situ\u00e9 au batiment E au rez de chauss\u00e9e. L&rsquo;assitante sociale du lyc\u00e9e <strong>Mme BARBA <\/strong>assure une permanence d&rsquo;accueil chaque semaine dans le lyc\u00e9e. Les \u00e9l\u00e8ves sont re\u00e7us en dehors des heures de cours sauf cas d&rsquo;urgence.<\/p>\n\n\n\n<p>Pour les \u00e9l\u00e8ves qui rencontrent des difficult\u00e9s financi\u00e8res, des imprim\u00e9s de \u00ab&nbsp;Demande d\u2019aide sur les fonds sociaux&nbsp;\u00bb sont disponibles aupr\u00e8s du service social et de la vie scolaire.<\/p>\n\n<div class=\"twitter-share\"><a href=\"https:\/\/twitter.com\/intent\/tweet?via=lp_djj\" class=\"twitter-share-button\">Tweet<\/a><\/div>\n","protected":false},"excerpt":{"rendered":"<p>Pr\u00e9sentation : Les missions et le fonctionnement du service social en faveur des \u00e9l\u00e8ves sont d\u00e9clin\u00e9s dans la circulaire n\u00b0 2017-055 du 22\/03\/2017 Les missions du service social : Les fonctions de l\u2019assistante de service social : Aupr\u00e8s des \u00e9l\u00e8ves et des familles : L\u2019assistant du service social est tenu au secret professionnel, ce qui garantit la confiance des personnes concern\u00e9es. Il effectue des entretiens psychosociaux dans l\u2019\u00e9tablissement et des visites \u00e0 domicile si n\u00e9cessaire. Il collabore \u00e9galement avec les partenaires ext\u00e9rieurs concern\u00e9s&nbsp;: services&nbsp; \u00e9ducatifs du conseil g\u00e9n\u00e9ral, les services de justice et de police, les associations, le rectorat\u2026 L\u2019assistant de service social intervient \u00e0 sa propre initiative ou \u00e0 la demande des \u00e9l\u00e8ves, des&nbsp; familles, des membres de l\u2019\u00e9quipe \u00e9ducative ou d\u2019autres partenaires. Des imprim\u00e9s et documents de rep\u00e9rage des \u00e9l\u00e8ves en difficult\u00e9s sont \u00e0 votre disposition au service social et aupr\u00e8s des CPE de l\u2019Etablissement. Au lyc\u00e9e DUMAS JEAN JOSEPH : Le bureau du service social est situ\u00e9 au batiment E au rez de chauss\u00e9e. L&rsquo;assitante sociale du lyc\u00e9e Mme BARBA assure une permanence d&rsquo;accueil chaque semaine dans le lyc\u00e9e. Les \u00e9l\u00e8ves sont re\u00e7us en dehors des heures de cours sauf cas d&rsquo;urgence. Pour les \u00e9l\u00e8ves qui rencontrent des difficult\u00e9s financi\u00e8res, des imprim\u00e9s de \u00ab&nbsp;Demande d\u2019aide sur les fonds sociaux&nbsp;\u00bb sont disponibles aupr\u00e8s du service social et de la vie scolaire.<\/p>\n","protected":false},"author":73,"featured_media":0,"parent":0,"menu_order":0,"comment_status":"closed","ping_status":"closed","template":"","meta":{"footnotes":""},"class_list":["post-3156","page","type-page","status-publish","hentry"],"_links":{"self":[{"href":"https:\/\/site.ac-martinique.fr\/lyc-dumasjeanjoseph\/index.php?rest_route=\/wp\/v2\/pages\/3156","targetHints":{"allow":["GET"]}}],"collection":[{"href":"https:\/\/site.ac-martinique.fr\/lyc-dumasjeanjoseph\/index.php?rest_route=\/wp\/v2\/pages"}],"about":[{"href":"https:\/\/site.ac-martinique.fr\/lyc-dumasjeanjoseph\/index.php?rest_route=\/wp\/v2\/types\/page"}],"author":[{"embeddable":true,"href":"https:\/\/site.ac-martinique.fr\/lyc-dumasjeanjoseph\/index.php?rest_route=\/wp\/v2\/users\/73"}],"replies":[{"embeddable":true,"href":"https:\/\/site.ac-martinique.fr\/lyc-dumasjeanjoseph\/index.php?rest_route=%2Fwp%2Fv2%2Fcomments&post=3156"}],"version-history":[{"count":2,"href":"https:\/\/site.ac-martinique.fr\/lyc-dumasjeanjoseph\/index.php?rest_route=\/wp\/v2\/pages\/3156\/revisions"}],"predecessor-version":[{"id":3408,"href":"https:\/\/site.ac-martinique.fr\/lyc-dumasjeanjoseph\/index.php?rest_route=\/wp\/v2\/pages\/3156\/revisions\/3408"}],"wp:attachment":[{"href":"https:\/\/site.ac-martinique.fr\/lyc-dumasjeanjoseph\/index.php?rest_route=%2Fwp%2Fv2%2Fmedia&parent=3156"}],"curies":[{"name":"wp","href":"https:\/\/api.w.org\/{rel}","templated":true}]}}

<h2 class="wp-block-heading">Présentation :</h2>



<p>Les missions et le fonctionnement du service social en faveur des élèves sont déclinés dans <a href="https://www.education.gouv.fr/bo/17/Hebdo12/MENE1709191C.htm" data-type="link" data-id="https://www.education.gouv.fr/bo/17/Hebdo12/MENE1709191C.htm">la circulaire n° 2017-055 du 22/03/2017</a></p>



<p><strong>Les missions du service social :</strong></p>



<ul class="wp-block-list">
<li>Assurer le suivi social des élèves en difficulté</li>



<li>Concourir à la prévention et la protection de l’enfance</li>



<li>Favoriser l’accueil et l’écoute de «élèves&nbsp;»</li>



<li>Favoriser l’accueil, l’écoute et le conseil aux familles dans le cadre du suivi social et de l’accompagnement à la parentalité</li>



<li>Contribuer à la prévention de toutes les formes de violences</li>



<li>Prévenir les conduites à risques et former les élèves à des comportements responsables</li>



<li>Participer à la lute contre le décrochage scolaire, l’absentéisme</li>



<li>Guider, accompagner, les élèves qui doivent bénéficier d’une orientation spécialisée</li>



<li>Favoriser l’intégration des élèves handicapés</li>



<li>Réaliser des actions collectives dans le domaine de l’éducation, la santé, et la citoyenneté</li>



<li>Dans le cadre de la protection de l’enfance en danger les assistants de service social ont à&nbsp;:</li>



<li>Evaluer le risque de danger</li>



<li>Porter à la connaissance des autorités compétentes les situations de jeunes en danger&nbsp; (maltraitance physique, psychologique, carences éducatives, abus sexuels, négligences lourdes,&nbsp;…..)</li>
</ul>



<p><strong>Les fonctions de l’assistante de service social :</strong></p>



<ul class="wp-block-list">
<li>Repérer et analyser les besoins des élèves</li>



<li>Travailler en liaison permanente avec tous les membres de l’équipe éducative</li>



<li>Réfléchir ensemble aux réponses à apporter</li>



<li>Collaborer au projet d’Établissement</li>



<li>Participer aux différentes instances de la communauté éducative (conseil d’administration, conseil de classe, conseil de discipline.</li>
</ul>



<p>Auprès des élèves et des familles :</p>



<p>L’assistant du service social est tenu au secret professionnel, ce qui garantit la confiance des personnes concernées.</p>



<p>Il effectue des entretiens psychosociaux dans l’établissement et des visites à domicile si nécessaire. Il collabore également avec les partenaires extérieurs concernés&nbsp;: services&nbsp; éducatifs du conseil général, les services de justice et de police, les associations, le rectorat…</p>



<p>L’assistant de service social intervient à sa propre initiative ou à la demande des élèves, des&nbsp; familles, des membres de l’équipe éducative ou d’autres partenaires.</p>



<p>Des imprimés et documents de repérage des élèves en difficultés sont à votre disposition au service social et auprès des CPE de l’Etablissement.</p>



<p></p>



<h2 class="wp-block-heading has-text-align-left">Au lycée DUMAS JEAN JOSEPH :</h2>



<p>Le bureau du service social est situé au batiment E au rez de chaussée. L&rsquo;assitante sociale du lycée <strong>Mme BARBA </strong>assure une permanence d&rsquo;accueil chaque semaine dans le lycée. Les élèves sont reçus en dehors des heures de cours sauf cas d&rsquo;urgence.</p>



<p>Pour les élèves qui rencontrent des difficultés financières, des imprimés de «&nbsp;Demande d’aide sur les fonds sociaux&nbsp;» sont disponibles auprès du service social et de la vie scolaire.</p>

<div class="twitter-share"><a href="https://twitter.com/intent/tweet?via=lp_djj" class="twitter-share-button">Tweet</a></div>

<p>Présentation : Les missions et le fonctionnement du service social en faveur des élèves sont déclinés dans la circulaire n° 2017-055 du 22/03/2017 Les missions du service social : Les fonctions de l’assistante de service social : Auprès des élèves et des familles : L’assistant du service social est tenu au secret professionnel, ce qui garantit la confiance des personnes concernées. Il effectue des entretiens psychosociaux dans l’établissement et des visites à domicile si nécessaire. Il collabore également avec les partenaires extérieurs concernés&nbsp;: services&nbsp; éducatifs du conseil général, les services de justice et de police, les associations, le rectorat… L’assistant de service social intervient à sa propre initiative ou à la demande des élèves, des&nbsp; familles, des membres de l’équipe éducative ou d’autres partenaires. Des imprimés et documents de repérage des élèves en difficultés sont à votre disposition au service social et auprès des CPE de l’Etablissement. Au lycée DUMAS JEAN JOSEPH : Le bureau du service social est situé au batiment E au rez de chaussée. L&rsquo;assitante sociale du lycée Mme BARBA assure une permanence d&rsquo;accueil chaque semaine dans le lycée. Les élèves sont reçus en dehors des heures de cours sauf cas d&rsquo;urgence. Pour les élèves qui rencontrent des difficultés financières, des imprimés de «&nbsp;Demande d’aide sur les fonds sociaux&nbsp;» sont disponibles auprès du service social et de la vie scolaire.</p>
