{"id":3273,"date":"2023-09-23T22:36:43","date_gmt":"2023-09-23T21:36:43","guid":{"rendered":"https:\/\/site.ac-martinique.fr\/lyc-dumasjeanjoseph\/?page_id=3273"},"modified":"2023-09-24T17:28:14","modified_gmt":"2023-09-24T16:28:14","slug":"cap-aph","status":"publish","type":"page","link":"https:\/\/site.ac-martinique.fr\/lyc-dumasjeanjoseph\/?page_id=3273","title":{"rendered":"CAP APH"},"content":{"rendered":"\n<p><strong>APH : Agent de Propret\u00e9 et d&rsquo;Hygi\u00e8ne<\/strong><\/p>\n\n\n\n<p><em>Le CAP (certificat d&rsquo;aptitude professionnelle) est un dipl\u00f4me professionnel national d\u00e9livr\u00e9 par le Minist\u00e8re de l&rsquo;Education nationale. Il se pr\u00e9pare en 2 ans apr\u00e8s la 3\u00e8me. <\/em><\/p>\n\n\n\n<h2 class=\"wp-block-heading\"><strong>Pr\u00e9sentation<\/strong>:<\/h2>\n\n\n\n<p>Le CAP APH (Agent de Propret\u00e9 et d&rsquo;Hygi\u00e8ne)  forme des agents (tes) qualifi\u00e9s (\u00e9es) polyvalents (tes) dans le domaine de la propret\u00e9 et de l&rsquo;hygi\u00e8ne.  Le titulaire de ce CAP est un agent sp\u00e9cialiste de la propret\u00e9, de l&rsquo;hygi\u00e8ne et de l&rsquo;entretien des locaux et des \u00e9quipements. Il assure le nettoyage de diff\u00e9rents locaux : bureaux, grands magasins, h\u00f4pitaux, ateliers de production d&rsquo;entreprises, etc. Ce professionnel qualifi\u00e9 effectue l&rsquo;entretien courant (balayage, lavage, lustrage\u2026) et assure aussi des travaux de remise en \u00e9tat (d\u00e9capage, pon\u00e7age, d\u00e9sinfection\u2026), de bionettoyage et de gestion des d\u00e9chets. Pour mener \u00e0 bien ces t\u00e2ches, il utilise des machines (monobrosse, autolaveuse\u2026) et produits sp\u00e9cifiques. Son champ d&rsquo;activit\u00e9s s&rsquo;\u00e9tend aussi au \u00ab contr\u00f4le qualit\u00e9 \u00bb de ses prestations, ainsi qu&rsquo;\u00e0 des interventions de maintenance correctives ou pr\u00e9ventives de premier niveau.<\/p>\n\n\n\n<p><\/p>\n\n\n\n<h2 class=\"wp-block-heading\"><strong>Les d\u00e9bouch\u00e9s :<\/strong><\/h2>\n\n\n\n<p>Le (la) titulaire d\u2019un CAP APH peut exercer son m\u00e9tier dans une grande vari\u00e9t\u00e9 de structures :<\/p>\n\n\n\n<ul class=\"wp-block-list\">\n<li>entreprises ou services commerciaux, administratifs, industriels,<\/li>\n\n\n\n<li>Milieux sportifs, culturels,<\/li>\n\n\n\n<li>Transports collectifs,<\/li>\n\n\n\n<li>Collectivit\u00e9s,<\/li>\n\n\n\n<li>Etablissements de soins ou m\u00e9dico-sociaux, laboratoires, etc.<\/li>\n<\/ul>\n\n\n\n<p>Il pourra , par ailleurs, pr\u00e9tendre aux m\u00e9tiers suivants :<\/p>\n\n\n\n<ul class=\"wp-block-list\">\n<li>Agent(te) de propret\u00e9, ou d\u2019entretien et de r\u00e9novation,<\/li>\n\n\n\n<li>Qualifi\u00e9(\u00e9e) en propret\u00e9 hospitali\u00e8re,<\/li>\n\n\n\n<li>Qualifi\u00e9(\u00e9e) en ultra propret\u00e9,<\/li>\n\n\n\n<li>Machiniste\u2026<\/li>\n<\/ul>\n\n\n\n<p><strong>Evolution de carri\u00e8re :<br><\/strong>Apr\u00e8s quelques ann\u00e9es d&rsquo;exp\u00e9rience, un(une) Agent(te)de propret\u00e9 peut gagner en responsabilit\u00e9 et<br>devenir chef(ffe) d\u2019\u00e9quipe, conducteur(trice) de travaux.<\/p>\n\n<div class=\"twitter-share\"><a href=\"https:\/\/twitter.com\/intent\/tweet?via=lp_djj\" class=\"twitter-share-button\">Tweet<\/a><\/div>\n","protected":false},"excerpt":{"rendered":"<p>APH : Agent de Propret\u00e9 et d&rsquo;Hygi\u00e8ne Le CAP (certificat d&rsquo;aptitude professionnelle) est un dipl\u00f4me professionnel national d\u00e9livr\u00e9 par le Minist\u00e8re de l&rsquo;Education nationale. Il se pr\u00e9pare en 2 ans apr\u00e8s la 3\u00e8me. Pr\u00e9sentation: Le CAP APH (Agent de Propret\u00e9 et d&rsquo;Hygi\u00e8ne) forme des agents (tes) qualifi\u00e9s (\u00e9es) polyvalents (tes) dans le domaine de la propret\u00e9 et de l&rsquo;hygi\u00e8ne. Le titulaire de ce CAP est un agent sp\u00e9cialiste de la propret\u00e9, de l&rsquo;hygi\u00e8ne et de l&rsquo;entretien des locaux et des \u00e9quipements. Il assure le nettoyage de diff\u00e9rents locaux : bureaux, grands magasins, h\u00f4pitaux, ateliers de production d&rsquo;entreprises, etc. Ce professionnel qualifi\u00e9 effectue l&rsquo;entretien courant (balayage, lavage, lustrage\u2026) et assure aussi des travaux de remise en \u00e9tat (d\u00e9capage, pon\u00e7age, d\u00e9sinfection\u2026), de bionettoyage et de gestion des d\u00e9chets. Pour mener \u00e0 bien ces t\u00e2ches, il utilise des machines (monobrosse, autolaveuse\u2026) et produits sp\u00e9cifiques. Son champ d&rsquo;activit\u00e9s s&rsquo;\u00e9tend aussi au \u00ab contr\u00f4le qualit\u00e9 \u00bb de ses prestations, ainsi qu&rsquo;\u00e0 des interventions de maintenance correctives ou pr\u00e9ventives de premier niveau. Les d\u00e9bouch\u00e9s : Le (la) titulaire d\u2019un CAP APH peut exercer son m\u00e9tier dans une grande vari\u00e9t\u00e9 de structures : Il pourra , par ailleurs, pr\u00e9tendre aux m\u00e9tiers suivants : Evolution de carri\u00e8re :Apr\u00e8s quelques ann\u00e9es d&rsquo;exp\u00e9rience, un(une) Agent(te)de propret\u00e9 peut gagner en responsabilit\u00e9 etdevenir chef(ffe) d\u2019\u00e9quipe, conducteur(trice) de travaux.<\/p>\n","protected":false},"author":73,"featured_media":0,"parent":0,"menu_order":0,"comment_status":"closed","ping_status":"closed","template":"","meta":{"footnotes":""},"class_list":["post-3273","page","type-page","status-publish","hentry"],"_links":{"self":[{"href":"https:\/\/site.ac-martinique.fr\/lyc-dumasjeanjoseph\/index.php?rest_route=\/wp\/v2\/pages\/3273","targetHints":{"allow":["GET"]}}],"collection":[{"href":"https:\/\/site.ac-martinique.fr\/lyc-dumasjeanjoseph\/index.php?rest_route=\/wp\/v2\/pages"}],"about":[{"href":"https:\/\/site.ac-martinique.fr\/lyc-dumasjeanjoseph\/index.php?rest_route=\/wp\/v2\/types\/page"}],"author":[{"embeddable":true,"href":"https:\/\/site.ac-martinique.fr\/lyc-dumasjeanjoseph\/index.php?rest_route=\/wp\/v2\/users\/73"}],"replies":[{"embeddable":true,"href":"https:\/\/site.ac-martinique.fr\/lyc-dumasjeanjoseph\/index.php?rest_route=%2Fwp%2Fv2%2Fcomments&post=3273"}],"version-history":[{"count":4,"href":"https:\/\/site.ac-martinique.fr\/lyc-dumasjeanjoseph\/index.php?rest_route=\/wp\/v2\/pages\/3273\/revisions"}],"predecessor-version":[{"id":3429,"href":"https:\/\/site.ac-martinique.fr\/lyc-dumasjeanjoseph\/index.php?rest_route=\/wp\/v2\/pages\/3273\/revisions\/3429"}],"wp:attachment":[{"href":"https:\/\/site.ac-martinique.fr\/lyc-dumasjeanjoseph\/index.php?rest_route=%2Fwp%2Fv2%2Fmedia&parent=3273"}],"curies":[{"name":"wp","href":"https:\/\/api.w.org\/{rel}","templated":true}]}}