{"id":3312,"date":"2023-09-24T01:38:40","date_gmt":"2023-09-24T00:38:40","guid":{"rendered":"https:\/\/site.ac-martinique.fr\/lyc-dumasjeanjoseph\/?page_id=3312"},"modified":"2024-01-25T15:19:37","modified_gmt":"2024-01-25T14:19:37","slug":"bac-pro-gppe","status":"publish","type":"page","link":"https:\/\/site.ac-martinique.fr\/lyc-dumasjeanjoseph\/?page_id=3312","title":{"rendered":"BAC PRO GPPE"},"content":{"rendered":"\n<p><strong>GPPE : Gestion des Pollutions et Protection de l\u2019Environnement<\/strong><\/p>\n\n\n\n<p><em>Les baccalaur\u00e9ats professionnels se pr\u00e9parent en 3 ans apr\u00e8s la 3<sup>e<\/sup>&nbsp;(2<sup>de<\/sup>&nbsp;pro, 1<sup>re<\/sup>&nbsp;pro et T<sup>le<\/sup>&nbsp;pro) en lyc\u00e9e professionnel. Ce dipl\u00f4me est \u00e9galement accessible apr\u00e8s un CAP ou une 2<sup>de<\/sup>&nbsp;g\u00e9n\u00e9rale et technologique.<\/em><\/p>\n\n\n\n<h2 class=\"wp-block-heading\">Pr\u00e9sentation :<\/h2>\n\n\n\n<p>Le titulaire de ce bac pro est un professionnel qualifi\u00e9 capable de prendre en charge des chantiers dans les secteurs de l&rsquo;assainissement, du nettoyage de sites industriels et de la d\u00e9pollution des sites naturels pollu\u00e9s. Il organise des chantiers (dur\u00e9e, m\u00e9thode, mat\u00e9riels, mat\u00e9riaux, personnel), les met en place et en assure le suivi. Les enseignements de sciences et technologies de la protection de l&rsquo;environnement lui donnent les capacit\u00e9s de contr\u00f4ler ou d&rsquo;expertiser l&rsquo;application des r\u00e9glementations, la gestion des risques, la ma\u00eetrise de la qualit\u00e9. Apte \u00e0 \u00e9valuer les pollutions et les nuisances sur les \u00e9cosyst\u00e8mes, il est form\u00e9 pour proposer des actions pr\u00e9ventives et correctives.<\/p>\n\n\n\n<p>Le titulaire de la sp\u00e9cialit\u00e9 <strong>Gestion des Pollutions et Protection de l\u2019Environnement <\/strong>est un chef d\u2019\u00e9quipe qui exerce principalement dans les diff\u00e9rents secteurs :<br><\/p>\n\n\n\n<ul class=\"wp-block-list\">\n<li>Assainissement et du nettoyage industriel : (maintenance des r\u00e9seaux et des ouvrages d\u2019assainissement collectif et non collectif d\u2019eaux us\u00e9es et pluviales),<\/li>\n\n\n\n<li>Hygi\u00e8ne immobili\u00e8re : (entretien des canalisations et prestation 3D (d\u00e9sinfection, d\u00e9ratisation, d\u00e9sinsectisation)<\/li>\n\n\n\n<li>Nettoyage des sites industriels,<\/li>\n\n\n\n<li>D\u00e9pollution des sites,<\/li>\n\n\n\n<li>Collecte et transport des d\u00e9chets industriels,<\/li>\n\n\n\n<li>Gestion des d\u00e9chets en centre de transit, de regroupement et de tri ; du nettoiement, de la collecte, tri et conditionnement des d\u00e9chets solides.<\/li>\n<\/ul>\n\n\n\n<p><\/p>\n\n\n\n<h2 class=\"wp-block-heading\">Les d\u00e9bouch\u00e9s :<\/h2>\n\n\n\n<p>Le dipl\u00f4m\u00e9 occupe des postes de conducteur de travaux ou de chef de chantiers dans des PME ou TPE relevant des secteurs de l&rsquo;assainissement et du nettoyage industriel, du nettoiement, de la collecte, du tri et du conditionnement des d\u00e9chets solides. Il peut travailler au sein d&rsquo;installations industrielles et p\u00e9troli\u00e8res, de r\u00e9seaux de collecte, de stockage et d&rsquo;\u00e9vacuation des eaux et des d\u00e9chets industriel.<\/p>\n\n\n\n<p>Sur le terrain ce chef d\u2019\u00e9quipe est amen\u00e9 \u00e0 exercer les fonctions suivantes :<\/p>\n\n\n\n<ul class=\"wp-block-list\">\n<li> Organisation des chantiers \u00e9laboration,<\/li>\n\n\n\n<li>\u00c9laboration et mise en \u0153uvre des proc\u00e9dures et modes<br>op\u00e9ratoires,<\/li>\n\n\n\n<li>Conduite d\u2019une \u00e9quipe,<\/li>\n\n\n\n<li> Organisation de la maintenance,<br><\/li>\n<\/ul>\n\n\n\n<p>A l\u2019issue du bac pro le laur\u00e9at peut int\u00e9grer les formations suivantes :<\/p>\n\n\n\n<ul class=\"wp-block-list\">\n<li>BTS M\u00e9tiers de l\u2019eau,<\/li>\n\n\n\n<li>BTS M\u00e9tiers des services \u00e0 l&rsquo;environnement,<\/li>\n\n\n\n<li>BTSA Gestion et ma\u00eetrise de l\u2019eau.<\/li>\n<\/ul>\n\n\n\n<figure class=\"wp-block-video\"><video height=\"360\" style=\"aspect-ratio: 640 \/ 360;\" width=\"640\" controls src=\"https:\/\/site.ac-martinique.fr\/lyc-dumasjeanjoseph\/wp-content\/uploads\/sites\/41\/2015\/03\/ONISEP-Martinique-BAC-PRO-Gestion-des-Pollutions-et-Protection-de-lEnvironnement1.mp4\"><\/video><figcaption class=\"wp-element-caption\">Pr\u00e9sentation du BAC PRO GPPE<\/figcaption><\/figure>\n\n<div class=\"twitter-share\"><a href=\"https:\/\/twitter.com\/intent\/tweet?via=lp_djj\" class=\"twitter-share-button\">Tweet<\/a><\/div>\n","protected":false},"excerpt":{"rendered":"<p>GPPE : Gestion des Pollutions et Protection de l\u2019Environnement Les baccalaur\u00e9ats professionnels se pr\u00e9parent en 3 ans apr\u00e8s la 3e&nbsp;(2de&nbsp;pro, 1re&nbsp;pro et Tle&nbsp;pro) en lyc\u00e9e professionnel. Ce dipl\u00f4me est \u00e9galement accessible apr\u00e8s un CAP ou une 2de&nbsp;g\u00e9n\u00e9rale et technologique. Pr\u00e9sentation : Le titulaire de ce bac pro est un professionnel qualifi\u00e9 capable de prendre en charge des chantiers dans les secteurs de l&rsquo;assainissement, du nettoyage de sites industriels et de la d\u00e9pollution des sites naturels pollu\u00e9s. Il organise des chantiers (dur\u00e9e, m\u00e9thode, mat\u00e9riels, mat\u00e9riaux, personnel), les met en place et en assure le suivi. Les enseignements de sciences et technologies de la protection de l&rsquo;environnement lui donnent les capacit\u00e9s de contr\u00f4ler ou d&rsquo;expertiser l&rsquo;application des r\u00e9glementations, la gestion des risques, la ma\u00eetrise de la qualit\u00e9. Apte \u00e0 \u00e9valuer les pollutions et les nuisances sur les \u00e9cosyst\u00e8mes, il est form\u00e9 pour proposer des actions pr\u00e9ventives et correctives. Le titulaire de la sp\u00e9cialit\u00e9 Gestion des Pollutions et Protection de l\u2019Environnement est un chef d\u2019\u00e9quipe qui exerce principalement dans les diff\u00e9rents secteurs : Les d\u00e9bouch\u00e9s : Le dipl\u00f4m\u00e9 occupe des postes de conducteur de travaux ou de chef de chantiers dans des PME ou TPE relevant des secteurs de l&rsquo;assainissement et du nettoyage industriel, du nettoiement, de la collecte, du tri et du conditionnement des d\u00e9chets solides. Il peut travailler au sein d&rsquo;installations industrielles et p\u00e9troli\u00e8res, de r\u00e9seaux de collecte, de stockage et d&rsquo;\u00e9vacuation des eaux et des d\u00e9chets industriel. Sur le terrain ce chef d\u2019\u00e9quipe est amen\u00e9 \u00e0 exercer les fonctions suivantes : A l\u2019issue du bac pro le laur\u00e9at peut int\u00e9grer les formations suivantes :<\/p>\n","protected":false},"author":73,"featured_media":0,"parent":0,"menu_order":0,"comment_status":"closed","ping_status":"closed","template":"","meta":{"footnotes":""},"class_list":["post-3312","page","type-page","status-publish","hentry"],"_links":{"self":[{"href":"https:\/\/site.ac-martinique.fr\/lyc-dumasjeanjoseph\/index.php?rest_route=\/wp\/v2\/pages\/3312","targetHints":{"allow":["GET"]}}],"collection":[{"href":"https:\/\/site.ac-martinique.fr\/lyc-dumasjeanjoseph\/index.php?rest_route=\/wp\/v2\/pages"}],"about":[{"href":"https:\/\/site.ac-martinique.fr\/lyc-dumasjeanjoseph\/index.php?rest_route=\/wp\/v2\/types\/page"}],"author":[{"embeddable":true,"href":"https:\/\/site.ac-martinique.fr\/lyc-dumasjeanjoseph\/index.php?rest_route=\/wp\/v2\/users\/73"}],"replies":[{"embeddable":true,"href":"https:\/\/site.ac-martinique.fr\/lyc-dumasjeanjoseph\/index.php?rest_route=%2Fwp%2Fv2%2Fcomments&post=3312"}],"version-history":[{"count":4,"href":"https:\/\/site.ac-martinique.fr\/lyc-dumasjeanjoseph\/index.php?rest_route=\/wp\/v2\/pages\/3312\/revisions"}],"predecessor-version":[{"id":4018,"href":"https:\/\/site.ac-martinique.fr\/lyc-dumasjeanjoseph\/index.php?rest_route=\/wp\/v2\/pages\/3312\/revisions\/4018"}],"wp:attachment":[{"href":"https:\/\/site.ac-martinique.fr\/lyc-dumasjeanjoseph\/index.php?rest_route=%2Fwp%2Fv2%2Fmedia&parent=3312"}],"curies":[{"name":"wp","href":"https:\/\/api.w.org\/{rel}","templated":true}]}}