{"id":3324,"date":"2023-09-24T01:49:33","date_gmt":"2023-09-24T00:49:33","guid":{"rendered":"https:\/\/site.ac-martinique.fr\/lyc-dumasjeanjoseph\/?page_id=3324"},"modified":"2024-01-25T18:27:23","modified_gmt":"2024-01-25T17:27:23","slug":"bac-pro-assp","status":"publish","type":"page","link":"https:\/\/site.ac-martinique.fr\/lyc-dumasjeanjoseph\/?page_id=3324","title":{"rendered":"BAC PRO ASSP"},"content":{"rendered":"\n<p><strong>ASSP: Accompagnement, Soins et Services \u00e0 la Personne<\/strong><\/p>\n\n\n\n<p><em>Les baccalaur\u00e9ats professionnels se pr\u00e9parent en 3 ans apr\u00e8s la 3<sup>e<\/sup>&nbsp;(2<sup>de<\/sup>&nbsp;pro, 1<sup>re<\/sup>&nbsp;pro et T<sup>le<\/sup>&nbsp;pro) en lyc\u00e9e professionnel. Ce dipl\u00f4me est \u00e9galement accessible apr\u00e8s un CAP ou une 2<sup>de<\/sup>&nbsp;g\u00e9n\u00e9rale et technologique.<\/em><\/p>\n\n\n\n<p><\/p>\n\n\n\n<h2 class=\"wp-block-heading\">Pr\u00e9sentation :<\/h2>\n\n\n\n<p>Le titulaire du Bac pro ASSP ( <strong>Accompagnement, Soins et Services \u00e0 la Personne<\/strong>) assurera l\u2019accueil, les soins d\u2019hygi\u00e8ne, l\u2019alimentation, le confort et la s\u00e9curit\u00e9 des personnes dont il a la charge (enfants, personnes \u00e2g\u00e9es, personnes en situation de handicap d\u00e9pendantes\u2026).<\/p>\n\n\n\n<p>Il sera aussi en charge d\u2019animer des activit\u00e9s de loisirs, d\u2019assurer l\u2019entretien et l\u2019hygi\u00e8ne de l\u2019espace de vie de l\u2019usager.<\/p>\n\n\n\n<p>Enfin il peut aussi contribuer au d\u00e9veloppement et \u00e0 l\u2019\u00e9ducation de l\u2019enfant ainsi qu\u2019au maintien de l\u2019autonomie des personnes fragiles.<\/p>\n\n\n\n<p><\/p>\n\n\n\n<h2 class=\"wp-block-heading\">Les d\u00e9bouch\u00e9s :<\/h2>\n\n\n\n<p>Le titulaire de ce Bac Pro peut travailler au sein d\u2019associations, de collectivit\u00e9s territoriales, ou<br>d\u2019entreprises, aupr\u00e8s d&#8217;employeurs particuliers, de structures d\u2019accueil et d\u2019h\u00e9bergement, et \u00e0 titre d\u2019exemples :<\/p>\n\n\n\n<ul class=\"wp-block-list\">\n<li>Assistant en soin et en sant\u00e9 communautaire,<\/li>\n\n\n\n<li>Assistant de responsable de secteur,<\/li>\n\n\n\n<li> Responsable h\u00e9bergement,<\/li>\n\n\n\n<li>Intervenant en structures d\u2019accueil de la petite enfance et bien<br>d\u2019autres,<\/li>\n\n\n\n<li>Accompagnant de personnes fragilis\u00e9es, de personnes<br>handicap\u00e9es,<\/li>\n\n\n\n<li>Ma\u00eetresse de maison, gouvernante,<\/li>\n\n\n\n<li>Responsable h\u00e9bergement,<\/li>\n\n\n\n<li>Responsable de petites unit\u00e9s en domicile collectif,<\/li>\n\n\n\n<li>Intervenant en structures d\u2019accueil de la petite enfance.<\/li>\n<\/ul>\n\n\n\n<figure class=\"wp-block-video\"><video height=\"360\" style=\"aspect-ratio: 640 \/ 360;\" width=\"640\" controls src=\"https:\/\/site.ac-martinique.fr\/lyc-dumasjeanjoseph\/wp-content\/uploads\/sites\/41\/2024\/01\/BAC-PRO-ASSP-GR.mp4\"><\/video><\/figure>\n\n<div class=\"twitter-share\"><a href=\"https:\/\/twitter.com\/intent\/tweet?via=lp_djj\" class=\"twitter-share-button\">Tweet<\/a><\/div>\n","protected":false},"excerpt":{"rendered":"<p>ASSP: Accompagnement, Soins et Services \u00e0 la Personne Les baccalaur\u00e9ats professionnels se pr\u00e9parent en 3 ans apr\u00e8s la 3e&nbsp;(2de&nbsp;pro, 1re&nbsp;pro et Tle&nbsp;pro) en lyc\u00e9e professionnel. Ce dipl\u00f4me est \u00e9galement accessible apr\u00e8s un CAP ou une 2de&nbsp;g\u00e9n\u00e9rale et technologique. Pr\u00e9sentation : Le titulaire du Bac pro ASSP ( Accompagnement, Soins et Services \u00e0 la Personne) assurera l\u2019accueil, les soins d\u2019hygi\u00e8ne, l\u2019alimentation, le confort et la s\u00e9curit\u00e9 des personnes dont il a la charge (enfants, personnes \u00e2g\u00e9es, personnes en situation de handicap d\u00e9pendantes\u2026). Il sera aussi en charge d\u2019animer des activit\u00e9s de loisirs, d\u2019assurer l\u2019entretien et l\u2019hygi\u00e8ne de l\u2019espace de vie de l\u2019usager. Enfin il peut aussi contribuer au d\u00e9veloppement et \u00e0 l\u2019\u00e9ducation de l\u2019enfant ainsi qu\u2019au maintien de l\u2019autonomie des personnes fragiles. Les d\u00e9bouch\u00e9s : Le titulaire de ce Bac Pro peut travailler au sein d\u2019associations, de collectivit\u00e9s territoriales, oud\u2019entreprises, aupr\u00e8s d&#8217;employeurs particuliers, de structures d\u2019accueil et d\u2019h\u00e9bergement, et \u00e0 titre d\u2019exemples :<\/p>\n","protected":false},"author":73,"featured_media":0,"parent":0,"menu_order":0,"comment_status":"closed","ping_status":"closed","template":"","meta":{"footnotes":""},"class_list":["post-3324","page","type-page","status-publish","hentry"],"_links":{"self":[{"href":"https:\/\/site.ac-martinique.fr\/lyc-dumasjeanjoseph\/index.php?rest_route=\/wp\/v2\/pages\/3324","targetHints":{"allow":["GET"]}}],"collection":[{"href":"https:\/\/site.ac-martinique.fr\/lyc-dumasjeanjoseph\/index.php?rest_route=\/wp\/v2\/pages"}],"about":[{"href":"https:\/\/site.ac-martinique.fr\/lyc-dumasjeanjoseph\/index.php?rest_route=\/wp\/v2\/types\/page"}],"author":[{"embeddable":true,"href":"https:\/\/site.ac-martinique.fr\/lyc-dumasjeanjoseph\/index.php?rest_route=\/wp\/v2\/users\/73"}],"replies":[{"embeddable":true,"href":"https:\/\/site.ac-martinique.fr\/lyc-dumasjeanjoseph\/index.php?rest_route=%2Fwp%2Fv2%2Fcomments&post=3324"}],"version-history":[{"count":3,"href":"https:\/\/site.ac-martinique.fr\/lyc-dumasjeanjoseph\/index.php?rest_route=\/wp\/v2\/pages\/3324\/revisions"}],"predecessor-version":[{"id":4032,"href":"https:\/\/site.ac-martinique.fr\/lyc-dumasjeanjoseph\/index.php?rest_route=\/wp\/v2\/pages\/3324\/revisions\/4032"}],"wp:attachment":[{"href":"https:\/\/site.ac-martinique.fr\/lyc-dumasjeanjoseph\/index.php?rest_route=%2Fwp%2Fv2%2Fmedia&parent=3324"}],"curies":[{"name":"wp","href":"https:\/\/api.w.org\/{rel}","templated":true}]}}