{"id":3352,"date":"2023-09-24T02:48:17","date_gmt":"2023-09-24T01:48:17","guid":{"rendered":"https:\/\/site.ac-martinique.fr\/lyc-dumasjeanjoseph\/?page_id=3352"},"modified":"2023-09-24T17:34:21","modified_gmt":"2023-09-24T16:34:21","slug":"bac-pro-trpm","status":"publish","type":"page","link":"https:\/\/site.ac-martinique.fr\/lyc-dumasjeanjoseph\/?page_id=3352","title":{"rendered":"BAC PRO TRPM"},"content":{"rendered":"\n<p><strong>TRPM : technicien en r\u00e9alisation de produits m\u00e9canique<\/strong><\/p>\n\n\n\n<p><em>Les baccalaur\u00e9ats professionnels se pr\u00e9parent en 3 ans apr\u00e8s la 3<sup>e<\/sup>&nbsp;(2<sup>de<\/sup>&nbsp;pro, 1<sup>re<\/sup>&nbsp;pro et T<sup>le<\/sup>&nbsp;pro) en lyc\u00e9e professionnel. Ce dipl\u00f4me est \u00e9galement accessible apr\u00e8s un CAP ou une 2<sup>de<\/sup>&nbsp;g\u00e9n\u00e9rale et technologique.<\/em><\/p>\n\n\n\n<p><\/p>\n\n\n\n<h2 class=\"wp-block-heading\">Pr\u00e9sentation :<\/h2>\n\n\n\n<p>Le\u00a0Bac professionnel <strong>technicien en r\u00e9alisation de produits m\u00e9canique<\/strong>s (TRPM)\u00a0a pour but de former des techniciens dans le domaine de la m\u00e9canique. A Dumas Jean-Joseph, c&rsquo;est l&rsquo;option \u00ab\u00a0r\u00e9alisation et suivi de production (RSP)\u00a0\u00bb qui y est dispens\u00e9e. Le titulaire du\u00a0<strong>baccalaur\u00e9at professionnel technicien en r\u00e9alisation de produits m\u00e9caniques (TRPM)\u00a0<\/strong>exerce dans des entreprises du domaine de la m\u00e9canique qui peuvent avoir des d\u00e9bouch\u00e9s et champs d&rsquo;activit\u00e9s tr\u00e8s divers (agroalimentaire, automobile, machinisme agricole, a\u00e9ronautique et spatial, m\u00e9dical&#8230;). Il r\u00e9alise sur des machines automatiques ou semi-automatiques toutes sortes de pi\u00e8ces en grande, moyenne et petite s\u00e9rie voire des pi\u00e8ces unitaires ainsi que divers outillages destin\u00e9s \u00e0 usiner, ajuster ou assembler. Il pr\u00e9pare les op\u00e9rations de production, proc\u00e8de aux r\u00e9glages de la machine puis met en oeuvre la production. Il proc\u00e8de ensuite aux contr\u00f4les et v\u00e9rifications de la pi\u00e8ce r\u00e9alis\u00e9e.\u00a0<\/p>\n\n\n\n<p><\/p>\n\n\n\n<h2 class=\"wp-block-heading\">Les d\u00e9bouch\u00e9s :<\/h2>\n\n\n\n<p>Le titulaire du bac professionnel&nbsp;<strong>TRPM&nbsp;<\/strong>peut produire toutes sortes de pi\u00e8ces et d&rsquo;outillages.&nbsp;<\/p>\n\n\n\n<p>Il occupe les emplois de d\u00e9colleteur, op\u00e9rateur sur machine \u00e0 traitement num\u00e9rique, technicien en traitement des mat\u00e9riaux.&nbsp;Ce poste peut conduire apr\u00e8s quelques ann\u00e9es d&rsquo;exp\u00e9rience \u00e0 des emplois de chef d&rsquo;atelier ou de responsable d&rsquo;\u00e9quipe.&nbsp;<\/p>\n\n<div class=\"twitter-share\"><a href=\"https:\/\/twitter.com\/intent\/tweet?via=lp_djj\" class=\"twitter-share-button\">Tweet<\/a><\/div>\n","protected":false},"excerpt":{"rendered":"<p>TRPM : technicien en r\u00e9alisation de produits m\u00e9canique Les baccalaur\u00e9ats professionnels se pr\u00e9parent en 3 ans apr\u00e8s la 3e&nbsp;(2de&nbsp;pro, 1re&nbsp;pro et Tle&nbsp;pro) en lyc\u00e9e professionnel. Ce dipl\u00f4me est \u00e9galement accessible apr\u00e8s un CAP ou une 2de&nbsp;g\u00e9n\u00e9rale et technologique. Pr\u00e9sentation : Le\u00a0Bac professionnel technicien en r\u00e9alisation de produits m\u00e9caniques (TRPM)\u00a0a pour but de former des techniciens dans le domaine de la m\u00e9canique. A Dumas Jean-Joseph, c&rsquo;est l&rsquo;option \u00ab\u00a0r\u00e9alisation et suivi de production (RSP)\u00a0\u00bb qui y est dispens\u00e9e. Le titulaire du\u00a0baccalaur\u00e9at professionnel technicien en r\u00e9alisation de produits m\u00e9caniques (TRPM)\u00a0exerce dans des entreprises du domaine de la m\u00e9canique qui peuvent avoir des d\u00e9bouch\u00e9s et champs d&rsquo;activit\u00e9s tr\u00e8s divers (agroalimentaire, automobile, machinisme agricole, a\u00e9ronautique et spatial, m\u00e9dical&#8230;). Il r\u00e9alise sur des machines automatiques ou semi-automatiques toutes sortes de pi\u00e8ces en grande, moyenne et petite s\u00e9rie voire des pi\u00e8ces unitaires ainsi que divers outillages destin\u00e9s \u00e0 usiner, ajuster ou assembler. Il pr\u00e9pare les op\u00e9rations de production, proc\u00e8de aux r\u00e9glages de la machine puis met en oeuvre la production. Il proc\u00e8de ensuite aux contr\u00f4les et v\u00e9rifications de la pi\u00e8ce r\u00e9alis\u00e9e.\u00a0 Les d\u00e9bouch\u00e9s : Le titulaire du bac professionnel&nbsp;TRPM&nbsp;peut produire toutes sortes de pi\u00e8ces et d&rsquo;outillages.&nbsp; Il occupe les emplois de d\u00e9colleteur, op\u00e9rateur sur machine \u00e0 traitement num\u00e9rique, technicien en traitement des mat\u00e9riaux.&nbsp;Ce poste peut conduire apr\u00e8s quelques ann\u00e9es d&rsquo;exp\u00e9rience \u00e0 des emplois de chef d&rsquo;atelier ou de responsable d&rsquo;\u00e9quipe.&nbsp;<\/p>\n","protected":false},"author":73,"featured_media":0,"parent":0,"menu_order":0,"comment_status":"closed","ping_status":"closed","template":"","meta":{"footnotes":""},"class_list":["post-3352","page","type-page","status-publish","hentry"],"_links":{"self":[{"href":"https:\/\/site.ac-martinique.fr\/lyc-dumasjeanjoseph\/index.php?rest_route=\/wp\/v2\/pages\/3352","targetHints":{"allow":["GET"]}}],"collection":[{"href":"https:\/\/site.ac-martinique.fr\/lyc-dumasjeanjoseph\/index.php?rest_route=\/wp\/v2\/pages"}],"about":[{"href":"https:\/\/site.ac-martinique.fr\/lyc-dumasjeanjoseph\/index.php?rest_route=\/wp\/v2\/types\/page"}],"author":[{"embeddable":true,"href":"https:\/\/site.ac-martinique.fr\/lyc-dumasjeanjoseph\/index.php?rest_route=\/wp\/v2\/users\/73"}],"replies":[{"embeddable":true,"href":"https:\/\/site.ac-martinique.fr\/lyc-dumasjeanjoseph\/index.php?rest_route=%2Fwp%2Fv2%2Fcomments&post=3352"}],"version-history":[{"count":2,"href":"https:\/\/site.ac-martinique.fr\/lyc-dumasjeanjoseph\/index.php?rest_route=\/wp\/v2\/pages\/3352\/revisions"}],"predecessor-version":[{"id":3435,"href":"https:\/\/site.ac-martinique.fr\/lyc-dumasjeanjoseph\/index.php?rest_route=\/wp\/v2\/pages\/3352\/revisions\/3435"}],"wp:attachment":[{"href":"https:\/\/site.ac-martinique.fr\/lyc-dumasjeanjoseph\/index.php?rest_route=%2Fwp%2Fv2%2Fmedia&parent=3352"}],"curies":[{"name":"wp","href":"https:\/\/api.w.org\/{rel}","templated":true}]}}