{"id":3361,"date":"2023-09-24T03:16:51","date_gmt":"2023-09-24T02:16:51","guid":{"rendered":"https:\/\/site.ac-martinique.fr\/lyc-dumasjeanjoseph\/?page_id=3361"},"modified":"2023-09-24T17:38:33","modified_gmt":"2023-09-24T16:38:33","slug":"bts-sp3s","status":"publish","type":"page","link":"https:\/\/site.ac-martinique.fr\/lyc-dumasjeanjoseph\/?page_id=3361","title":{"rendered":"BTS SP3S"},"content":{"rendered":"\n<p><strong>SP3S <\/strong>: <strong>Services et prestations des secteurs sanitaire et social<\/strong><\/p>\n\n\n\n<h2 class=\"wp-block-heading\">Pr\u00e9sentation :<\/h2>\n\n\n\n<p><\/p>\n\n\n\n<p>Le\u00a0\u00a0BTS SP3S (<strong>Services et prestations des secteurs sanitaire et social<\/strong>)\u00a0 s\u2019effectue en deux ans apr\u00e8s le bac. C\u2019est un dipl\u00f4me de niveau bac + 2 qui se pr\u00e9pare en formation initiale mais aussi en alternance dans des \u00e9tablissements publics et priv\u00e9s. C\u2019est un dipl\u00f4me d\u2019Etat de niveau III d\u00e9livr\u00e9 par le minist\u00e8re de l\u2019Enseignement sup\u00e9rieur et de la Recherche.<\/p>\n\n\n\n<p>Le titulaire du BTS SP3S exerce dans diff\u00e9rentes structures : mutuelles, structures de soins, centres d&rsquo;action sociale, services de protection de la jeunesse, \u00e9tablissements m\u00e9dico-sociaux, entreprises de services \u00e0 la personne\u2026<\/p>\n\n\n\n<p>Interlocuteur privil\u00e9gi\u00e9 de l&rsquo;usager, il analyse ses besoins, lui propose des prestations et des services appropri\u00e9s, et assure la gestion de son dossier.<\/p>\n\n\n\n<p>Qu&rsquo;il intervienne en tant que gestionnaire conseil, assistant m\u00e9dical ou conseiller d&rsquo;action sociale, il joue un r\u00f4le clef dans la bonne marche de la structure qui l&#8217;emploie en participant \u00e0 la gestion administrative et comptable, \u00e0 la d\u00e9marche qualit\u00e9 et \u00e0 l&rsquo;animation d&rsquo;\u00e9quipe. Il travaille en \u00e9troite collaboration avec les professionnels de la sant\u00e9, les travailleurs sociaux et les partenaires institutionnels.<\/p>\n\n\n\n<p><\/p>\n\n\n\n<h2 class=\"wp-block-heading\">Les d\u00e9bouch\u00e9s :<\/h2>\n\n\n\n<p>Les titulaires du&nbsp;&nbsp;<strong>BTS SP3S&nbsp;<\/strong>\u2013&nbsp;<strong>Services et prestations des secteurs sanitaire et social<\/strong>&nbsp;exercent des m\u00e9tiers vari\u00e9s et diff\u00e9remment intitul\u00e9s selon les \u00e9tablissements : gestionnaire conseil&nbsp; dans un organisme de s\u00e9curit\u00e9 sociale, responsable de secteur en service d\u2019aide \u00e0 domicile, assistant m\u00e9dical en centre de lutte contre le cancer ou les addictions, conseiller d\u2019action sociale dans une mutuelle, coordonnateur d\u2019activit\u00e9s sociales, assistant aux d\u00e9l\u00e9gu\u00e9s \u00e0 la tutelle.<\/p>\n\n\n\n<p>Les emplois occup\u00e9s rel\u00e8vent principalement des trois fonctions publiques (Etat, territoriale et hospitali\u00e8re) et d\u2019organismes priv\u00e9s et associatifs relevant de conventions collectives sp\u00e9cifiques aux secteurs sanitaires et sociaux.<\/p>\n\n\n\n<p>Ainsi, ils travaillent pour des organismes de protection sociale, des mutuelles, des structures de soins et de pr\u00e9vention, des services de la protection de la jeunesse, d\u2019\u00e9tablissements m\u00e9dico-sociaux.<\/p>\n\n\n\n<p><strong>Evolution professionnelle<\/strong> : <\/p>\n\n\n\n<p>Le titulaire du\u00a0<strong>BTS SP3S<\/strong>\u00a0peut avec de l\u2019exp\u00e9rience et un compl\u00e9ment de formation, interne \u00e0 l\u2019organisme qui l\u2019accueille ou externe, devenir cadre.<\/p>\n\n<div class=\"twitter-share\"><a href=\"https:\/\/twitter.com\/intent\/tweet?via=lp_djj\" class=\"twitter-share-button\">Tweet<\/a><\/div>\n","protected":false},"excerpt":{"rendered":"<p>SP3S : Services et prestations des secteurs sanitaire et social Pr\u00e9sentation : Le\u00a0\u00a0BTS SP3S (Services et prestations des secteurs sanitaire et social)\u00a0 s\u2019effectue en deux ans apr\u00e8s le bac. C\u2019est un dipl\u00f4me de niveau bac + 2 qui se pr\u00e9pare en formation initiale mais aussi en alternance dans des \u00e9tablissements publics et priv\u00e9s. C\u2019est un dipl\u00f4me d\u2019Etat de niveau III d\u00e9livr\u00e9 par le minist\u00e8re de l\u2019Enseignement sup\u00e9rieur et de la Recherche. Le titulaire du BTS SP3S exerce dans diff\u00e9rentes structures : mutuelles, structures de soins, centres d&rsquo;action sociale, services de protection de la jeunesse, \u00e9tablissements m\u00e9dico-sociaux, entreprises de services \u00e0 la personne\u2026 Interlocuteur privil\u00e9gi\u00e9 de l&rsquo;usager, il analyse ses besoins, lui propose des prestations et des services appropri\u00e9s, et assure la gestion de son dossier. Qu&rsquo;il intervienne en tant que gestionnaire conseil, assistant m\u00e9dical ou conseiller d&rsquo;action sociale, il joue un r\u00f4le clef dans la bonne marche de la structure qui l&#8217;emploie en participant \u00e0 la gestion administrative et comptable, \u00e0 la d\u00e9marche qualit\u00e9 et \u00e0 l&rsquo;animation d&rsquo;\u00e9quipe. Il travaille en \u00e9troite collaboration avec les professionnels de la sant\u00e9, les travailleurs sociaux et les partenaires institutionnels. Les d\u00e9bouch\u00e9s : Les titulaires du&nbsp;&nbsp;BTS SP3S&nbsp;\u2013&nbsp;Services et prestations des secteurs sanitaire et social&nbsp;exercent des m\u00e9tiers vari\u00e9s et diff\u00e9remment intitul\u00e9s selon les \u00e9tablissements : gestionnaire conseil&nbsp; dans un organisme de s\u00e9curit\u00e9 sociale, responsable de secteur en service d\u2019aide \u00e0 domicile, assistant m\u00e9dical en centre de lutte contre le cancer ou les addictions, conseiller d\u2019action sociale dans une mutuelle, coordonnateur d\u2019activit\u00e9s sociales, assistant aux d\u00e9l\u00e9gu\u00e9s \u00e0 la tutelle. Les emplois occup\u00e9s rel\u00e8vent principalement des trois fonctions publiques (Etat, territoriale et hospitali\u00e8re) et d\u2019organismes priv\u00e9s et associatifs relevant de conventions collectives sp\u00e9cifiques aux secteurs sanitaires et sociaux. Ainsi, ils travaillent pour des organismes de protection sociale, des mutuelles, des structures de soins et de pr\u00e9vention, des services de la protection de la jeunesse, d\u2019\u00e9tablissements m\u00e9dico-sociaux. Evolution professionnelle : Le titulaire du\u00a0BTS SP3S\u00a0peut avec de l\u2019exp\u00e9rience et un compl\u00e9ment de formation, interne \u00e0 l\u2019organisme qui l\u2019accueille ou externe, devenir cadre.<\/p>\n","protected":false},"author":73,"featured_media":0,"parent":0,"menu_order":0,"comment_status":"closed","ping_status":"closed","template":"","meta":{"footnotes":""},"class_list":["post-3361","page","type-page","status-publish","hentry"],"_links":{"self":[{"href":"https:\/\/site.ac-martinique.fr\/lyc-dumasjeanjoseph\/index.php?rest_route=\/wp\/v2\/pages\/3361","targetHints":{"allow":["GET"]}}],"collection":[{"href":"https:\/\/site.ac-martinique.fr\/lyc-dumasjeanjoseph\/index.php?rest_route=\/wp\/v2\/pages"}],"about":[{"href":"https:\/\/site.ac-martinique.fr\/lyc-dumasjeanjoseph\/index.php?rest_route=\/wp\/v2\/types\/page"}],"author":[{"embeddable":true,"href":"https:\/\/site.ac-martinique.fr\/lyc-dumasjeanjoseph\/index.php?rest_route=\/wp\/v2\/users\/73"}],"replies":[{"embeddable":true,"href":"https:\/\/site.ac-martinique.fr\/lyc-dumasjeanjoseph\/index.php?rest_route=%2Fwp%2Fv2%2Fcomments&post=3361"}],"version-history":[{"count":2,"href":"https:\/\/site.ac-martinique.fr\/lyc-dumasjeanjoseph\/index.php?rest_route=\/wp\/v2\/pages\/3361\/revisions"}],"predecessor-version":[{"id":3440,"href":"https:\/\/site.ac-martinique.fr\/lyc-dumasjeanjoseph\/index.php?rest_route=\/wp\/v2\/pages\/3361\/revisions\/3440"}],"wp:attachment":[{"href":"https:\/\/site.ac-martinique.fr\/lyc-dumasjeanjoseph\/index.php?rest_route=%2Fwp%2Fv2%2Fmedia&parent=3361"}],"curies":[{"name":"wp","href":"https:\/\/api.w.org\/{rel}","templated":true}]}}