{"id":1266,"date":"2024-03-19T15:09:58","date_gmt":"2024-03-19T19:09:58","guid":{"rendered":"https:\/\/site.ac-martinique.fr\/lyc-fanon\/?page_id=1266"},"modified":"2024-12-20T19:40:34","modified_gmt":"2024-12-20T23:40:34","slug":"dgemc","status":"publish","type":"page","link":"https:\/\/site.ac-martinique.fr\/lyc-fanon\/?page_id=1266","title":{"rendered":"DGEMC"},"content":{"rendered":"\n<div class=\"wp-block-group alignfull is-layout-flow wp-block-group-is-layout-flow\" style=\"padding-right:var(--wp--preset--spacing--small);padding-left:var(--wp--preset--spacing--small)\">\n<h2 class=\"wp-block-heading has-text-align-center\">L&rsquo;option Droit et Grands Enjeux du Monde Contemporain<\/h2>\n\n\n\n<p><em>Option \u00e0 destination des \u00e9l\u00e8ves de Terminale G\u00e9n\u00e9rale.<\/em><\/p>\n\n\n\n<div class=\"wp-block-columns alignwide has-text-align-center tw-gutter-large is-layout-flex wp-container-core-columns-is-layout-d0b3c9c8 wp-block-columns-is-layout-flex\">\n<div class=\"wp-block-column is-layout-flow wp-block-column-is-layout-flow\">\n<figure class=\"wp-block-image aligncenter size-full is-resized\"><img loading=\"lazy\" decoding=\"async\" width=\"225\" height=\"225\" src=\"https:\/\/site.ac-martinique.fr\/lyc-fanon\/wp-content\/uploads\/sites\/138\/2024\/05\/Sans-titre.png\" alt=\"\" class=\"wp-image-1663\" style=\"width:180px;height:auto\" srcset=\"https:\/\/site.ac-martinique.fr\/lyc-fanon\/wp-content\/uploads\/sites\/138\/2024\/05\/Sans-titre.png 225w, https:\/\/site.ac-martinique.fr\/lyc-fanon\/wp-content\/uploads\/sites\/138\/2024\/05\/Sans-titre-150x150.png 150w\" sizes=\"auto, (max-width: 225px) 100vw, 225px\" \/><\/figure>\n\n\n\n<h3 class=\"wp-block-heading\">Volume horaire<\/h3>\n\n\n\n<p>3 heures<\/p>\n<\/div>\n\n\n\n<div class=\"wp-block-column is-layout-flow wp-block-column-is-layout-flow\">\n<figure class=\"wp-block-image aligncenter size-full is-resized\"><img loading=\"lazy\" decoding=\"async\" width=\"284\" height=\"178\" src=\"https:\/\/site.ac-martinique.fr\/lyc-fanon\/wp-content\/uploads\/sites\/138\/2024\/05\/Sans-titre-1.png\" alt=\"\" class=\"wp-image-1664\" style=\"width:284px;height:auto\"\/><\/figure>\n\n\n\n<h3 class=\"wp-block-heading\">P\u00e9riodicit\u00e9<\/h3>\n\n\n\n<p>hebdomadaire<\/p>\n<\/div>\n\n\n\n<div class=\"wp-block-column is-layout-flow wp-block-column-is-layout-flow\">\n<figure class=\"wp-block-image aligncenter size-full is-resized\"><img loading=\"lazy\" decoding=\"async\" width=\"259\" height=\"194\" src=\"https:\/\/site.ac-martinique.fr\/lyc-fanon\/wp-content\/uploads\/sites\/138\/2024\/05\/Sans-titre-2.jpeg\" alt=\"\" class=\"wp-image-1665\" style=\"width:238px;height:auto\"\/><\/figure>\n\n\n\n<h3 class=\"wp-block-heading\">Effectif maximum<\/h3>\n\n\n\n<p>30<\/p>\n<\/div>\n\n\n\n<div class=\"wp-block-column is-layout-flow wp-block-column-is-layout-flow\">\n<figure class=\"wp-block-image aligncenter size-full is-resized\"><img loading=\"lazy\" decoding=\"async\" width=\"225\" height=\"225\" src=\"https:\/\/site.ac-martinique.fr\/lyc-fanon\/wp-content\/uploads\/sites\/138\/2024\/05\/images.jpeg\" alt=\"\" class=\"wp-image-1666\" style=\"width:181px;height:auto\" srcset=\"https:\/\/site.ac-martinique.fr\/lyc-fanon\/wp-content\/uploads\/sites\/138\/2024\/05\/images.jpeg 225w, https:\/\/site.ac-martinique.fr\/lyc-fanon\/wp-content\/uploads\/sites\/138\/2024\/05\/images-150x150.jpeg 150w\" sizes=\"auto, (max-width: 225px) 100vw, 225px\" \/><\/figure>\n\n\n\n<h3 class=\"wp-block-heading\">Pourquoi choisir cette option?<\/h3>\n\n\n\n<p>Se faire une juste repr\u00e9sentation du droit et de ses m\u00e9tiers. R\u00e9aliser que le droit est pr\u00e9sent dans toutes les activit\u00e9s. Construire un esprit critique. Comprendre le sens du droit et d\u00e9couvrir diff\u00e9rents m\u00e9tiers du domaine juridique.<\/p>\n<\/div>\n<\/div>\n\n\n\n<div class=\"wp-block-group alignfull is-layout-flow wp-block-group-is-layout-flow\">\n<h3 class=\"wp-block-heading has-large-font-size tw-heading-border-bottom\">Th\u00e9matiques<\/h3>\n\n\n\n<p class=\"has-text-align-center\"><\/p>\n\n\n\n<div class=\"wp-block-columns is-layout-flex wp-container-core-columns-is-layout-d0b3c9c8 wp-block-columns-is-layout-flex\">\n<div class=\"wp-block-column is-layout-flow wp-block-column-is-layout-flow\">\n<p><strong>Les fonctions du droit<\/strong><\/p>\n\n\n\n<p><strong>Les droits de l&rsquo;enfant<\/strong><\/p>\n\n\n\n<p><strong>Intelligence artificielle et justice<\/strong><\/p>\n<\/div>\n\n\n\n<div class=\"wp-block-column is-layout-flow wp-block-column-is-layout-flow\">\n<p><strong>L&rsquo;organisation juridique en France<\/strong><\/p>\n\n\n\n<p><strong>L&rsquo;entreprise et le droit<\/strong><\/p>\n\n\n\n<p><strong>Propri\u00e9t\u00e9 intellectuelle et protection des donn\u00e9es<\/strong><\/p>\n<\/div>\n<\/div>\n\n\n\n<h3 class=\"wp-block-heading has-large-font-size tw-heading-border-bottom\">En classe<\/h3>\n\n\n\n<p>D\u00e9couverte de l&rsquo;environnement juridique dans lequel l&rsquo;\u00e9l\u00e8ve \u00e9volue par la <strong>rencontre de professionnels du droit<\/strong> (avocats, notaires&#8230;)<\/p>\n\n\n\n<p><strong>Visite de tribunaux<\/strong> ( assister \u00e0 des proc\u00e8s).<\/p>\n\n\n\n<p>Participation au <strong>concours inter-lyc\u00e9es de plaidoirie.<\/strong><\/p>\n\n\n\n<p><strong><br><\/strong><\/p>\n<\/div>\n<\/div>\n\n\n\n<hr class=\"wp-block-separator has-alpha-channel-opacity\"\/>\n\n\n\n<div class=\"wp-block-group alignfull is-layout-flow wp-block-group-is-layout-flow tw-block-animation tw-animation-fade-in-up\">\n<h2 class=\"wp-block-heading has-text-align-center\">Articles r\u00e9cents<\/h2>\n\n\n<ul class=\"wp-block-latest-posts__list is-grid columns-2 has-dates has-link-color alignwide tw-mt-8 tw-heading-size-medium tw-stretched-link tw-img-ratio-16-9 is-style-tw-posts-card wp-elements-7f13a1bb92186b19d84682c495e4840e wp-block-latest-posts\"><li><div class=\"wp-block-latest-posts__featured-image\"><a href=\"https:\/\/site.ac-martinique.fr\/lyc-fanon\/?p=636\" aria-label=\"L&rsquo;option Droit et Grands Enjeux du Monde Contemporain vous souhaite une bonne ann\u00e9e 2024\"><img loading=\"lazy\" decoding=\"async\" width=\"695\" height=\"691\" src=\"https:\/\/site.ac-martinique.fr\/lyc-fanon\/wp-content\/uploads\/sites\/138\/2024\/01\/Capture-decran-2024-05-06-095807.png\" class=\"attachment-large size-large wp-post-image\" alt=\"\" style=\"\" srcset=\"https:\/\/site.ac-martinique.fr\/lyc-fanon\/wp-content\/uploads\/sites\/138\/2024\/01\/Capture-decran-2024-05-06-095807.png 695w, https:\/\/site.ac-martinique.fr\/lyc-fanon\/wp-content\/uploads\/sites\/138\/2024\/01\/Capture-decran-2024-05-06-095807-300x298.png 300w, https:\/\/site.ac-martinique.fr\/lyc-fanon\/wp-content\/uploads\/sites\/138\/2024\/01\/Capture-decran-2024-05-06-095807-150x150.png 150w\" sizes=\"auto, 100vw\" \/><\/a><\/div><a class=\"wp-block-latest-posts__post-title\" href=\"https:\/\/site.ac-martinique.fr\/lyc-fanon\/?p=636\">L&rsquo;option Droit et Grands Enjeux du Monde Contemporain vous souhaite une bonne ann\u00e9e 2024<\/a><time datetime=\"2024-01-13T16:54:00-04:00\" class=\"wp-block-latest-posts__post-date\">13 janvier 2024<\/time><\/li>\n<li><div class=\"wp-block-latest-posts__featured-image\"><a href=\"https:\/\/site.ac-martinique.fr\/lyc-fanon\/?p=135\" aria-label=\"Sensibilisation de nos \u00e9l\u00e8ves aux probl\u00e9matiques europ\u00e9ennes\"><img loading=\"lazy\" decoding=\"async\" width=\"950\" height=\"952\" src=\"https:\/\/site.ac-martinique.fr\/lyc-fanon\/wp-content\/uploads\/sites\/138\/2024\/01\/Capture-decran-2024-01-17-a-09.35.11-1022x1024.png\" class=\"attachment-large size-large wp-post-image\" alt=\"\" style=\"\" srcset=\"https:\/\/site.ac-martinique.fr\/lyc-fanon\/wp-content\/uploads\/sites\/138\/2024\/01\/Capture-decran-2024-01-17-a-09.35.11-1022x1024.png 1022w, https:\/\/site.ac-martinique.fr\/lyc-fanon\/wp-content\/uploads\/sites\/138\/2024\/01\/Capture-decran-2024-01-17-a-09.35.11-300x300.png 300w, https:\/\/site.ac-martinique.fr\/lyc-fanon\/wp-content\/uploads\/sites\/138\/2024\/01\/Capture-decran-2024-01-17-a-09.35.11-150x150.png 150w, https:\/\/site.ac-martinique.fr\/lyc-fanon\/wp-content\/uploads\/sites\/138\/2024\/01\/Capture-decran-2024-01-17-a-09.35.11.png 1312w\" sizes=\"auto, 100vw\" \/><\/a><\/div><a class=\"wp-block-latest-posts__post-title\" href=\"https:\/\/site.ac-martinique.fr\/lyc-fanon\/?p=135\">Sensibilisation de nos \u00e9l\u00e8ves aux probl\u00e9matiques europ\u00e9ennes<\/a><time datetime=\"2023-10-13T15:51:40-04:00\" class=\"wp-block-latest-posts__post-date\">13 octobre 2023<\/time><\/li>\n<\/ul><\/div>\n","protected":false},"excerpt":{"rendered":"<p>L&rsquo;option Droit et Grands Enjeux du Monde Contemporain Option \u00e0 destination des \u00e9l\u00e8ves de Terminale G\u00e9n\u00e9rale. Volume horaire 3 heures P\u00e9riodicit\u00e9 hebdomadaire Effectif maximum 30 Pourquoi choisir cette option? Se faire une juste repr\u00e9sentation du droit et de ses m\u00e9tiers. R\u00e9aliser que le droit est pr\u00e9sent dans toutes les activit\u00e9s. Construire un esprit critique. Comprendre &hellip; <\/p>\n<p class=\"link-more\"><a href=\"https:\/\/site.ac-martinique.fr\/lyc-fanon\/?page_id=1266\" class=\"more-link\">Lire la suite de<span class=\"screen-reader-text\">\u00ab\u00a0DGEMC\u00a0\u00bb<\/span><\/a><\/p>\n","protected":false},"author":464,"featured_media":1811,"parent":1257,"menu_order":0,"comment_status":"closed","ping_status":"closed","template":"","meta":{"inspiro_hide_title":false,"footnotes":""},"class_list":["post-1266","page","type-page","status-publish","has-post-thumbnail","hentry"],"_links":{"self":[{"href":"https:\/\/site.ac-martinique.fr\/lyc-fanon\/index.php?rest_route=\/wp\/v2\/pages\/1266","targetHints":{"allow":["GET"]}}],"collection":[{"href":"https:\/\/site.ac-martinique.fr\/lyc-fanon\/index.php?rest_route=\/wp\/v2\/pages"}],"about":[{"href":"https:\/\/site.ac-martinique.fr\/lyc-fanon\/index.php?rest_route=\/wp\/v2\/types\/page"}],"author":[{"embeddable":true,"href":"https:\/\/site.ac-martinique.fr\/lyc-fanon\/index.php?rest_route=\/wp\/v2\/users\/464"}],"replies":[{"embeddable":true,"href":"https:\/\/site.ac-martinique.fr\/lyc-fanon\/index.php?rest_route=%2Fwp%2Fv2%2Fcomments&post=1266"}],"version-history":[{"count":15,"href":"https:\/\/site.ac-martinique.fr\/lyc-fanon\/index.php?rest_route=\/wp\/v2\/pages\/1266\/revisions"}],"predecessor-version":[{"id":2516,"href":"https:\/\/site.ac-martinique.fr\/lyc-fanon\/index.php?rest_route=\/wp\/v2\/pages\/1266\/revisions\/2516"}],"up":[{"embeddable":true,"href":"https:\/\/site.ac-martinique.fr\/lyc-fanon\/index.php?rest_route=\/wp\/v2\/pages\/1257"}],"wp:featuredmedia":[{"embeddable":true,"href":"https:\/\/site.ac-martinique.fr\/lyc-fanon\/index.php?rest_route=\/wp\/v2\/media\/1811"}],"wp:attachment":[{"href":"https:\/\/site.ac-martinique.fr\/lyc-fanon\/index.php?rest_route=%2Fwp%2Fv2%2Fmedia&parent=1266"}],"curies":[{"name":"wp","href":"https:\/\/api.w.org\/{rel}","templated":true}]}}

<div class="wp-block-group alignfull is-layout-flow wp-block-group-is-layout-flow" style="padding-right:var(--wp--preset--spacing--small);padding-left:var(--wp--preset--spacing--small)">
<h2 class="wp-block-heading has-text-align-center">L&rsquo;option Droit et Grands Enjeux du Monde Contemporain</h2>



<p><em>Option à destination des élèves de Terminale Générale.</em></p>



<div class="wp-block-columns alignwide has-text-align-center tw-gutter-large is-layout-flex wp-container-core-columns-is-layout-d0b3c9c8 wp-block-columns-is-layout-flex">
<div class="wp-block-column is-layout-flow wp-block-column-is-layout-flow">
<figure class="wp-block-image aligncenter size-full is-resized"><img loading="lazy" decoding="async" width="225" height="225" src="https://site.ac-martinique.fr/lyc-fanon/wp-content/uploads/sites/138/2024/05/Sans-titre.png" alt="" class="wp-image-1663" style="width:180px;height:auto" srcset="https://site.ac-martinique.fr/lyc-fanon/wp-content/uploads/sites/138/2024/05/Sans-titre.png 225w, https://site.ac-martinique.fr/lyc-fanon/wp-content/uploads/sites/138/2024/05/Sans-titre-150x150.png 150w" sizes="auto, (max-width: 225px) 100vw, 225px" /></figure>



<h3 class="wp-block-heading">Volume horaire</h3>



<p>3 heures</p>
</div>



<div class="wp-block-column is-layout-flow wp-block-column-is-layout-flow">
<figure class="wp-block-image aligncenter size-full is-resized"><img loading="lazy" decoding="async" width="284" height="178" src="https://site.ac-martinique.fr/lyc-fanon/wp-content/uploads/sites/138/2024/05/Sans-titre-1.png" alt="" class="wp-image-1664" style="width:284px;height:auto"/></figure>



<h3 class="wp-block-heading">Périodicité</h3>



<p>hebdomadaire</p>
</div>



<div class="wp-block-column is-layout-flow wp-block-column-is-layout-flow">
<figure class="wp-block-image aligncenter size-full is-resized"><img loading="lazy" decoding="async" width="259" height="194" src="https://site.ac-martinique.fr/lyc-fanon/wp-content/uploads/sites/138/2024/05/Sans-titre-2.jpeg" alt="" class="wp-image-1665" style="width:238px;height:auto"/></figure>



<h3 class="wp-block-heading">Effectif maximum</h3>



<p>30</p>
</div>



<div class="wp-block-column is-layout-flow wp-block-column-is-layout-flow">
<figure class="wp-block-image aligncenter size-full is-resized"><img loading="lazy" decoding="async" width="225" height="225" src="https://site.ac-martinique.fr/lyc-fanon/wp-content/uploads/sites/138/2024/05/images.jpeg" alt="" class="wp-image-1666" style="width:181px;height:auto" srcset="https://site.ac-martinique.fr/lyc-fanon/wp-content/uploads/sites/138/2024/05/images.jpeg 225w, https://site.ac-martinique.fr/lyc-fanon/wp-content/uploads/sites/138/2024/05/images-150x150.jpeg 150w" sizes="auto, (max-width: 225px) 100vw, 225px" /></figure>



<h3 class="wp-block-heading">Pourquoi choisir cette option?</h3>



<p>Se faire une juste représentation du droit et de ses métiers. Réaliser que le droit est présent dans toutes les activités. Construire un esprit critique. Comprendre le sens du droit et découvrir différents métiers du domaine juridique.</p>
</div>
</div>



<div class="wp-block-group alignfull is-layout-flow wp-block-group-is-layout-flow">
<h3 class="wp-block-heading has-large-font-size tw-heading-border-bottom">Thématiques</h3>



<p class="has-text-align-center"></p>



<div class="wp-block-columns is-layout-flex wp-container-core-columns-is-layout-d0b3c9c8 wp-block-columns-is-layout-flex">
<div class="wp-block-column is-layout-flow wp-block-column-is-layout-flow">
<p><strong>Les fonctions du droit</strong></p>



<p><strong>Les droits de l&rsquo;enfant</strong></p>



<p><strong>Intelligence artificielle et justice</strong></p>
</div>



<div class="wp-block-column is-layout-flow wp-block-column-is-layout-flow">
<p><strong>L&rsquo;organisation juridique en France</strong></p>



<p><strong>L&rsquo;entreprise et le droit</strong></p>



<p><strong>Propriété intellectuelle et protection des données</strong></p>
</div>
</div>



<h3 class="wp-block-heading has-large-font-size tw-heading-border-bottom">En classe</h3>



<p>Découverte de l&rsquo;environnement juridique dans lequel l&rsquo;élève évolue par la <strong>rencontre de professionnels du droit</strong> (avocats, notaires&#8230;)</p>



<p><strong>Visite de tribunaux</strong> ( assister à des procès).</p>



<p>Participation au <strong>concours inter-lycées de plaidoirie.</strong></p>



<p><strong><br></strong></p>
</div>
</div>



<hr class="wp-block-separator has-alpha-channel-opacity"/>



<div class="wp-block-group alignfull is-layout-flow wp-block-group-is-layout-flow tw-block-animation tw-animation-fade-in-up">
<h2 class="wp-block-heading has-text-align-center">Articles récents</h2>


<ul class="wp-block-latest-posts__list is-grid columns-2 has-dates has-link-color alignwide tw-mt-8 tw-heading-size-medium tw-stretched-link tw-img-ratio-16-9 is-style-tw-posts-card wp-elements-7f13a1bb92186b19d84682c495e4840e wp-block-latest-posts"><li><div class="wp-block-latest-posts__featured-image"><a href="https://site.ac-martinique.fr/lyc-fanon/?p=636" aria-label="L&rsquo;option Droit et Grands Enjeux du Monde Contemporain vous souhaite une bonne année 2024"><img loading="lazy" decoding="async" width="695" height="691" src="https://site.ac-martinique.fr/lyc-fanon/wp-content/uploads/sites/138/2024/01/Capture-decran-2024-05-06-095807.png" class="attachment-large size-large wp-post-image" alt="" style="" srcset="https://site.ac-martinique.fr/lyc-fanon/wp-content/uploads/sites/138/2024/01/Capture-decran-2024-05-06-095807.png 695w, https://site.ac-martinique.fr/lyc-fanon/wp-content/uploads/sites/138/2024/01/Capture-decran-2024-05-06-095807-300x298.png 300w, https://site.ac-martinique.fr/lyc-fanon/wp-content/uploads/sites/138/2024/01/Capture-decran-2024-05-06-095807-150x150.png 150w" sizes="auto, 100vw" /></a></div><a class="wp-block-latest-posts__post-title" href="https://site.ac-martinique.fr/lyc-fanon/?p=636">L&rsquo;option Droit et Grands Enjeux du Monde Contemporain vous souhaite une bonne année 2024</a><time datetime="2024-01-13T16:54:00-04:00" class="wp-block-latest-posts__post-date">13 janvier 2024</time></li>
<li><div class="wp-block-latest-posts__featured-image"><a href="https://site.ac-martinique.fr/lyc-fanon/?p=135" aria-label="Sensibilisation de nos élèves aux problématiques européennes"><img loading="lazy" decoding="async" width="950" height="952" src="https://site.ac-martinique.fr/lyc-fanon/wp-content/uploads/sites/138/2024/01/Capture-decran-2024-01-17-a-09.35.11-1022x1024.png" class="attachment-large size-large wp-post-image" alt="" style="" srcset="https://site.ac-martinique.fr/lyc-fanon/wp-content/uploads/sites/138/2024/01/Capture-decran-2024-01-17-a-09.35.11-1022x1024.png 1022w, https://site.ac-martinique.fr/lyc-fanon/wp-content/uploads/sites/138/2024/01/Capture-decran-2024-01-17-a-09.35.11-300x300.png 300w, https://site.ac-martinique.fr/lyc-fanon/wp-content/uploads/sites/138/2024/01/Capture-decran-2024-01-17-a-09.35.11-150x150.png 150w, https://site.ac-martinique.fr/lyc-fanon/wp-content/uploads/sites/138/2024/01/Capture-decran-2024-01-17-a-09.35.11.png 1312w" sizes="auto, 100vw" /></a></div><a class="wp-block-latest-posts__post-title" href="https://site.ac-martinique.fr/lyc-fanon/?p=135">Sensibilisation de nos élèves aux problématiques européennes</a><time datetime="2023-10-13T15:51:40-04:00" class="wp-block-latest-posts__post-date">13 octobre 2023</time></li>
</ul></div>

<p>L&rsquo;option Droit et Grands Enjeux du Monde Contemporain Option à destination des élèves de Terminale Générale. Volume horaire 3 heures Périodicité hebdomadaire Effectif maximum 30 Pourquoi choisir cette option? Se faire une juste représentation du droit et de ses métiers. Réaliser que le droit est présent dans toutes les activités. Construire un esprit critique. Comprendre &hellip; </p>
<p class="link-more"><a href="https://site.ac-martinique.fr/lyc-fanon/?page_id=1266" class="more-link">Lire la suite de<span class="screen-reader-text">« DGEMC »</span></a></p>
