{"id":2762,"date":"2025-06-06T12:19:44","date_gmt":"2025-06-06T16:19:44","guid":{"rendered":"https:\/\/site.ac-martinique.fr\/lyc-fanon\/?page_id=2762"},"modified":"2025-07-01T16:35:52","modified_gmt":"2025-07-01T20:35:52","slug":"inscriptions-et-re-inscriptions-2025-2026","status":"publish","type":"page","link":"https:\/\/site.ac-martinique.fr\/lyc-fanon\/?page_id=2762","title":{"rendered":"Inscriptions 2025-2026"},"content":{"rendered":"\n<div class=\"wp-block-group alignfull has-subtle-background-color has-background is-layout-flow wp-block-group-is-layout-flow\">\n<div class=\"wp-block-media-text alignwide has-media-on-the-right is-stacked-on-mobile has-lightgrey-background-color has-background tw-stack-md tw-media-bottom\" style=\"grid-template-columns:auto 34%\"><div class=\"wp-block-media-text__content\">\n<h1 class=\"wp-block-heading\">Listes des fournitures scolaires<\/h1>\n\n\n\n<p class=\"has-medium-font-size\">Acc\u00e9dez aux listes des fournitures en cliquant sur le bouton ci-dessous.<\/p>\n\n\n\n<div class=\"wp-block-buttons is-layout-flex wp-block-buttons-is-layout-flex\">\n<div class=\"wp-block-button is-style-fill\"><a class=\"wp-block-button__link wp-element-button\" href=\"https:\/\/site.ac-martinique.fr\/lyc-fanon\/?p=3045\" target=\"_blank\" rel=\"noreferrer noopener\">JE D\u00c9COUVRE !<\/a><\/div>\n<\/div>\n<\/div><figure class=\"wp-block-media-text__media\"><img loading=\"lazy\" decoding=\"async\" width=\"1024\" height=\"576\" src=\"https:\/\/site.ac-martinique.fr\/lyc-fanon\/wp-content\/uploads\/sites\/138\/2024\/06\/IMG-20231215-WA0004-1024x576.jpg\" alt=\"\" class=\"wp-image-2284 size-full\" srcset=\"https:\/\/site.ac-martinique.fr\/lyc-fanon\/wp-content\/uploads\/sites\/138\/2024\/06\/IMG-20231215-WA0004-1024x576.jpg 1024w, https:\/\/site.ac-martinique.fr\/lyc-fanon\/wp-content\/uploads\/sites\/138\/2024\/06\/IMG-20231215-WA0004-300x169.jpg 300w, https:\/\/site.ac-martinique.fr\/lyc-fanon\/wp-content\/uploads\/sites\/138\/2024\/06\/IMG-20231215-WA0004.jpg 1280w\" sizes=\"auto, (max-width: 1024px) 100vw, 1024px\" \/><\/figure><\/div>\n<\/div>\n\n\n\n<h2 class=\"wp-block-heading has-secondary-color has-text-color has-link-color wp-elements-148474f474a4b017bfaed252b8f40a43\">Inscription pour les \u00e9l\u00e8ves de 2<sup>nde <\/sup>+ les nouveaux \u00e9l\u00e8ves entrants en 1<sup>\u00e8re<\/sup> et en T<sup>le<\/sup> provenant d&rsquo;un autre lyc\u00e9e et\/ou d&rsquo;une autre acad\u00e9mie<\/h2>\n\n\n\n<div data-wp-interactive=\"core\/file\" class=\"wp-block-file\"><object data-wp-bind--hidden=\"!state.hasPdfPreview\" hidden class=\"wp-block-file__embed\" data=\"https:\/\/site.ac-martinique.fr\/lyc-fanon\/wp-content\/uploads\/sites\/138\/2025\/06\/Calendrier-des-INSCRIPTIONS-pour-la-rentree-scolaire-2025-2026.pdf\" type=\"application\/pdf\" style=\"width:100%;height:1440px\" aria-label=\"Contenu embarqu\u00e9 Calendrier des INSCRIPTIONS pour la rentr\u00e9e scolaire 2025-2026.\"><\/object><a id=\"wp-block-file--media-1ccb66b2-034d-4f4b-a632-29853533924b\" href=\"https:\/\/site.ac-martinique.fr\/lyc-fanon\/wp-content\/uploads\/sites\/138\/2025\/06\/Calendrier-des-INSCRIPTIONS-pour-la-rentree-scolaire-2025-2026.pdf\">Calendrier des INSCRIPTIONS pour la rentr\u00e9e scolaire 2025-2026<\/a><a href=\"https:\/\/site.ac-martinique.fr\/lyc-fanon\/wp-content\/uploads\/sites\/138\/2025\/06\/Calendrier-des-INSCRIPTIONS-pour-la-rentree-scolaire-2025-2026.pdf\" class=\"wp-block-file__button wp-element-button\" download aria-describedby=\"wp-block-file--media-1ccb66b2-034d-4f4b-a632-29853533924b\">T\u00e9l\u00e9charger<\/a><\/div>\n\n\n\n<div align=RIGHT><i>Derni\u00e8re mise \u00e0 jour : 06\/06\/25<\/i><\/div>\n\n\n\n<h2 class=\"wp-block-heading has-secondary-color has-text-color has-link-color wp-elements-4b9a9a5080cc02eb1794b0f0b62534d7\">Inscription premi\u00e8re ann\u00e9e CPGE et BTS<\/h2>\n\n\n\n<div data-wp-interactive=\"core\/file\" class=\"wp-block-file\"><object data-wp-bind--hidden=\"!state.hasPdfPreview\" hidden class=\"wp-block-file__embed\" data=\"https:\/\/site.ac-martinique.fr\/lyc-fanon\/wp-content\/uploads\/sites\/138\/2025\/06\/Calendrier-des-inscriptions-POST-BAC-pour-lannee-2025-2026.pdf\" type=\"application\/pdf\" style=\"width:100%;height:1400px\" aria-label=\"Contenu embarqu\u00e9 Calendrier des inscriptions POST BAC pour l&apos;ann\u00e9e 2025-2026.\"><\/object><a id=\"wp-block-file--media-0eac9ba8-a60e-4f4a-883a-4a1af4eefc92\" href=\"https:\/\/site.ac-martinique.fr\/lyc-fanon\/wp-content\/uploads\/sites\/138\/2025\/06\/Calendrier-des-inscriptions-POST-BAC-pour-lannee-2025-2026.pdf\">Calendrier des inscriptions POST BAC pour l&rsquo;ann\u00e9e 2025-2026<\/a><a href=\"https:\/\/site.ac-martinique.fr\/lyc-fanon\/wp-content\/uploads\/sites\/138\/2025\/06\/Calendrier-des-inscriptions-POST-BAC-pour-lannee-2025-2026.pdf\" class=\"wp-block-file__button wp-element-button\" download aria-describedby=\"wp-block-file--media-0eac9ba8-a60e-4f4a-883a-4a1af4eefc92\">T\u00e9l\u00e9charger<\/a><\/div>\n\n\n\n<div align=RIGHT><i>Derni\u00e8re mise \u00e0 jour : 06\/06\/25<\/i><\/div>\n\n\n\n<p><\/p>\n","protected":false},"excerpt":{"rendered":"<p>Listes des fournitures scolaires Acc\u00e9dez aux listes des fournitures en cliquant sur le bouton ci-dessous. Inscription pour les \u00e9l\u00e8ves de 2nde + les nouveaux \u00e9l\u00e8ves entrants en 1\u00e8re et en Tle provenant d&rsquo;un autre lyc\u00e9e et\/ou d&rsquo;une autre acad\u00e9mie Derni\u00e8re mise \u00e0 jour : 06\/06\/25 Inscription premi\u00e8re ann\u00e9e CPGE et BTS Derni\u00e8re mise \u00e0 jour &hellip; <\/p>\n<p class=\"link-more\"><a href=\"https:\/\/site.ac-martinique.fr\/lyc-fanon\/?page_id=2762\" class=\"more-link\">Lire la suite de<span class=\"screen-reader-text\">\u00ab\u00a0Inscriptions 2025-2026\u00a0\u00bb<\/span><\/a><\/p>\n","protected":false},"author":478,"featured_media":0,"parent":0,"menu_order":0,"comment_status":"closed","ping_status":"closed","template":"","meta":{"inspiro_hide_title":false,"footnotes":""},"class_list":["post-2762","page","type-page","status-publish","hentry"],"_links":{"self":[{"href":"https:\/\/site.ac-martinique.fr\/lyc-fanon\/index.php?rest_route=\/wp\/v2\/pages\/2762","targetHints":{"allow":["GET"]}}],"collection":[{"href":"https:\/\/site.ac-martinique.fr\/lyc-fanon\/index.php?rest_route=\/wp\/v2\/pages"}],"about":[{"href":"https:\/\/site.ac-martinique.fr\/lyc-fanon\/index.php?rest_route=\/wp\/v2\/types\/page"}],"author":[{"embeddable":true,"href":"https:\/\/site.ac-martinique.fr\/lyc-fanon\/index.php?rest_route=\/wp\/v2\/users\/478"}],"replies":[{"embeddable":true,"href":"https:\/\/site.ac-martinique.fr\/lyc-fanon\/index.php?rest_route=%2Fwp%2Fv2%2Fcomments&post=2762"}],"version-history":[{"count":9,"href":"https:\/\/site.ac-martinique.fr\/lyc-fanon\/index.php?rest_route=\/wp\/v2\/pages\/2762\/revisions"}],"predecessor-version":[{"id":3068,"href":"https:\/\/site.ac-martinique.fr\/lyc-fanon\/index.php?rest_route=\/wp\/v2\/pages\/2762\/revisions\/3068"}],"wp:attachment":[{"href":"https:\/\/site.ac-martinique.fr\/lyc-fanon\/index.php?rest_route=%2Fwp%2Fv2%2Fmedia&parent=2762"}],"curies":[{"name":"wp","href":"https:\/\/api.w.org\/{rel}","templated":true}]}}