{"id":488,"date":"2024-01-23T15:46:03","date_gmt":"2024-01-23T19:46:03","guid":{"rendered":"https:\/\/site.ac-martinique.fr\/lyc-fanon\/?page_id=488"},"modified":"2024-01-27T16:37:28","modified_gmt":"2024-01-27T20:37:28","slug":"informations-pratiques","status":"publish","type":"page","link":"https:\/\/site.ac-martinique.fr\/lyc-fanon\/?page_id=488","title":{"rendered":"Informations Pratiques"},"content":{"rendered":"\n<div class=\"wp-block-group alignfull is-layout-flow wp-block-group-is-layout-flow\">\n<div class=\"wp-block-columns alignwide are-vertically-aligned-center tw-cols-stack-md tw-gutter-large is-layout-flex wp-container-core-columns-is-layout-d0b3c9c8 wp-block-columns-is-layout-flex\">\n<div class=\"wp-block-column is-vertically-aligned-center is-layout-flow wp-block-column-is-layout-flow\" style=\"--col-width:33.33%;flex-basis:33.33%\">\n<h2 class=\"wp-block-heading\" style=\"margin-top:0;margin-right:var(--wp--preset--spacing--x-small);margin-bottom:0;margin-left:var(--wp--preset--spacing--x-small)\">Contactez-nous<\/h2>\n\n\n\n<h3 class=\"wp-block-heading has-medium-font-size\" style=\"margin-right:var(--wp--preset--spacing--x-small);margin-left:var(--wp--preset--spacing--x-small)\">Adresse<\/h3>\n\n\n\n<p style=\"padding-top:0;padding-right:var(--wp--preset--spacing--x-small);padding-bottom:0;padding-left:var(--wp--preset--spacing--x-small)\">Lyc\u00e9e G\u00e9n\u00e9ral et Technologique Frantz Fanon<br>Cit\u00e9 Scolaire Frantz Fanon<br>97220 LA TRINIT\u00c9<\/p>\n\n\n\n<h3 class=\"wp-block-heading has-medium-font-size\" style=\"margin-right:var(--wp--preset--spacing--x-small);margin-left:var(--wp--preset--spacing--x-small)\">Horaires d\u2019ouverture<\/h3>\n\n\n\n<p style=\"margin-right:var(--wp--preset--spacing--x-small);margin-left:var(--wp--preset--spacing--x-small)\">Lundi &#8211; Vendredi&nbsp;: 7h-17h05<br>Mercredi&nbsp;: 7h-12h50<\/p>\n\n\n\n<h3 class=\"wp-block-heading has-medium-font-size\" style=\"margin-right:var(--wp--preset--spacing--x-small);margin-left:var(--wp--preset--spacing--x-small)\">Nous contacter<\/h3>\n\n\n\n<p style=\"margin-right:var(--wp--preset--spacing--x-small);margin-left:var(--wp--preset--spacing--x-small)\">(+596)-0596 58 21 96<br><a href=\"mailto:contact@example.com\">ce.9720350y@ac-martinique.fr<\/a><\/p>\n<\/div>\n\n\n\n<div class=\"wp-block-column is-vertically-aligned-center is-layout-flow wp-block-column-is-layout-flow\" style=\"--col-width:66.66%;flex-basis:66.66%\">\n<iframe loading=\"lazy\" src=\"https:\/\/www.google.com\/maps\/d\/embed?mid=1bdNy_-tIwnsXu6EoCUWaYpjHfaQ&#038;ehbc=2E312F\" width=\"640\" height=\"480\"><\/iframe>\n<\/div>\n<\/div>\n<\/div>\n","protected":false},"excerpt":{"rendered":"<p>Contactez-nous Adresse Lyc\u00e9e G\u00e9n\u00e9ral et Technologique Frantz FanonCit\u00e9 Scolaire Frantz Fanon97220 LA TRINIT\u00c9 Horaires d\u2019ouverture Lundi &#8211; Vendredi&nbsp;: 7h-17h05Mercredi&nbsp;: 7h-12h50 Nous contacter (+596)-0596 58 21 96ce.9720350y@ac-martinique.fr<\/p>\n","protected":false},"author":464,"featured_media":0,"parent":0,"menu_order":0,"comment_status":"closed","ping_status":"closed","template":"","meta":{"inspiro_hide_title":false,"footnotes":""},"class_list":["post-488","page","type-page","status-publish","hentry"],"_links":{"self":[{"href":"https:\/\/site.ac-martinique.fr\/lyc-fanon\/index.php?rest_route=\/wp\/v2\/pages\/488","targetHints":{"allow":["GET"]}}],"collection":[{"href":"https:\/\/site.ac-martinique.fr\/lyc-fanon\/index.php?rest_route=\/wp\/v2\/pages"}],"about":[{"href":"https:\/\/site.ac-martinique.fr\/lyc-fanon\/index.php?rest_route=\/wp\/v2\/types\/page"}],"author":[{"embeddable":true,"href":"https:\/\/site.ac-martinique.fr\/lyc-fanon\/index.php?rest_route=\/wp\/v2\/users\/464"}],"replies":[{"embeddable":true,"href":"https:\/\/site.ac-martinique.fr\/lyc-fanon\/index.php?rest_route=%2Fwp%2Fv2%2Fcomments&post=488"}],"version-history":[{"count":5,"href":"https:\/\/site.ac-martinique.fr\/lyc-fanon\/index.php?rest_route=\/wp\/v2\/pages\/488\/revisions"}],"predecessor-version":[{"id":596,"href":"https:\/\/site.ac-martinique.fr\/lyc-fanon\/index.php?rest_route=\/wp\/v2\/pages\/488\/revisions\/596"}],"wp:attachment":[{"href":"https:\/\/site.ac-martinique.fr\/lyc-fanon\/index.php?rest_route=%2Fwp%2Fv2%2Fmedia&parent=488"}],"curies":[{"name":"wp","href":"https:\/\/api.w.org\/{rel}","templated":true}]}}