{"id":921,"date":"2024-02-03T16:21:42","date_gmt":"2024-02-03T20:21:42","guid":{"rendered":"https:\/\/site.ac-martinique.fr\/lyc-fanon\/?page_id=921"},"modified":"2025-08-26T16:15:00","modified_gmt":"2025-08-26T20:15:00","slug":"service-sante","status":"publish","type":"page","link":"https:\/\/site.ac-martinique.fr\/lyc-fanon\/?page_id=921","title":{"rendered":"Service Sant\u00e9"},"content":{"rendered":"\n<p><p class=\"MsoNormal\" align=\"center\" style=\"text-align:center\"><\/p><p class=\"MsoNormal\" align=\"center\" style=\"text-align:center\"><b>Tel : 0596 58 10 15<\/b><\/p><p class=\"MsoNormal\" align=\"center\" style=\"text-align:center\"><b><\/b><\/p><p class=\"MsoNormal\" align=\"center\" style=\"text-align:center\"><b><\/b><\/p><p class=\"MsoNormal\" align=\"center\" style=\"text-align:center\"><b>Mme SCHMISSER Marylou, en charge des secondes, \u00e9tudiants et internes :<\/b><\/p><p class=\"MsoNormal\" align=\"center\" style=\"text-align:center\"><b>0696 27 10 68 | <\/b><a href=\"mailto:marie.schmisser@ac-martinique.fr\"><b>marie.schmisser@ac-martinique.fr<\/b><\/a><b> | Poste 461<\/b><\/p><p class=\"MsoNormal\" align=\"center\" style=\"text-align:center\"><b>\u00a0<\/b><\/p><p class=\"MsoNormal\" align=\"center\" style=\"text-align:center\"><b><u>Information des infirmi\u00e8res<\/u><\/b><\/p><p class=\"MsoNormal\">L&rsquo;infirmerie est ouverte du lundi au jeudi de 7h30 \u00e0 17h05 et le vendredi jusqu&rsquo;\u00e0 16h30.<\/p><p class=\"MsoNormal\">L&rsquo;infirmi\u00e8re d&rsquo;internat effectue 3 astreintes de nuit, le mardi, mercredi et jeudi.<\/p><p class=\"MsoNormal\">Infirmi\u00e8res dipl\u00f4m\u00e9es d&rsquo;\u00e9tat, nous dispensons soins et conseils en faveur des \u00e9l\u00e8ves du L.G.T. sous la responsabilit\u00e9 du chef d&rsquo;\u00e9tablissement.<\/p><p class=\"MsoNormal\">Nos missions : Promouvoir la r\u00e9ussite des \u00e9l\u00e8ves. <\/p><p class=\"MsoNormal\">L&rsquo;infirmi\u00e8re de lyc\u00e9e :<\/p><p class=\"MsoListParagraphCxSpFirst\" style=\"text-indent:-.25in;mso-list:l0 level1 lfo1\"><span style=\"mso-ascii-font-family:Calibri;mso-fareast-font-family:Calibri;\nmso-hansi-font-family:Calibri;mso-bidi-font-family:Calibri\"><span style=\"mso-list:Ignore\">&#8211;<span style=\"font:7.0pt &quot;Times New Roman&quot;\">\u00a0\u00a0\u00a0\u00a0\u00a0\u00a0\u00a0\u00a0\u00a0 <\/span><\/span><\/span>Contribue au bien-\u00eatre physique, psychologique des jeunes pour leur r\u00e9ussite aux examens. <\/p><p class=\"MsoListParagraphCxSpMiddle\" style=\"text-indent:-.25in;mso-list:l0 level1 lfo1\"><span style=\"mso-ascii-font-family:Calibri;mso-fareast-font-family:Calibri;\nmso-hansi-font-family:Calibri;mso-bidi-font-family:Calibri\"><span style=\"mso-list:Ignore\">&#8211;<span style=\"font:7.0pt &quot;Times New Roman&quot;\">\u00a0\u00a0\u00a0\u00a0\u00a0\u00a0\u00a0\u00a0\u00a0 <\/span><\/span><\/span>Contribue \u00e0 l&rsquo;int\u00e9gration scolaire des \u00e9l\u00e8ves atteints de maladie chronique, d&rsquo;handicap et de troubles des apprentissages.<\/p><p class=\"MsoListParagraphCxSpMiddle\" style=\"text-indent:-.25in;mso-list:l0 level1 lfo1\"><span style=\"mso-ascii-font-family:Calibri;mso-fareast-font-family:Calibri;\nmso-hansi-font-family:Calibri;mso-bidi-font-family:Calibri\"><span style=\"mso-list:Ignore\">&#8211;<span style=\"font:7.0pt &quot;Times New Roman&quot;\">\u00a0\u00a0\u00a0\u00a0\u00a0\u00a0\u00a0\u00a0\u00a0 <\/span><\/span><\/span>D\u00e9veloppe une dynamique d&rsquo;\u00e9ducation \u00e0 la sant\u00e9 et \u00e0 la citoyennet\u00e9 en faveur des \u00e9l\u00e8ves. <\/p><p class=\"MsoListParagraphCxSpMiddle\" style=\"text-indent:-.25in;mso-list:l0 level1 lfo1\"><span style=\"mso-ascii-font-family:Calibri;mso-fareast-font-family:Calibri;\nmso-hansi-font-family:Calibri;mso-bidi-font-family:Calibri\"><span style=\"mso-list:Ignore\">&#8211;<span style=\"font:7.0pt &quot;Times New Roman&quot;\">\u00a0\u00a0\u00a0\u00a0\u00a0\u00a0\u00a0\u00a0\u00a0 <\/span><\/span><\/span>Identifie les besoins, organise les d\u00e9pistages infirmiers selon son r\u00f4le propre et dispense les actes infirmiers qui rel\u00e8vent de sa comp\u00e9tence et de sa responsabilit\u00e9. <\/p><p class=\"MsoListParagraphCxSpMiddle\" style=\"text-indent:-.25in;mso-list:l0 level1 lfo1\"><span style=\"mso-ascii-font-family:Calibri;mso-fareast-font-family:Calibri;\nmso-hansi-font-family:Calibri;mso-bidi-font-family:Calibri\"><span style=\"mso-list:Ignore\">&#8211;<span style=\"font:7.0pt &quot;Times New Roman&quot;\">\u00a0\u00a0\u00a0\u00a0\u00a0\u00a0\u00a0\u00a0\u00a0 <\/span><\/span><\/span>\u00c9tablit un partenariat avec tous les membres de la communaut\u00e9 \u00e9ducative de son \u00e9tablissement, avec des personnes ressources ext\u00e9rieurs et oriente les \u00e9l\u00e8ves en difficult\u00e9s vers des professionnels adapt\u00e9s.<\/p><p class=\"MsoListParagraphCxSpMiddle\" style=\"text-indent:-.25in;mso-list:l0 level1 lfo1\"><span style=\"mso-ascii-font-family:Calibri;mso-fareast-font-family:Calibri;\nmso-hansi-font-family:Calibri;mso-bidi-font-family:Calibri\"><span style=\"mso-list:Ignore\">&#8211;<span style=\"font:7.0pt &quot;Times New Roman&quot;\">\u00a0\u00a0\u00a0\u00a0\u00a0\u00a0\u00a0\u00a0\u00a0 <\/span><\/span><\/span>Participe aux visites m\u00e9dicales des \u00e9l\u00e8ves n\u00e9cessitant des am\u00e9nagements sur le temps scolaire (PAI, PAP, PPS, ESS&#8230;) <\/p><p class=\"MsoListParagraphCxSpLast\" style=\"text-indent:-.25in;mso-list:l0 level1 lfo1\"><span style=\"mso-ascii-font-family:Calibri;mso-fareast-font-family:Calibri;\nmso-hansi-font-family:Calibri;mso-bidi-font-family:Calibri\"><span style=\"mso-list:Ignore\">&#8211;<span style=\"font:7.0pt &quot;Times New Roman&quot;\">\u00a0\u00a0\u00a0\u00a0\u00a0\u00a0\u00a0\u00a0\u00a0 <\/span><\/span><\/span>Nous pouvons \u00eatre amen\u00e9es \u00e0 collaborer avec le m\u00e9decin de sant\u00e9 scolaire, l&rsquo;assistante sociale, la psychologue, l&rsquo;\u00e9quipe \u00e9ducative, les enseignants, les \u00e9l\u00e8ves et les familles.<\/p><p class=\"MsoNormal\"><b><u>Passage \u00e0 l&rsquo;infirmerie :<\/u><\/b><\/p><p class=\"MsoNormal\">Il est souhaitable de passer \u00e0 la vie scolaire avant, afin de nous pr\u00e9venir de votre venue (temps d&rsquo;attente trop longue).<\/p><p class=\"MsoNormal\">Vous \u00eates prioritaire s&rsquo;il s&rsquo;agit d&rsquo;une urgence ou que vous b\u00e9n\u00e9ficiez d&rsquo;un PAI (Protocole d&rsquo;Accueil Individualis\u00e9) ou PU (Protocole d&rsquo;Urgence).<\/p><p class=\"MsoNormal\">Vous devez vous pr\u00e9senter avec votre carnet de correspondance.<\/p>\n","protected":false},"excerpt":{"rendered":"<p>Tel : 0596 58 10 15 Mme SCHMISSER Marylou, en charge des secondes, \u00e9tudiants et internes : 0696 27 10 68 | marie.schmisser@ac-martinique.fr | Poste 461 \u00a0 Information des infirmi\u00e8res L&rsquo;infirmerie est ouverte du lundi au jeudi de 7h30 \u00e0 17h05 et le vendredi jusqu&rsquo;\u00e0 16h30. L&rsquo;infirmi\u00e8re d&rsquo;internat effectue 3 astreintes de nuit, le mardi, &hellip; <\/p>\n<p class=\"link-more\"><a href=\"https:\/\/site.ac-martinique.fr\/lyc-fanon\/?page_id=921\" class=\"more-link\">Lire la suite de<span class=\"screen-reader-text\">\u00ab\u00a0Service Sant\u00e9\u00a0\u00bb<\/span><\/a><\/p>\n","protected":false},"author":478,"featured_media":0,"parent":857,"menu_order":0,"comment_status":"closed","ping_status":"closed","template":"","meta":{"inspiro_hide_title":false,"footnotes":""},"class_list":["post-921","page","type-page","status-publish","hentry"],"_links":{"self":[{"href":"https:\/\/site.ac-martinique.fr\/lyc-fanon\/index.php?rest_route=\/wp\/v2\/pages\/921","targetHints":{"allow":["GET"]}}],"collection":[{"href":"https:\/\/site.ac-martinique.fr\/lyc-fanon\/index.php?rest_route=\/wp\/v2\/pages"}],"about":[{"href":"https:\/\/site.ac-martinique.fr\/lyc-fanon\/index.php?rest_route=\/wp\/v2\/types\/page"}],"author":[{"embeddable":true,"href":"https:\/\/site.ac-martinique.fr\/lyc-fanon\/index.php?rest_route=\/wp\/v2\/users\/478"}],"replies":[{"embeddable":true,"href":"https:\/\/site.ac-martinique.fr\/lyc-fanon\/index.php?rest_route=%2Fwp%2Fv2%2Fcomments&post=921"}],"version-history":[{"count":9,"href":"https:\/\/site.ac-martinique.fr\/lyc-fanon\/index.php?rest_route=\/wp\/v2\/pages\/921\/revisions"}],"predecessor-version":[{"id":3086,"href":"https:\/\/site.ac-martinique.fr\/lyc-fanon\/index.php?rest_route=\/wp\/v2\/pages\/921\/revisions\/3086"}],"up":[{"embeddable":true,"href":"https:\/\/site.ac-martinique.fr\/lyc-fanon\/index.php?rest_route=\/wp\/v2\/pages\/857"}],"wp:attachment":[{"href":"https:\/\/site.ac-martinique.fr\/lyc-fanon\/index.php?rest_route=%2Fwp%2Fv2%2Fmedia&parent=921"}],"curies":[{"name":"wp","href":"https:\/\/api.w.org\/{rel}","templated":true}]}}

Service Santé

<p><p class="MsoNormal" align="center" style="text-align:center"></p><p class="MsoNormal" align="center" style="text-align:center"><b>Tel : 0596 58 10 15</b></p><p class="MsoNormal" align="center" style="text-align:center"><b></b></p><p class="MsoNormal" align="center" style="text-align:center"><b></b></p><p class="MsoNormal" align="center" style="text-align:center"><b>Mme SCHMISSER Marylou, en charge des secondes, étudiants et internes :</b></p><p class="MsoNormal" align="center" style="text-align:center"><b>0696 27 10 68 | </b><a href="mailto:marie.schmisser@ac-martinique.fr"><b>marie.schmisser@ac-martinique.fr</b></a><b> | Poste 461</b></p><p class="MsoNormal" align="center" style="text-align:center"><b> </b></p><p class="MsoNormal" align="center" style="text-align:center"><b><u>Information des infirmières</u></b></p><p class="MsoNormal">L&rsquo;infirmerie est ouverte du lundi au jeudi de 7h30 à 17h05 et le vendredi jusqu&rsquo;à 16h30.</p><p class="MsoNormal">L&rsquo;infirmière d&rsquo;internat effectue 3 astreintes de nuit, le mardi, mercredi et jeudi.</p><p class="MsoNormal">Infirmières diplômées d&rsquo;état, nous dispensons soins et conseils en faveur des élèves du L.G.T. sous la responsabilité du chef d&rsquo;établissement.</p><p class="MsoNormal">Nos missions : Promouvoir la réussite des élèves. </p><p class="MsoNormal">L&rsquo;infirmière de lycée :</p><p class="MsoListParagraphCxSpFirst" style="text-indent:-.25in;mso-list:l0 level1 lfo1"><span style="mso-ascii-font-family:Calibri;mso-fareast-font-family:Calibri;
mso-hansi-font-family:Calibri;mso-bidi-font-family:Calibri"><span style="mso-list:Ignore">&#8211;<span style="font:7.0pt &quot;Times New Roman&quot;">          </span></span></span>Contribue au bien-être physique, psychologique des jeunes pour leur réussite aux examens. </p><p class="MsoListParagraphCxSpMiddle" style="text-indent:-.25in;mso-list:l0 level1 lfo1"><span style="mso-ascii-font-family:Calibri;mso-fareast-font-family:Calibri;
mso-hansi-font-family:Calibri;mso-bidi-font-family:Calibri"><span style="mso-list:Ignore">&#8211;<span style="font:7.0pt &quot;Times New Roman&quot;">          </span></span></span>Contribue à l&rsquo;intégration scolaire des élèves atteints de maladie chronique, d&rsquo;handicap et de troubles des apprentissages.</p><p class="MsoListParagraphCxSpMiddle" style="text-indent:-.25in;mso-list:l0 level1 lfo1"><span style="mso-ascii-font-family:Calibri;mso-fareast-font-family:Calibri;
mso-hansi-font-family:Calibri;mso-bidi-font-family:Calibri"><span style="mso-list:Ignore">&#8211;<span style="font:7.0pt &quot;Times New Roman&quot;">          </span></span></span>Développe une dynamique d&rsquo;éducation à la santé et à la citoyenneté en faveur des élèves. </p><p class="MsoListParagraphCxSpMiddle" style="text-indent:-.25in;mso-list:l0 level1 lfo1"><span style="mso-ascii-font-family:Calibri;mso-fareast-font-family:Calibri;
mso-hansi-font-family:Calibri;mso-bidi-font-family:Calibri"><span style="mso-list:Ignore">&#8211;<span style="font:7.0pt &quot;Times New Roman&quot;">          </span></span></span>Identifie les besoins, organise les dépistages infirmiers selon son rôle propre et dispense les actes infirmiers qui relèvent de sa compétence et de sa responsabilité. </p><p class="MsoListParagraphCxSpMiddle" style="text-indent:-.25in;mso-list:l0 level1 lfo1"><span style="mso-ascii-font-family:Calibri;mso-fareast-font-family:Calibri;
mso-hansi-font-family:Calibri;mso-bidi-font-family:Calibri"><span style="mso-list:Ignore">&#8211;<span style="font:7.0pt &quot;Times New Roman&quot;">          </span></span></span>Établit un partenariat avec tous les membres de la communauté éducative de son établissement, avec des personnes ressources extérieurs et oriente les élèves en difficultés vers des professionnels adaptés.</p><p class="MsoListParagraphCxSpMiddle" style="text-indent:-.25in;mso-list:l0 level1 lfo1"><span style="mso-ascii-font-family:Calibri;mso-fareast-font-family:Calibri;
mso-hansi-font-family:Calibri;mso-bidi-font-family:Calibri"><span style="mso-list:Ignore">&#8211;<span style="font:7.0pt &quot;Times New Roman&quot;">          </span></span></span>Participe aux visites médicales des élèves nécessitant des aménagements sur le temps scolaire (PAI, PAP, PPS, ESS&#8230;) </p><p class="MsoListParagraphCxSpLast" style="text-indent:-.25in;mso-list:l0 level1 lfo1"><span style="mso-ascii-font-family:Calibri;mso-fareast-font-family:Calibri;
mso-hansi-font-family:Calibri;mso-bidi-font-family:Calibri"><span style="mso-list:Ignore">&#8211;<span style="font:7.0pt &quot;Times New Roman&quot;">          </span></span></span>Nous pouvons être amenées à collaborer avec le médecin de santé scolaire, l&rsquo;assistante sociale, la psychologue, l&rsquo;équipe éducative, les enseignants, les élèves et les familles.</p><p class="MsoNormal"><b><u>Passage à l&rsquo;infirmerie :</u></b></p><p class="MsoNormal">Il est souhaitable de passer à la vie scolaire avant, afin de nous prévenir de votre venue (temps d&rsquo;attente trop longue).</p><p class="MsoNormal">Vous êtes prioritaire s&rsquo;il s&rsquo;agit d&rsquo;une urgence ou que vous bénéficiez d&rsquo;un PAI (Protocole d&rsquo;Accueil Individualisé) ou PU (Protocole d&rsquo;Urgence).</p><p class="MsoNormal">Vous devez vous présenter avec votre carnet de correspondance.</p>

<p>Tel : 0596 58 10 15 Mme SCHMISSER Marylou, en charge des secondes, étudiants et internes : 0696 27 10 68 | marie.schmisser@ac-martinique.fr | Poste 461   Information des infirmières L&rsquo;infirmerie est ouverte du lundi au jeudi de 7h30 à 17h05 et le vendredi jusqu&rsquo;à 16h30. L&rsquo;infirmière d&rsquo;internat effectue 3 astreintes de nuit, le mardi, &hellip; </p>
<p class="link-more"><a href="https://site.ac-martinique.fr/lyc-fanon/?page_id=921" class="more-link">Lire la suite de<span class="screen-reader-text">« Service Santé »</span></a></p>
