{"id":938,"date":"2024-02-04T10:26:42","date_gmt":"2024-02-04T14:26:42","guid":{"rendered":"https:\/\/site.ac-martinique.fr\/lyc-fanon\/?page_id=938"},"modified":"2025-09-05T12:38:51","modified_gmt":"2025-09-05T16:38:51","slug":"psyen","status":"publish","type":"page","link":"https:\/\/site.ac-martinique.fr\/lyc-fanon\/?page_id=938","title":{"rendered":"PsyEN"},"content":{"rendered":"\n<p>Les psychologues de l\u2019\u00e9ducation nationale contribuent a\u0300 la re\u0301ussite scolaire de tous les e\u0301le\u0300ves, a\u0300 la lutte contre les effets des ine\u0301galite\u0301s sociales et a\u0300 l\u2019acce\u0300s des jeunes a\u0300 une qualification en vue de leur insertion professionnelle. Ils accompagnent la r\u00e9ussite et l\u2019\u00e9panouissement des publics qu\u2019ils suivent, en particulier, les \u00e9l\u00e8ves n\u00e9cessitant une attention plus particuli\u00e8re, rencontrant des difficult\u00e9s ou en situation de handicap. <\/p>\n\n\n\n<p>Au quotidien, ils conduisent des entretiens pour analyser les situations, dans l\u2019objectif de mieux d\u00e9finir les besoins des \u00e9l\u00e8ves.<\/p>\n\n\n\n<hr \/>\n\n\n\n<p><strong>M. Armand AUDEL <\/strong>(sans rendez-vous)<\/p>\n\n\n\n<ul class=\"wp-block-list\">\n<li>Lundi matin de 07h30 \u00e0 12h30<\/li>\n\n\n\n<li>Mardi apr\u00e8s-midi de 14h00 \u00e0 17h00<\/li>\n<\/ul>\n\n\n\n<p><strong>Mme Valery GAMESS <\/strong>(sur rendez-vous)<\/p>\n\n\n\n<ul class=\"wp-block-list\">\n<li>Mardi matin<\/li>\n\n\n\n<li>Jeudi matin<\/li>\n<\/ul>\n","protected":false},"excerpt":{"rendered":"<p>Les psychologues de l\u2019\u00e9ducation nationale contribuent a\u0300 la re\u0301ussite scolaire de tous les e\u0301le\u0300ves, a\u0300 la lutte contre les effets des ine\u0301galite\u0301s sociales et a\u0300 l\u2019acce\u0300s des jeunes a\u0300 une qualification en vue de leur insertion professionnelle. Ils accompagnent la r\u00e9ussite et l\u2019\u00e9panouissement des publics qu\u2019ils suivent, en particulier, les \u00e9l\u00e8ves n\u00e9cessitant une attention plus &hellip; <\/p>\n<p class=\"link-more\"><a href=\"https:\/\/site.ac-martinique.fr\/lyc-fanon\/?page_id=938\" class=\"more-link\">Lire la suite de<span class=\"screen-reader-text\">\u00ab\u00a0PsyEN\u00a0\u00bb<\/span><\/a><\/p>\n","protected":false},"author":478,"featured_media":0,"parent":847,"menu_order":0,"comment_status":"closed","ping_status":"closed","template":"","meta":{"inspiro_hide_title":false,"footnotes":""},"class_list":["post-938","page","type-page","status-publish","hentry"],"_links":{"self":[{"href":"https:\/\/site.ac-martinique.fr\/lyc-fanon\/index.php?rest_route=\/wp\/v2\/pages\/938","targetHints":{"allow":["GET"]}}],"collection":[{"href":"https:\/\/site.ac-martinique.fr\/lyc-fanon\/index.php?rest_route=\/wp\/v2\/pages"}],"about":[{"href":"https:\/\/site.ac-martinique.fr\/lyc-fanon\/index.php?rest_route=\/wp\/v2\/types\/page"}],"author":[{"embeddable":true,"href":"https:\/\/site.ac-martinique.fr\/lyc-fanon\/index.php?rest_route=\/wp\/v2\/users\/478"}],"replies":[{"embeddable":true,"href":"https:\/\/site.ac-martinique.fr\/lyc-fanon\/index.php?rest_route=%2Fwp%2Fv2%2Fcomments&post=938"}],"version-history":[{"count":5,"href":"https:\/\/site.ac-martinique.fr\/lyc-fanon\/index.php?rest_route=\/wp\/v2\/pages\/938\/revisions"}],"predecessor-version":[{"id":3110,"href":"https:\/\/site.ac-martinique.fr\/lyc-fanon\/index.php?rest_route=\/wp\/v2\/pages\/938\/revisions\/3110"}],"up":[{"embeddable":true,"href":"https:\/\/site.ac-martinique.fr\/lyc-fanon\/index.php?rest_route=\/wp\/v2\/pages\/847"}],"wp:attachment":[{"href":"https:\/\/site.ac-martinique.fr\/lyc-fanon\/index.php?rest_route=%2Fwp%2Fv2%2Fmedia&parent=938"}],"curies":[{"name":"wp","href":"https:\/\/api.w.org\/{rel}","templated":true}]}}

<p>Les psychologues de l’éducation nationale contribuent à la réussite scolaire de tous les élèves, à la lutte contre les effets des inégalités sociales et à l’accès des jeunes à une qualification en vue de leur insertion professionnelle. Ils accompagnent la réussite et l’épanouissement des publics qu’ils suivent, en particulier, les élèves nécessitant une attention plus particulière, rencontrant des difficultés ou en situation de handicap. </p>



<p>Au quotidien, ils conduisent des entretiens pour analyser les situations, dans l’objectif de mieux définir les besoins des élèves.</p>



<hr />



<p><strong>M. Armand AUDEL </strong>(sans rendez-vous)</p>



<ul class="wp-block-list">
<li>Lundi matin de 07h30 à 12h30</li>



<li>Mardi après-midi de 14h00 à 17h00</li>
</ul>



<p><strong>Mme Valery GAMESS </strong>(sur rendez-vous)</p>



<ul class="wp-block-list">
<li>Mardi matin</li>



<li>Jeudi matin</li>
</ul>

<p>Les psychologues de l’éducation nationale contribuent à la réussite scolaire de tous les élèves, à la lutte contre les effets des inégalités sociales et à l’accès des jeunes à une qualification en vue de leur insertion professionnelle. Ils accompagnent la réussite et l’épanouissement des publics qu’ils suivent, en particulier, les élèves nécessitant une attention plus &hellip; </p>
<p class="link-more"><a href="https://site.ac-martinique.fr/lyc-fanon/?page_id=938" class="more-link">Lire la suite de<span class="screen-reader-text">« PsyEN »</span></a></p>
