{"id":109,"date":"2015-03-19T10:40:45","date_gmt":"2015-03-19T14:40:45","guid":{"rendered":"\/lyc-josephzobel\/?page_id=109"},"modified":"2022-07-11T11:51:52","modified_gmt":"2022-07-11T15:51:52","slug":"tice","status":"publish","type":"page","link":"https:\/\/site.ac-martinique.fr\/lyc-josephzobel\/?page_id=109","title":{"rendered":"TICE"},"content":{"rendered":"<h2 style=\"text-align: center;\"><strong><span style=\"color: #ff0000;\">Pr\u00e9sentation de l\u2019ENT Colibri du lyc\u00e9e Joseph ZOBEL<\/span><\/strong><\/h2>\n<p><span style=\"color: #ce181e;\"><span style=\"font-family: Arial, sans-serif;\"><span style=\"font-size: large;\"><b>A ) Acc\u00e8s \u00e0 l\u2019ENT Colibri.<\/b><\/span><\/span><\/span><\/p>\n<p><span style=\"font-family: Arial, sans-serif;\"><span lang=\"fr-FR\">Il est possible \u00e0 <\/span><\/span><span style=\"font-family: Arial, sans-serif;\"><span lang=\"fr-FR\">partir du site internet du lyc\u00e9e ou \u00e0 l\u2019a<\/span><\/span><span style=\"font-family: Arial, sans-serif;\"><span lang=\"fr-FR\">dresse: <\/span><\/span><\/p>\n<p><span style=\"font-family: Arial, sans-serif;\"><span lang=\"fr-FR\">\u00a0 \u00a0 \u00a0<a href=\"https:\/\/colibri2d.ac-martinique.fr\/\">https:\/\/colibri2d.ac-martinique.fr<\/a><\/span><\/span><\/p>\n<p><span style=\"font-family: Arial, sans-serif;\"><span lang=\"fr-FR\">Pour vous connecter, v<\/span><\/span><span style=\"font-family: Arial, sans-serif;\"><span lang=\"fr-FR\">ous avez normalement <\/span><\/span><span style=\"font-family: Arial, sans-serif;\"><span lang=\"fr-FR\">re\u00e7u vos codes d\u2019acc\u00e8s \u00e0 l\u2019ENT dans votre boite mail acad\u00e9mique. Si tel n\u2019est pas le cas, je vous prie d\u2019informer notre cellule TICE<\/span><\/span> <span style=\"font-family: Arial, sans-serif;\"><span lang=\"fr-FR\">afin que nous fassions un nouvel envoi.<\/span><\/span><\/p>\n<p><span style=\"font-family: Arial, sans-serif;\"><span lang=\"fr-FR\">C<\/span><\/span><span style=\"font-family: Arial, sans-serif;\"><span lang=\"fr-FR\">omposition de l\u2019\u00e9quipe TICE du lyc\u00e9e\u00a0:<\/span><\/span><\/p>\n<p><span style=\"font-family: Arial, sans-serif;\"><span lang=\"fr-FR\">Assistant TICE: <a href=\"mailto:Coraline.banny@ac-martinique.fr\">Coraline.banny@ac-martinique.fr<\/a><\/span><\/span><\/p>\n<p><span style=\"font-family: Arial, sans-serif;\"><span lang=\"fr-FR\">Assistant TICE: <\/span><\/span><a href=\"mailto:Cedric.Abdas@ac-martinique.fr\">Cedric.Abdas@ac-martinique.fr<\/a><\/p>\n<p><span style=\"font-family: Arial, sans-serif;\"><span lang=\"fr-FR\">R\u00e9f\u00e9rent du num\u00e9rique (RRUPN): <\/span><\/span><a href=\"mailto:Philippe.perro@ac-martinique.fr\"><span style=\"font-family: Arial, sans-serif;\"><span lang=\"fr-FR\">Philippe.perro@ac-martinique.fr<\/span><\/span><\/a><\/p>\n<p><span style=\"font-family: Arial, sans-serif;\"><span lang=\"fr-FR\">A<\/span><\/span><span style=\"font-family: Arial, sans-serif;\"><span lang=\"fr-FR\">u moment de la premi\u00e8re connexion, l\u2019utilisateur sera invit\u00e9 \u00e0 personnaliser son mot de passe et \u00e0 fournir une adresse mail afin de pouvoir r\u00e9cup\u00e9rer ses codes d\u2019acc\u00e8s en cas d\u2019oublie <\/span><\/span><span style=\"font-family: Arial, sans-serif;\"><span lang=\"fr-FR\">(proc\u00e9dure automatis\u00e9e)<\/span><\/span><span style=\"font-family: Arial, sans-serif;\"><span lang=\"fr-FR\">. <\/span><\/span><span style=\"font-family: Arial, sans-serif;\"><span lang=\"fr-FR\">Il faut n\u00e9cessairement renseigner ce champ, car nous ne pourrons plus avoir acc\u00e8s aux codes \u00e9l\u00e8ves personnels pour des raisons de s\u00e9curit\u00e9 <\/span><\/span><\/p>\n<p><span style=\"color: #ce181e;\"><span style=\"font-family: Arial, sans-serif;\"><span style=\"font-size: large;\"><b>B ) Passage de l\u2019ENT Carambole \u00e0 l\u2019ENT Colibri<\/b><\/span><\/span><\/span><\/p>\n<p><span style=\"font-family: Arial, sans-serif;\"><span lang=\"fr-FR\">L\u2019ENT <\/span><\/span><span style=\"font-family: Arial, sans-serif;\"><span lang=\"fr-FR\">Colibri <\/span><\/span><span style=\"font-family: Arial, sans-serif;\"><span lang=\"fr-FR\">n<\/span><\/span><span style=\"font-family: Arial, sans-serif;\"><span lang=\"fr-FR\">ous offre un cadre <\/span><\/span><span style=\"font-family: Arial, sans-serif;\"><span lang=\"fr-FR\">mieux <\/span><\/span><span style=\"font-family: Arial, sans-serif;\"><span lang=\"fr-FR\">s\u00e9curis\u00e9, <\/span><\/span><span style=\"font-family: Arial, sans-serif;\"><span lang=\"fr-FR\">car il <\/span><\/span><span style=\"font-family: Arial, sans-serif;\"><span lang=\"fr-FR\">r\u00e9pond aux nouvelles normes <\/span><\/span><span style=\"font-family: Arial, sans-serif;\"><span lang=\"fr-FR\">du <\/span><\/span><span style=\"font-family: Arial, sans-serif;\"><span lang=\"fr-FR\">RGPD <\/span><\/span><span style=\"font-family: Arial, sans-serif;\"><span lang=\"fr-FR\">(<\/span><\/span><span style=\"font-family: Arial, sans-serif;\"><span lang=\"fr-FR\">R\u00e8glement<\/span><\/span><span style=\"font-family: Arial, sans-serif;\"><span lang=\"fr-FR\"> G\u00e9n\u00e9ral de la Protection des Donn\u00e9es)<\/span><\/span><span style=\"font-family: Arial, sans-serif;\"><span lang=\"fr-FR\"> d\u00e9sormais en <\/span><\/span><span style=\"font-family: Arial, sans-serif;\"><span lang=\"fr-FR\">vigueur.<\/span><\/span><\/p>\n<p><span style=\"font-family: Arial, sans-serif;\"><span lang=\"fr-FR\">L<\/span><\/span><span style=\"font-family: Arial, sans-serif;\"><span lang=\"fr-FR\">e <\/span><\/span><span style=\"font-family: Arial, sans-serif;\"><span lang=\"fr-FR\">R<\/span><\/span><span style=\"font-family: Arial, sans-serif;\"><span lang=\"fr-FR\">ectorat <\/span><\/span><span style=\"font-family: Arial, sans-serif;\"><span lang=\"fr-FR\">prend<\/span><\/span> <span style=\"font-family: Arial, sans-serif;\"><span lang=\"fr-FR\">en charge pour Colibri <\/span><\/span><span style=\"font-family: Arial, sans-serif;\"><span lang=\"fr-FR\">l<\/span><\/span><span style=\"font-family: Arial, sans-serif;\"><span lang=\"fr-FR\">a gestion de l\u2019h\u00e9bergement et le <\/span><\/span><span style=\"font-family: Arial, sans-serif;\"><span lang=\"fr-FR\">suivi <\/span><\/span><span style=\"font-family: Arial, sans-serif;\"><span lang=\"fr-FR\">de<\/span><\/span><span style=\"font-family: Arial, sans-serif;\"><span lang=\"fr-FR\"> la maintenance du syst\u00e8me. <\/span><\/span><span style=\"font-family: Arial, sans-serif;\"><span lang=\"fr-FR\">I<\/span><\/span><span style=\"font-family: Arial, sans-serif;\"><span lang=\"fr-FR\">l y <\/span><\/span><span style=\"font-family: Arial, sans-serif;\"><span lang=\"fr-FR\">a \u00e0<\/span><\/span><span style=\"font-family: Arial, sans-serif;\"><span lang=\"fr-FR\"> Terre<\/span><\/span><span style=\"font-family: Arial, sans-serif;\"><span lang=\"fr-FR\">v<\/span><\/span><span style=\"font-family: Arial, sans-serif;\"><span lang=\"fr-FR\">ille<\/span><\/span> <span style=\"font-family: Arial, sans-serif;\"><span lang=\"fr-FR\">une personne d\u00e9di\u00e9<\/span><\/span><span style=\"font-family: Arial, sans-serif;\"><span lang=\"fr-FR\">e<\/span><\/span><span style=\"font-family: Arial, sans-serif;\"><span lang=\"fr-FR\"> pour la partie juridique. <\/span><\/span><span style=\"font-family: Arial, sans-serif;\"><span lang=\"fr-FR\">C\u2019est la raison <\/span><\/span><span style=\"font-family: Arial, sans-serif;\"><span lang=\"fr-FR\">principale <\/span><\/span><span style=\"color: #000000;\"><span style=\"font-family: Arial, sans-serif;\"><span lang=\"fr-FR\">pour laquelle nous basculon<\/span><\/span><\/span><span style=\"color: #000000;\"><span style=\"font-family: Arial, sans-serif;\"><span lang=\"fr-FR\">s<\/span><\/span><\/span><span style=\"color: #000000;\"><span style=\"font-family: Arial, sans-serif;\"><span lang=\"fr-FR\"> de l\u2019ENT Carambole \u00e0 l\u2019ENT Colibri.<\/span><\/span><\/span><\/p>\n<p><span style=\"font-size: large;\"><span style=\"color: #ce181e;\"><span style=\"font-family: Arial, sans-serif;\"><span lang=\"fr-FR\"><b>C<\/b><\/span><\/span><\/span><span style=\"color: #ce181e;\"><span style=\"font-family: Arial, sans-serif;\"><span lang=\"fr-FR\"><b>) Exploitation p\u00e9dagogique de l\u2019ENT<\/b><\/span><\/span><\/span><\/span><\/p>\n<p><span style=\"font-family: Arial, sans-serif;\"><span lang=\"fr-FR\">Vous pourrez <\/span><\/span><span style=\"font-family: Arial, sans-serif;\"><span lang=\"fr-FR\">avec l\u2019ENT <\/span><\/span><span style=\"font-family: Arial, sans-serif;\"><span lang=\"fr-FR\">en s\u00e9curit\u00e9 <\/span><\/span><span style=\"font-family: Arial, sans-serif;\"><span lang=\"fr-FR\">\u00e9changer par messagerie interne s\u00e9curis\u00e9e. <\/span><\/span><span style=\"font-family: Arial, sans-serif;\"><span lang=\"fr-FR\">T<\/span><\/span><span style=\"font-family: Arial, sans-serif;\"><span lang=\"fr-FR\">ransmettre des documents ou partager des ressources et ramasser des devoirs. Il est par exemple possible <\/span><\/span><span style=\"font-family: Arial, sans-serif;\"><span lang=\"fr-FR\">maintenant <\/span><\/span><span style=\"font-family: Arial, sans-serif;\"><span lang=\"fr-FR\">de r\u00e9aliser des QCM <\/span><\/span><span style=\"font-family: Arial, sans-serif;\"><span lang=\"fr-FR\">\u00e9volu\u00e9s <\/span><\/span><span style=\"font-family: Arial, sans-serif;\"><span lang=\"fr-FR\">ou des <\/span><\/span><span style=\"font-family: Arial, sans-serif;\"><span lang=\"fr-FR\">petits<\/span><\/span><span style=\"font-family: Arial, sans-serif;\"><span lang=\"fr-FR\"> sites internet pour la communaut\u00e9 des utilisateurs<\/span><\/span><span style=\"font-family: Arial, sans-serif;\"><span lang=\"fr-FR\">.<br \/>\n<\/span><\/span><\/p>\n<p><span style=\"font-family: Arial, sans-serif;\"><span lang=\"fr-FR\">Vous disposerez \u00e9galement de tableau pour partager avec un groupe ou toute la classe des id\u00e9es <\/span><\/span><span style=\"font-family: Arial, sans-serif;\"><span lang=\"fr-FR\">et bien d\u2019autres services.,,<\/span><\/span><\/p>\n<p><span style=\"font-size: large;\"><span style=\"color: #ce181e;\"><span style=\"font-family: Arial, sans-serif;\"><span lang=\"fr-FR\"><b>C-1 ) <\/b><\/span><\/span><\/span><span style=\"color: #ce181e;\"><span style=\"font-family: Arial, sans-serif;\"><span lang=\"fr-FR\"><b>Pour <\/b><\/span><\/span><\/span><span style=\"color: #ce181e;\"><span style=\"font-family: Arial, sans-serif;\"><span lang=\"fr-FR\"><b>communiquer et informer<\/b><\/span><\/span><\/span><\/span><\/p>\n<p><span style=\"color: #000000;\"><span style=\"font-size: medium;\"><span style=\"font-family: Arial, sans-serif;\"><span lang=\"fr-FR\"><a href=\"https:\/\/one.opendigitaleducation.com\/fr\/aide-support\/aide-support\/\">https:\/\/one.opendigitaleducation.com\/fr\/aide-support\/aide-support\/<\/a>\u00a0<\/span><\/span><\/span><\/span><\/p>\n<div class=\"entry-content\">\n<table width=\"100%\" cellspacing=\"0\" cellpadding=\"4\">\n<tbody>\n<tr valign=\"top\">\n<td width=\"22%\">\n<p align=\"left\"><a href=\"\/lyc-josephzobel\/wp-content\/uploads\/sites\/37\/2015\/03\/Messagerie.gif\"><img loading=\"lazy\" decoding=\"async\" class=\"size-medium wp-image-2379 aligncenter\" src=\"\/lyc-josephzobel\/wp-content\/uploads\/sites\/37\/2015\/03\/Messagerie.gif\" alt=\"\" width=\"76\" height=\"82\" \/><\/a><\/p>\n<\/td>\n<td width=\"78%\">\n<p align=\"left\"><b><span lang=\"fr-FR\">M<\/span><span lang=\"fr-FR\">ESSAGERIE<\/span><\/b><\/p>\n<p align=\"left\">L\u2019application Messagerie permet d\u2019envoyer simplement un message \u00e0 un utilisateur ou \u00e0 un groupe d\u2019utilisateurs (les \u00e9l\u00e8ves d\u2019une classe, le personnel de l\u2019\u00e9tablissement, etc.) ayant un acc\u00e8s \u00e0 l\u2019ENT.<\/p>\n<\/td>\n<\/tr>\n<tr valign=\"top\">\n<td width=\"22%\">\n<p align=\"left\"><a href=\"\/lyc-josephzobel\/wp-content\/uploads\/sites\/37\/2015\/03\/Actualit%C3%A9s.gif\"><img loading=\"lazy\" decoding=\"async\" class=\"alignnone size-full wp-image-2375 aligncenter\" src=\"\/lyc-josephzobel\/wp-content\/uploads\/sites\/37\/2015\/03\/Actualit%C3%A9s.gif\" alt=\"\" width=\"85\" height=\"87\" \/><\/a><\/p>\n<\/td>\n<td width=\"78%\">\n<p align=\"left\"><b>ACTUALIT\u00c9<\/b><\/p>\n<p align=\"left\">Cet outil vous permet de\u00a0<strong><b>diffuser facilement une information<\/b><\/strong>\u00a0(comme le d\u00e9roulement d\u2019un \u00e9v\u00e9nement ou le menu de la cantine) en y int\u00e9grant diff\u00e9rents types de contenus : texte, images, fichiers audio, vid\u00e9os, liens externes, etc. Les actualit\u00e9s cr\u00e9\u00e9es sont associ\u00e9es \u00e0 un\u00a0<strong><b>fil d\u2019actualit\u00e9s\u00a0<\/b><\/strong>permettant aux utilisateurs de voir tous les contenus qui y sont rattach\u00e9s.<\/p>\n<p align=\"left\">\n<\/td>\n<\/tr>\n<tr valign=\"top\">\n<td style=\"text-align: center;\" width=\"22%\" height=\"103\"><a href=\"\/lyc-josephzobel\/wp-content\/uploads\/sites\/37\/2015\/03\/Agendat.gif\"><img loading=\"lazy\" decoding=\"async\" class=\"alignnone size-medium wp-image-2376\" src=\"\/lyc-josephzobel\/wp-content\/uploads\/sites\/37\/2015\/03\/Agendat.gif\" alt=\"\" width=\"71\" height=\"77\" \/><\/a><\/td>\n<td width=\"78%\">\n<p align=\"left\"><b>AGENDA<\/b><\/p>\n<p align=\"left\">Pour partager les prochains \u00e9v\u00e8nements<\/p>\n<\/td>\n<\/tr>\n<tr valign=\"top\">\n<td width=\"22%\">\n<p align=\"left\"><img loading=\"lazy\" decoding=\"async\" class=\"alignnone size-medium wp-image-2377 aligncenter\" src=\"\/lyc-josephzobel\/wp-content\/uploads\/sites\/37\/2015\/03\/AspaceDoc.gif\" alt=\"\" width=\"79\" height=\"75\" \/><\/p>\n<\/td>\n<td width=\"78%\">\n<p align=\"left\"><b>ESPACE DOCUMENTAIRE<\/b><\/p>\n<p align=\"left\">Fini les cl\u00e9s USB ! Voici votre Espace documentaire pour conserver tous vos documents. Vous pouvez les t\u00e9l\u00e9charger, les copier, les commenter et m\u00eame les partager. Tout simplement<\/p>\n<p align=\"left\">\n<\/td>\n<\/tr>\n<tr valign=\"top\">\n<td style=\"text-align: center;\" width=\"22%\"><a href=\"\/lyc-josephzobel\/wp-content\/uploads\/sites\/37\/2015\/03\/Blog.gif\"><img loading=\"lazy\" decoding=\"async\" class=\"alignnone size-medium wp-image-2378\" src=\"\/lyc-josephzobel\/wp-content\/uploads\/sites\/37\/2015\/03\/Blog.gif\" alt=\"\" width=\"85\" height=\"81\" \/><\/a><\/td>\n<td width=\"78%\">\n<p align=\"left\"><b>LE BLOG<\/b><\/p>\n<p align=\"left\">Vous partez avec vos \u00e9l\u00e8ves en voyage et souhaitez tenir en direct un carnet de bord du s\u00e9jour ? Cr\u00e9ez un Blog ! Publiez et partagez facilement vos informations, en y int\u00e9grant des photos, des sons ou des vid\u00e9os. Donnez des droits de contribution ou de commentaire \u00e0 votre r\u00e9seau<\/p>\n<\/td>\n<\/tr>\n<\/tbody>\n<\/table>\n<\/div>\n","protected":false},"excerpt":{"rendered":"<p>Pr\u00e9sentation de l\u2019ENT Colibri du lyc\u00e9e Joseph ZOBEL A ) Acc\u00e8s \u00e0 l\u2019ENT Colibri. Il est possible \u00e0 partir du site internet du lyc\u00e9e ou \u00e0 l\u2019adresse: \u00a0 \u00a0 \u00a0https:\/\/colibri2d.ac-martinique.fr Pour vous connecter, vous avez normalement re\u00e7u vos codes d\u2019acc\u00e8s \u00e0 l\u2019ENT dans votre boite mail acad\u00e9mique. Si tel n\u2019est pas le cas, je vous [&hellip;]<\/p>\n","protected":false},"author":96,"featured_media":0,"parent":0,"menu_order":0,"comment_status":"closed","ping_status":"open","template":"","meta":{"pagelayer_contact_templates":[],"_pagelayer_content":"","footnotes":""},"class_list":["post-109","page","type-page","status-publish","hentry"],"_links":{"self":[{"href":"https:\/\/site.ac-martinique.fr\/lyc-josephzobel\/index.php?rest_route=\/wp\/v2\/pages\/109","targetHints":{"allow":["GET"]}}],"collection":[{"href":"https:\/\/site.ac-martinique.fr\/lyc-josephzobel\/index.php?rest_route=\/wp\/v2\/pages"}],"about":[{"href":"https:\/\/site.ac-martinique.fr\/lyc-josephzobel\/index.php?rest_route=\/wp\/v2\/types\/page"}],"author":[{"embeddable":true,"href":"https:\/\/site.ac-martinique.fr\/lyc-josephzobel\/index.php?rest_route=\/wp\/v2\/users\/96"}],"replies":[{"embeddable":true,"href":"https:\/\/site.ac-martinique.fr\/lyc-josephzobel\/index.php?rest_route=%2Fwp%2Fv2%2Fcomments&post=109"}],"version-history":[{"count":6,"href":"https:\/\/site.ac-martinique.fr\/lyc-josephzobel\/index.php?rest_route=\/wp\/v2\/pages\/109\/revisions"}],"predecessor-version":[{"id":5163,"href":"https:\/\/site.ac-martinique.fr\/lyc-josephzobel\/index.php?rest_route=\/wp\/v2\/pages\/109\/revisions\/5163"}],"wp:attachment":[{"href":"https:\/\/site.ac-martinique.fr\/lyc-josephzobel\/index.php?rest_route=%2Fwp%2Fv2%2Fmedia&parent=109"}],"curies":[{"name":"wp","href":"https:\/\/api.w.org\/{rel}","templated":true}]}}