{"id":5623,"date":"2023-06-13T12:30:38","date_gmt":"2023-06-13T16:30:38","guid":{"rendered":"https:\/\/site.ac-martinique.fr\/lyc-josephzobel\/?page_id=5623"},"modified":"2025-05-23T14:28:14","modified_gmt":"2025-05-23T18:28:14","slug":"bourses-2","status":"publish","type":"page","link":"https:\/\/site.ac-martinique.fr\/lyc-josephzobel\/?page_id=5623","title":{"rendered":""},"content":{"rendered":"\n\n\n\n<h2><u>BOURSE 2025-2026<\/u><\/h2>\n\n<p>La demande de bourse de lyc\u00e9e peut se faire au moment de l\u2019inscription ou de la r\u00e9inscription de l\u2019\u00e9l\u00e8ve dans un \u00e9tablissement.<\/p>\n\n\n<p>En tant que parent d\u2019\u00e9l\u00e8ves, vous pourrez ainsi :<\/p><p><br><\/p><p>&nbsp; &nbsp; consentir \u00e0 l\u2019\u00e9tude automatique de votre droit \u00e0 bourse, pendant la p\u00e9riode d\u2019inscription ou de \u00ab\u00a0r\u00e9inscription\u00a0\u00bb (juin \u2013 d\u00e9but juillet).<\/p><p>&nbsp; &nbsp; compl\u00e9ter vos donn\u00e9es d\u2019\u00e9tat-civil \u00e9largi (nom et pr\u00e9noms, date et lieu de naissance, ainsi que celles de votre concubin \u00e9ventuel) afin de permettre la r\u00e9cup\u00e9ration des donn\u00e9es fiscales n\u00e9cessaire \u00e0 l\u2019examen de la demande de bourse<\/p><p>&nbsp; &nbsp; \u00eatre dispens\u00e9 de d\u00e9poser une demande de bourse \u00e0 la rentr\u00e9e scolaire 2025, et les rentr\u00e9es scolaires suivantes gr\u00e2ce \u00e0 la conservation de votre consentement.<\/p><p><br><\/p><p>L\u2019\u00e9tude automatique du droit \u00e0 bourse sera effective pour les \u00e9tablissements publics relevant du minist\u00e8re en charge de l\u2019\u00e9ducation nationale, coll\u00e8ges et lyc\u00e9es, d\u00e8s la phase d\u2019inscription en juin 2025. Ne sont pas concern\u00e9s les \u00e9tudiants de l\u2019enseignement sup\u00e9rieur scolaris\u00e9s en lyc\u00e9e.<\/p><p><br><\/p><p>En compl\u00e9ment, les modalit\u00e9s de demande de bourse, via le t\u00e9l\u00e9service bourse ou via la demande papier (Cerfa), sont maintenues \u00e0 la rentr\u00e9e 2025, \u00e0 destination des familles n\u2019ayant pas donn\u00e9 leur consentement au cours de l\u2019inscription des \u00e9l\u00e8ves.<\/p><p><br><\/p><p>y compris celles ayant b\u00e9n\u00e9fici\u00e9 d\u2019une bourse pendant l\u2019ann\u00e9e scolaire 2024-2025.<\/p><p><br><\/p><p>Nous vous invitons \u00e0 consulter les liens ci-dessous pour compl\u00e9ter les informations sur les aides financi\u00e8res en lyc\u00e9e, les conditions d\u2019attribution et les proc\u00e9dures de demandes.<\/p>\n<p><a href=\"https:\/\/www.education.gouv.fr\/les-aides-financieres-au-lycee-7511\">https:\/\/www.education.gouv.fr\/les-aides-financieres-au-lycee-7511<\/a><\/p>\n\n\n\n\n\n\n<span style=\"color:#e60000;\"><h1><u>Les aides financi\u00e8res cumulables avec une bourse de lyc\u00e9e<\/u><\/h1><\/span><h1><\/h1>\n\n\n\n\n\n\n\n\n<p class=\"MsoNormal\" style=\"background-color: rgb(245, 245, 245);\">La prime \u00e0 l\u2019internat, qui b\u00e9n\u00e9ficie aux \u00e9l\u00e8ves boursiers internes, varie en fonction de l\u2019\u00e9chelon de bourse. Elle est<\/p><p style=\"background-color: rgb(245, 245, 245);\"><\/p><p style=\"background-color: rgb(245, 245, 245);\"><\/p><p class=\"MsoNormal\" style=\"background-color: rgb(245, 245, 245);\">vers\u00e9e trimestriellement.<\/p>\n\n\n\n\n\n\n\n\n<p class=\"MsoNormal\" style=\"background-color: rgb(245, 245, 245);\">La prime d\u2019\u00e9quipement est accord\u00e9e aux \u00e9l\u00e8ves boursiers de lyc\u00e9e qui acc\u00e8dent, pour la premi\u00e8re fois, en<\/p><p style=\"background-color: rgb(245, 245, 245);\"><\/p><p style=\"background-color: rgb(245, 245, 245);\"><\/p><p class=\"MsoNormal\" style=\"background-color: rgb(245, 245, 245);\">premi\u00e8re ann\u00e9e d\u2019un cycle de formation conduisant \u00e0 un CAP, un baccalaur\u00e9at professionnel ou un baccalaur\u00e9at<\/p><p style=\"background-color: rgb(245, 245, 245);\"><\/p><p style=\"background-color: rgb(245, 245, 245);\"><\/p><p class=\"MsoNormal\" style=\"background-color: rgb(245, 245, 245);\">technologique dans les formations (groupes de sp\u00e9cialit\u00e9s) qui y ouvrent droit (annexe I de l\u2019arr\u00eat\u00e9 du 19 octobre<\/p><p style=\"background-color: rgb(245, 245, 245);\"><\/p><p style=\"background-color: rgb(245, 245, 245);\"><\/p><p class=\"MsoNormal\" style=\"background-color: rgb(245, 245, 245);\">2009 fixant les conditions et modalit\u00e9s d&rsquo;attribution de primes et avantages compl\u00e9mentaires \u00e0 la bourse<\/p><p style=\"background-color: rgb(245, 245, 245);\"><\/p><p style=\"background-color: rgb(245, 245, 245);\"><\/p><p class=\"MsoNormal\" style=\"background-color: rgb(245, 245, 245);\">nationale de second degr\u00e9 de lyc\u00e9e). Son montant est de 341,71 euros par an, vers\u00e9 en une fois<\/p>\n\n\n\n\n\n\n\n\n<p class=\"MsoNormal\" style=\"background-color: rgb(245, 245, 245);\">La prime de reprise d\u2019\u00e9tudes est accord\u00e9e aux jeunes de 16 \u00e0 18 ans r\u00e9volus, d\u00e9scolaris\u00e9s depuis plus de 5 mois, et<\/p><p style=\"background-color: rgb(245, 245, 245);\"><\/p><p style=\"background-color: rgb(245, 245, 245);\"><\/p><p class=\"MsoNormal\" style=\"background-color: rgb(245, 245, 245);\">qui sont \u00e9ligibles \u00e0 une bourse nationale de lyc\u00e9e \u00e0 la date de leur reprise d\u2019\u00e9tudes. Son montant est de 600 euros<\/p><p style=\"background-color: rgb(245, 245, 245);\"><\/p><p style=\"background-color: rgb(245, 245, 245);\"><\/p><p><p style=\"background-color: rgb(245, 245, 245);\"><\/p><p style=\"background-color: rgb(245, 245, 245);\"><\/p><p class=\"MsoNormal\" style=\"background-color: rgb(245, 245, 245);\"><\/p><\/p><p class=\"MsoNormal\" style=\"box-sizing: inherit; margin: 0px; padding: 0px; overflow-wrap: break-word; font-family: Offside; color: rgb(0, 0, 0); font-size: 16px; font-style: normal; font-variant-ligatures: normal; font-variant-caps: normal; font-weight: 400; letter-spacing: normal; orphans: 2; text-align: start; text-indent: 0px; text-transform: none; widows: 2; word-spacing: 0px; -webkit-text-stroke-width: 0px; white-space: normal; background-color: rgb(245, 245, 245); text-decoration-thickness: initial; text-decoration-style: initial; text-decoration-color: initial;\">par an. Elle est vers\u00e9e trimestriellement.<\/p>\n\n\n\n\n\n\n\n\n<p class=\"MsoNormal\" style=\"background-color: rgb(245, 245, 245);\">La bourse au m\u00e9rite est attribu\u00e9e aux \u00e9l\u00e8ves boursiers de lyc\u00e9e ayant obtenu une mention bien ou tr\u00e8s bien au<\/p><p style=\"background-color: rgb(245, 245, 245);\"><\/p><p style=\"background-color: rgb(245, 245, 245);\"><\/p><p class=\"MsoNormal\" style=\"background-color: rgb(245, 245, 245);\">dipl\u00f4me national du brevet et qui sont scolaris\u00e9s dans un cycle d\u2019enseignement conduisant au baccalaur\u00e9at<\/p><p style=\"background-color: rgb(245, 245, 245);\"><\/p><p style=\"background-color: rgb(245, 245, 245);\"><\/p><p class=\"MsoNormal\" style=\"background-color: rgb(245, 245, 245);\">g\u00e9n\u00e9ral, technologique ou professionnel ou au CAP. Son montant varie en fonction de l\u2019\u00e9chelon de bourse. Elle<\/p><p style=\"background-color: rgb(245, 245, 245);\"><\/p><p style=\"background-color: rgb(245, 245, 245);\"><\/p><p class=\"MsoNormal\" style=\"background-color: rgb(245, 245, 245);\">est vers\u00e9e trimestriellement<\/p>\n\n\n\n\n\n\n\n","protected":false},"excerpt":{"rendered":"","protected":false},"author":96,"featured_media":0,"parent":0,"menu_order":0,"comment_status":"closed","ping_status":"closed","template":"","meta":{"pagelayer_contact_templates":[],"_pagelayer_content":"","footnotes":""},"class_list":["post-5623","page","type-page","status-publish","hentry"],"_links":{"self":[{"href":"https:\/\/site.ac-martinique.fr\/lyc-josephzobel\/index.php?rest_route=\/wp\/v2\/pages\/5623","targetHints":{"allow":["GET"]}}],"collection":[{"href":"https:\/\/site.ac-martinique.fr\/lyc-josephzobel\/index.php?rest_route=\/wp\/v2\/pages"}],"about":[{"href":"https:\/\/site.ac-martinique.fr\/lyc-josephzobel\/index.php?rest_route=\/wp\/v2\/types\/page"}],"author":[{"embeddable":true,"href":"https:\/\/site.ac-martinique.fr\/lyc-josephzobel\/index.php?rest_route=\/wp\/v2\/users\/96"}],"replies":[{"embeddable":true,"href":"https:\/\/site.ac-martinique.fr\/lyc-josephzobel\/index.php?rest_route=%2Fwp%2Fv2%2Fcomments&post=5623"}],"version-history":[{"count":10,"href":"https:\/\/site.ac-martinique.fr\/lyc-josephzobel\/index.php?rest_route=\/wp\/v2\/pages\/5623\/revisions"}],"predecessor-version":[{"id":7701,"href":"https:\/\/site.ac-martinique.fr\/lyc-josephzobel\/index.php?rest_route=\/wp\/v2\/pages\/5623\/revisions\/7701"}],"wp:attachment":[{"href":"https:\/\/site.ac-martinique.fr\/lyc-josephzobel\/index.php?rest_route=%2Fwp%2Fv2%2Fmedia&parent=5623"}],"curies":[{"name":"wp","href":"https:\/\/api.w.org\/{rel}","templated":true}]}}