{"id":5816,"date":"2025-06-17T17:30:11","date_gmt":"2025-06-17T21:30:11","guid":{"rendered":"https:\/\/site.ac-martinique.fr\/lyc-lajetee\/?page_id=5816"},"modified":"2025-06-17T17:31:20","modified_gmt":"2025-06-17T21:31:20","slug":"intendance","status":"publish","type":"page","link":"https:\/\/site.ac-martinique.fr\/lyc-lajetee\/?page_id=5816","title":{"rendered":"Intendance"},"content":{"rendered":"\n<p>Pour en savoir plus sur nos services d&rsquo;Intendance,\u00a0<a href=\"https:\/\/site.ac-martinique.fr\/lyc-lajetee\/wp-content\/uploads\/sites\/35\/2024\/09\/INFORMATION-AUX-FAMILLES-SERVICE-INTENDANCE-LYCEE-DE-LA-JETEE.pdf\">t\u00e9l\u00e9charger ce document<\/a>. Vous y trouverez :<\/p>\n\n\n\n<ul class=\"wp-block-list\">\n<li>Nos tarifs (Restauration, internat, autre ..)<\/li>\n\n\n\n<li>Les diff\u00e9rents modes de paiements<\/li>\n\n\n\n<li>La bourse : accompagnement des familles<\/li>\n\n\n\n<li>Turboself : notre application pour r\u00e9server les repas<\/li>\n\n\n\n<li>Notre contact<\/li>\n<\/ul>\n\n\n\n<ul class=\"wp-block-list is-style-tw-border\">\n<li><strong>Ouverture au public du service intendance<\/strong><\/li>\n\n\n\n<li><strong>Sans rendez-vous<\/strong>\u00a0: Lundi et mardi matins de 7h30 \u00e0 11h30<\/li>\n\n\n\n<li class=\"has-white-background-color has-background\"><strong> Prendre un rendez-vous<\/strong> : Veuillez nous appeler ou nous envoyer un mail<\/li>\n\n\n\n<li><strong><mark style=\"background-color:rgba(0, 0, 0, 0)\" class=\"has-inline-color has-medium-orange-color\">Coordonn\u00e9es du secr\u00e9tariat d\u2019intendance <\/mark><\/strong><br><strong>T\u00e9l<\/strong>\u00a0: 0596 54 32 26\u00a0                    <strong>Mail<\/strong>\u00a0: Intendance.9720771f@ac-martinique.fr<\/li>\n<\/ul>\n\n\n\n<p><strong><mark style=\"background-color:rgba(0, 0, 0, 0)\" class=\"has-inline-color has-medium-orange-color\">Tarifs 2025-2026<\/mark><\/strong><\/p>\n\n\n\n<figure class=\"wp-block-image size-full is-resized\"><a href=\"https:\/\/site.ac-martinique.fr\/lyc-lajetee\/wp-content\/uploads\/sites\/35\/2025\/06\/Tarifs-intendance-2025-2026.png\"><img loading=\"lazy\" decoding=\"async\" width=\"543\" height=\"336\" src=\"https:\/\/site.ac-martinique.fr\/lyc-lajetee\/wp-content\/uploads\/sites\/35\/2025\/06\/Tarifs-intendance-2025-2026.png\" alt=\"\" class=\"wp-image-5821\" style=\"width:634px;height:auto\" srcset=\"https:\/\/site.ac-martinique.fr\/lyc-lajetee\/wp-content\/uploads\/sites\/35\/2025\/06\/Tarifs-intendance-2025-2026.png 543w, https:\/\/site.ac-martinique.fr\/lyc-lajetee\/wp-content\/uploads\/sites\/35\/2025\/06\/Tarifs-intendance-2025-2026-300x186.png 300w\" sizes=\"auto, (max-width: 543px) 100vw, 543px\" \/><\/a><\/figure>\n\n\n\n<p><strong>Fiche inscription  Intendance<\/strong> <strong>2025-2026<\/strong> (\u00e0 remettre lors de l&rsquo;inscription) \u00e0 t\u00e9l\u00e9charger <strong><a href=\"https:\/\/site.ac-martinique.fr\/lyc-lajetee\/wp-content\/uploads\/sites\/35\/2025\/06\/FICHE-INSCRIPTION-INTENDANCE-2025-2026-LYCEE-DE-LA-JETEE.pdf\">ici<\/a><\/strong><\/p>\n\n\n\n<p><strong>Payer en ligne la cantine<\/strong> : t\u00e9l\u00e9charger les instructions pour l&rsquo;appli <strong>TURBO SELF<\/strong>. Cliquez<a href=\"https:\/\/site.ac-martinique.fr\/lyc-lajetee\/wp-content\/uploads\/sites\/35\/2025\/06\/Turbo-self-paiement-en-ligne-modifie.pdf\"> <\/a><strong><a href=\"https:\/\/site.ac-martinique.fr\/lyc-lajetee\/wp-content\/uploads\/sites\/35\/2025\/06\/Turbo-self-paiement-en-ligne-modifie.pdf\">ici<\/a><\/strong><\/p>\n\n\n\n<p><\/p>\n","protected":false},"excerpt":{"rendered":"<p>Pour en savoir plus sur nos services d&rsquo;Intendance,\u00a0t\u00e9l\u00e9charger ce document. Vous y trouverez : Tarifs 2025-2026 Fiche inscription Intendance 2025-2026 (\u00e0 remettre lors de l&rsquo;inscription) \u00e0 t\u00e9l\u00e9charger ici Payer en ligne la cantine : t\u00e9l\u00e9charger les instructions pour l&rsquo;appli TURBO SELF. Cliquez ici<\/p>\n","protected":false},"author":95,"featured_media":0,"parent":0,"menu_order":0,"comment_status":"closed","ping_status":"closed","template":"","meta":{"footnotes":""},"class_list":["post-5816","page","type-page","status-publish","hentry"],"_links":{"self":[{"href":"https:\/\/site.ac-martinique.fr\/lyc-lajetee\/index.php?rest_route=\/wp\/v2\/pages\/5816","targetHints":{"allow":["GET"]}}],"collection":[{"href":"https:\/\/site.ac-martinique.fr\/lyc-lajetee\/index.php?rest_route=\/wp\/v2\/pages"}],"about":[{"href":"https:\/\/site.ac-martinique.fr\/lyc-lajetee\/index.php?rest_route=\/wp\/v2\/types\/page"}],"author":[{"embeddable":true,"href":"https:\/\/site.ac-martinique.fr\/lyc-lajetee\/index.php?rest_route=\/wp\/v2\/users\/95"}],"replies":[{"embeddable":true,"href":"https:\/\/site.ac-martinique.fr\/lyc-lajetee\/index.php?rest_route=%2Fwp%2Fv2%2Fcomments&post=5816"}],"version-history":[{"count":5,"href":"https:\/\/site.ac-martinique.fr\/lyc-lajetee\/index.php?rest_route=\/wp\/v2\/pages\/5816\/revisions"}],"predecessor-version":[{"id":5856,"href":"https:\/\/site.ac-martinique.fr\/lyc-lajetee\/index.php?rest_route=\/wp\/v2\/pages\/5816\/revisions\/5856"}],"wp:attachment":[{"href":"https:\/\/site.ac-martinique.fr\/lyc-lajetee\/index.php?rest_route=%2Fwp%2Fv2%2Fmedia&parent=5816"}],"curies":[{"name":"wp","href":"https:\/\/api.w.org\/{rel}","templated":true}]}}