{"id":1037,"date":"2017-01-31T20:51:52","date_gmt":"2017-01-31T19:51:52","guid":{"rendered":"https:\/\/site.ac-martinique.fr\/lyc-latrinite\/?page_id=1037"},"modified":"2018-01-10T22:57:23","modified_gmt":"2018-01-10T21:57:23","slug":"lutte-contre-le-handicap","status":"publish","type":"page","link":"https:\/\/site.ac-martinique.fr\/lyc-latrinite\/?page_id=1037","title":{"rendered":"Lutte contre le handicap"},"content":{"rendered":"<p style=\"text-align: justify;\">Mercredi 14 septembre 2016, le LP a particip\u00e9 \u00e0 une grande manifestation sportive. La journ\u00e9e du sport scolaire a \u00e9t\u00e9 l\u2019occasion de soutenir \u00e9galement l\u2019association <a href=\"http:\/\/ela-asso.com\/\">ELA<\/a>\u00a0qui lutte contre les leucodystrophies. Retour\u00a0sur cette matin\u00e9e citoyenne au LP en cliquant\u00a0<strong><a href=\"https:\/\/site.ac-martinique.fr\/lyc-latrinite\/wp-content\/uploads\/sites\/43\/2016\/09\/Journ%C3%A9e-contre-la-maladie-ELA.pdf\">ici<\/a><\/strong>.<\/p>\n<p><a href=\"https:\/\/site.ac-martinique.fr\/lyc-latrinite\/wp-content\/uploads\/sites\/43\/2016\/09\/journee-sport-sco.jpg\"><img loading=\"lazy\" decoding=\"async\" class=\"aligncenter wp-image-866 size-medium\" src=\"https:\/\/site.ac-martinique.fr\/lyc-latrinite\/wp-content\/uploads\/sites\/43\/2016\/09\/journee-sport-sco-300x92.jpg\" alt=\"journee-sport-sco\" width=\"300\" height=\"92\" srcset=\"https:\/\/site.ac-martinique.fr\/lyc-latrinite\/wp-content\/uploads\/sites\/43\/2016\/09\/journee-sport-sco-300x92.jpg 300w, https:\/\/site.ac-martinique.fr\/lyc-latrinite\/wp-content\/uploads\/sites\/43\/2016\/09\/journee-sport-sco-1024x315.jpg 1024w\" sizes=\"auto, (max-width: 300px) 100vw, 300px\" \/><\/a><\/p>\n<p>A l&rsquo;issue de cette grande manifestation, 500 euros ont \u00e9t\u00e9 collect\u00e9s puis offerts \u00e0 l&rsquo;association ELA.<\/p>\n<p style=\"text-align: center;\"><img loading=\"lazy\" decoding=\"async\" class=\"aligncenter\" src=\"https:\/\/site.ac-martinique.fr\/lyc-latrinite\/wp-content\/uploads\/sites\/43\/2017\/01\/16395810_10211803523905806_963790930_n-e1485893154994.jpg\" alt=\"\" width=\"260\" height=\"389\" \/>Bravo et Merci \u00e0 toutes les personnes impliqu\u00e9es !<\/p>\n","protected":false},"excerpt":{"rendered":"<p>Mercredi 14 septembre 2016, le LP a particip\u00e9 \u00e0 une grande manifestation sportive. La journ\u00e9e du sport scolaire a \u00e9t\u00e9 l\u2019occasion de soutenir \u00e9galement l\u2019association ELA\u00a0qui lutte contre les leucodystrophies. Retour\u00a0sur cette matin\u00e9e citoyenne au LP en cliquant\u00a0ici. A l&rsquo;issue de cette grande manifestation, 500 euros ont \u00e9t\u00e9 collect\u00e9s puis offerts \u00e0 l&rsquo;association ELA. Bravo &hellip; <a href=\"https:\/\/site.ac-martinique.fr\/lyc-latrinite\/?page_id=1037\" class=\"more-link\">Continuer la lecture de <span class=\"screen-reader-text\">Lutte contre le handicap<\/span>  <span class=\"meta-nav\">&rarr;<\/span><\/a><\/p>\n","protected":false},"author":106,"featured_media":0,"parent":982,"menu_order":8,"comment_status":"closed","ping_status":"closed","template":"","meta":{"footnotes":""},"class_list":["post-1037","page","type-page","status-publish","hentry"],"_links":{"self":[{"href":"https:\/\/site.ac-martinique.fr\/lyc-latrinite\/index.php?rest_route=\/wp\/v2\/pages\/1037","targetHints":{"allow":["GET"]}}],"collection":[{"href":"https:\/\/site.ac-martinique.fr\/lyc-latrinite\/index.php?rest_route=\/wp\/v2\/pages"}],"about":[{"href":"https:\/\/site.ac-martinique.fr\/lyc-latrinite\/index.php?rest_route=\/wp\/v2\/types\/page"}],"author":[{"embeddable":true,"href":"https:\/\/site.ac-martinique.fr\/lyc-latrinite\/index.php?rest_route=\/wp\/v2\/users\/106"}],"replies":[{"embeddable":true,"href":"https:\/\/site.ac-martinique.fr\/lyc-latrinite\/index.php?rest_route=%2Fwp%2Fv2%2Fcomments&post=1037"}],"version-history":[{"count":3,"href":"https:\/\/site.ac-martinique.fr\/lyc-latrinite\/index.php?rest_route=\/wp\/v2\/pages\/1037\/revisions"}],"predecessor-version":[{"id":1041,"href":"https:\/\/site.ac-martinique.fr\/lyc-latrinite\/index.php?rest_route=\/wp\/v2\/pages\/1037\/revisions\/1041"}],"up":[{"embeddable":true,"href":"https:\/\/site.ac-martinique.fr\/lyc-latrinite\/index.php?rest_route=\/wp\/v2\/pages\/982"}],"wp:attachment":[{"href":"https:\/\/site.ac-martinique.fr\/lyc-latrinite\/index.php?rest_route=%2Fwp%2Fv2%2Fmedia&parent=1037"}],"curies":[{"name":"wp","href":"https:\/\/api.w.org\/{rel}","templated":true}]}}

<p style="text-align: justify;">Mercredi 14 septembre 2016, le LP a participé à une grande manifestation sportive. La journée du sport scolaire a été l’occasion de soutenir également l’association <a href="http://ela-asso.com/">ELA</a> qui lutte contre les leucodystrophies. Retour sur cette matinée citoyenne au LP en cliquant <strong><a href="https://site.ac-martinique.fr/lyc-latrinite/wp-content/uploads/sites/43/2016/09/Journ%C3%A9e-contre-la-maladie-ELA.pdf">ici</a></strong>.</p>
<p><a href="https://site.ac-martinique.fr/lyc-latrinite/wp-content/uploads/sites/43/2016/09/journee-sport-sco.jpg"><img loading="lazy" decoding="async" class="aligncenter wp-image-866 size-medium" src="https://site.ac-martinique.fr/lyc-latrinite/wp-content/uploads/sites/43/2016/09/journee-sport-sco-300x92.jpg" alt="journee-sport-sco" width="300" height="92" srcset="https://site.ac-martinique.fr/lyc-latrinite/wp-content/uploads/sites/43/2016/09/journee-sport-sco-300x92.jpg 300w, https://site.ac-martinique.fr/lyc-latrinite/wp-content/uploads/sites/43/2016/09/journee-sport-sco-1024x315.jpg 1024w" sizes="auto, (max-width: 300px) 100vw, 300px" /></a></p>
<p>A l&rsquo;issue de cette grande manifestation, 500 euros ont été collectés puis offerts à l&rsquo;association ELA.</p>
<p style="text-align: center;"><img loading="lazy" decoding="async" class="aligncenter" src="https://site.ac-martinique.fr/lyc-latrinite/wp-content/uploads/sites/43/2017/01/16395810_10211803523905806_963790930_n-e1485893154994.jpg" alt="" width="260" height="389" />Bravo et Merci à toutes les personnes impliquées !</p>

<p>Mercredi 14 septembre 2016, le LP a participé à une grande manifestation sportive. La journée du sport scolaire a été l’occasion de soutenir également l’association ELA qui lutte contre les leucodystrophies. Retour sur cette matinée citoyenne au LP en cliquant ici. A l&rsquo;issue de cette grande manifestation, 500 euros ont été collectés puis offerts à l&rsquo;association ELA. Bravo &hellip; <a href="https://site.ac-martinique.fr/lyc-latrinite/?page_id=1037" class="more-link">Continuer la lecture de <span class="screen-reader-text">Lutte contre le handicap</span>  <span class="meta-nav">&rarr;</span></a></p>
