{"id":1195,"date":"2017-07-05T23:26:36","date_gmt":"2017-07-05T22:26:36","guid":{"rendered":"https:\/\/site.ac-martinique.fr\/lyc-latrinite\/?page_id=1195"},"modified":"2022-09-15T12:15:21","modified_gmt":"2022-09-15T17:15:21","slug":"projets-de-mobilite","status":"publish","type":"page","link":"https:\/\/site.ac-martinique.fr\/lyc-latrinite\/?page_id=1195","title":{"rendered":"OUVERTURE INTERNATIONNALE"},"content":{"rendered":"<p><span style=\"color: #ff0000;\"><strong>Ann\u00e9e scolaire 2018\/2019<\/strong><\/span><\/p>\n<p style=\"text-align: left;\"><strong>1.&nbsp;<\/strong><strong>Rapport de s\u00e9jour culturel et p\u00e9dagogique en Floride du 20 au 27 Mars 2019:<\/strong><\/p>\n<p><strong>&nbsp; &nbsp; &nbsp; &nbsp;<a href=\"https:\/\/site.ac-martinique.fr\/lyc-latrinite\/wp-content\/uploads\/sites\/43\/2019\/06\/Rapport-de-s\u00e9jour-culturel-et-p\u00e9dagogique-en-Floride.pdf\">Rapport de s\u00e9jour culturel et p\u00e9dagogique en Floride<\/a><\/strong><\/p>\n<p><a href=\"https:\/\/site.ac-martinique.fr\/lyc-latrinite\/wp-content\/uploads\/sites\/43\/2019\/06\/affiche-Miami.jpg\"><img loading=\"lazy\" decoding=\"async\" class=\"size-medium wp-image-1975 aligncenter\" src=\"https:\/\/site.ac-martinique.fr\/lyc-latrinite\/wp-content\/uploads\/sites\/43\/2019\/06\/affiche-Miami-214x300.jpg\" alt=\"\" width=\"214\" height=\"300\" srcset=\"https:\/\/site.ac-martinique.fr\/lyc-latrinite\/wp-content\/uploads\/sites\/43\/2019\/06\/affiche-Miami-214x300.jpg 214w, https:\/\/site.ac-martinique.fr\/lyc-latrinite\/wp-content\/uploads\/sites\/43\/2019\/06\/affiche-Miami-768x1078.jpg 768w, https:\/\/site.ac-martinique.fr\/lyc-latrinite\/wp-content\/uploads\/sites\/43\/2019\/06\/affiche-Miami-729x1024.jpg 729w, https:\/\/site.ac-martinique.fr\/lyc-latrinite\/wp-content\/uploads\/sites\/43\/2019\/06\/affiche-Miami.jpg 800w\" sizes=\"auto, (max-width: 214px) 100vw, 214px\" \/><\/a><\/p>\n<p><span style=\"color: #ff0000;\"><strong>Ann\u00e9e scolaire 2016\/2017<\/strong><\/span><\/p>\n<p><strong>1. Education au Patrimoine via les Parcours Sant\u00e9<\/strong><\/p>\n<ul>\n<li><a href=\"https:\/\/site.ac-martinique.fr\/lyc-latrinite\/wp-content\/uploads\/sites\/43\/2017\/07\/Mobilite-Slovenie.pdf\">Un projet ambitieux<\/a><\/li>\n<li><a href=\"https:\/\/site.ac-martinique.fr\/lyc-latrinite\/wp-content\/uploads\/sites\/43\/2017\/07\/FLYERS-slovenie-martinique.pdf\">Premi\u00e8re \u00e9tape : mobilit\u00e9 Slov\u00e9nie<\/a><\/li>\n<li><a href=\"https:\/\/site.ac-martinique.fr\/lyc-latrinite\/wp-content\/uploads\/sites\/43\/2017\/07\/Mobilite-MARTINIQUE-20170207.pdf\">Deuxi\u00e8me \u00e9tape : mobilit\u00e9 Martinique<\/a><\/li>\n<\/ul>\n<p><strong>2. Voyage linguistique et culturel \u00e0 Washington<\/strong><\/p>\n<ul>\n<li><a href=\"https:\/\/site.ac-martinique.fr\/lyc-latrinite\/wp-content\/uploads\/sites\/43\/2017\/07\/RAPPORT-PEDAGOGIQUE-WASHINGTON-20170609.pdf\">La classe de TPTEB au coeur du projet<\/a><\/li>\n<li><a href=\"https:\/\/site.ac-martinique.fr\/lyc-latrinite\/wp-content\/uploads\/sites\/43\/2017\/07\/Affiche-Washington.pdf\">Des monuments incontournables<\/a><\/li>\n<li><a href=\"https:\/\/www.youtube.com\/playlist?list=PL_6vtDnkg6HrYXl9uWpfj7CJeyiCInmCf\">Une cha\u00eene Youtube cr\u00e9\u00e9e pour l&rsquo;occasion<\/a><\/li>\n<\/ul>\n<p><strong>3. PFMP au Pays de Galles<\/strong><\/p>\n<ul>\n<li><a href=\"https:\/\/site.ac-martinique.fr\/lyc-latrinite\/wp-content\/uploads\/sites\/43\/2017\/07\/rapport-p\u00e9dagogique-PdG.pdf\">Un grand projet li\u00e9 \u00e0 la formation professionnelle<\/a><\/li>\n<li><a href=\"https:\/\/site.ac-martinique.fr\/lyc-latrinite\/wp-content\/uploads\/sites\/43\/2017\/07\/Affiche-PFMP-UK-20170703.pdf\">Des souvenirs imp\u00e9rissables&nbsp;<\/a>et <a href=\"https:\/\/www.youtube.com\/watch?v=jhe5TCxDpG0\">le tout en images en cliquant <strong>Ici<\/strong><\/a><strong>&nbsp;<\/strong>!<\/li>\n<\/ul>\n<p><strong>4. Formation professionnelle \u00e0 Trinidad<\/strong><\/p>\n<ul>\n<li><a href=\"https:\/\/site.ac-martinique.fr\/lyc-latrinite\/wp-content\/uploads\/sites\/43\/2017\/07\/Affiche-Trinidad.pdf\">Un groupe d&rsquo;\u00e9l\u00e8ves de la TPGA<\/a><\/li>\n<li><a href=\"https:\/\/site.ac-martinique.fr\/lyc-latrinite\/wp-content\/uploads\/sites\/43\/2017\/07\/FICHE-BILAN-FINAL-PROJET-TRINIDAD.pdf\">Un bilan positif<\/a><\/li>\n<\/ul>\n<p><strong>5. Voyage linguistique de la TPMVA \u00e0 New York<\/strong><\/p>\n<ul>\n<li><a href=\"https:\/\/site.ac-martinique.fr\/lyc-latrinite\/wp-content\/uploads\/sites\/43\/2017\/07\/Affiche-New-York.pdf\">Un s\u00e9jour qui allie d\u00e9couverte professionnelle et culturelle<\/a><\/li>\n<\/ul>\n","protected":false},"excerpt":{"rendered":"<p>Ann\u00e9e scolaire 2018\/2019 1.&nbsp;Rapport de s\u00e9jour culturel et p\u00e9dagogique en Floride du 20 au 27 Mars 2019: &nbsp; &nbsp; &nbsp; &nbsp;Rapport de s\u00e9jour culturel et p\u00e9dagogique en Floride Ann\u00e9e scolaire 2016\/2017 1. Education au Patrimoine via les Parcours Sant\u00e9 Un projet ambitieux Premi\u00e8re \u00e9tape : mobilit\u00e9 Slov\u00e9nie Deuxi\u00e8me \u00e9tape : mobilit\u00e9 Martinique 2. Voyage linguistique &hellip; <a href=\"https:\/\/site.ac-martinique.fr\/lyc-latrinite\/?page_id=1195\" class=\"more-link\">Continuer la lecture de <span class=\"screen-reader-text\">OUVERTURE INTERNATIONNALE<\/span>  <span class=\"meta-nav\">&rarr;<\/span><\/a><\/p>\n","protected":false},"author":106,"featured_media":0,"parent":0,"menu_order":11,"comment_status":"closed","ping_status":"closed","template":"","meta":{"footnotes":""},"class_list":["post-1195","page","type-page","status-publish","hentry"],"_links":{"self":[{"href":"https:\/\/site.ac-martinique.fr\/lyc-latrinite\/index.php?rest_route=\/wp\/v2\/pages\/1195","targetHints":{"allow":["GET"]}}],"collection":[{"href":"https:\/\/site.ac-martinique.fr\/lyc-latrinite\/index.php?rest_route=\/wp\/v2\/pages"}],"about":[{"href":"https:\/\/site.ac-martinique.fr\/lyc-latrinite\/index.php?rest_route=\/wp\/v2\/types\/page"}],"author":[{"embeddable":true,"href":"https:\/\/site.ac-martinique.fr\/lyc-latrinite\/index.php?rest_route=\/wp\/v2\/users\/106"}],"replies":[{"embeddable":true,"href":"https:\/\/site.ac-martinique.fr\/lyc-latrinite\/index.php?rest_route=%2Fwp%2Fv2%2Fcomments&post=1195"}],"version-history":[{"count":12,"href":"https:\/\/site.ac-martinique.fr\/lyc-latrinite\/index.php?rest_route=\/wp\/v2\/pages\/1195\/revisions"}],"predecessor-version":[{"id":3488,"href":"https:\/\/site.ac-martinique.fr\/lyc-latrinite\/index.php?rest_route=\/wp\/v2\/pages\/1195\/revisions\/3488"}],"wp:attachment":[{"href":"https:\/\/site.ac-martinique.fr\/lyc-latrinite\/index.php?rest_route=%2Fwp%2Fv2%2Fmedia&parent=1195"}],"curies":[{"name":"wp","href":"https:\/\/api.w.org\/{rel}","templated":true}]}}

<p><span style="color: #ff0000;"><strong>Année scolaire 2018/2019</strong></span></p>
<p style="text-align: left;"><strong>1.&nbsp;</strong><strong>Rapport de séjour culturel et pédagogique en Floride du 20 au 27 Mars 2019:</strong></p>
<p><strong>&nbsp; &nbsp; &nbsp; &nbsp;<a href="https://site.ac-martinique.fr/lyc-latrinite/wp-content/uploads/sites/43/2019/06/Rapport-de-séjour-culturel-et-pédagogique-en-Floride.pdf">Rapport de séjour culturel et pédagogique en Floride</a></strong></p>
<p><a href="https://site.ac-martinique.fr/lyc-latrinite/wp-content/uploads/sites/43/2019/06/affiche-Miami.jpg"><img loading="lazy" decoding="async" class="size-medium wp-image-1975 aligncenter" src="https://site.ac-martinique.fr/lyc-latrinite/wp-content/uploads/sites/43/2019/06/affiche-Miami-214x300.jpg" alt="" width="214" height="300" srcset="https://site.ac-martinique.fr/lyc-latrinite/wp-content/uploads/sites/43/2019/06/affiche-Miami-214x300.jpg 214w, https://site.ac-martinique.fr/lyc-latrinite/wp-content/uploads/sites/43/2019/06/affiche-Miami-768x1078.jpg 768w, https://site.ac-martinique.fr/lyc-latrinite/wp-content/uploads/sites/43/2019/06/affiche-Miami-729x1024.jpg 729w, https://site.ac-martinique.fr/lyc-latrinite/wp-content/uploads/sites/43/2019/06/affiche-Miami.jpg 800w" sizes="auto, (max-width: 214px) 100vw, 214px" /></a></p>
<p><span style="color: #ff0000;"><strong>Année scolaire 2016/2017</strong></span></p>
<p><strong>1. Education au Patrimoine via les Parcours Santé</strong></p>
<ul>
<li><a href="https://site.ac-martinique.fr/lyc-latrinite/wp-content/uploads/sites/43/2017/07/Mobilite-Slovenie.pdf">Un projet ambitieux</a></li>
<li><a href="https://site.ac-martinique.fr/lyc-latrinite/wp-content/uploads/sites/43/2017/07/FLYERS-slovenie-martinique.pdf">Première étape : mobilité Slovénie</a></li>
<li><a href="https://site.ac-martinique.fr/lyc-latrinite/wp-content/uploads/sites/43/2017/07/Mobilite-MARTINIQUE-20170207.pdf">Deuxième étape : mobilité Martinique</a></li>
</ul>
<p><strong>2. Voyage linguistique et culturel à Washington</strong></p>
<ul>
<li><a href="https://site.ac-martinique.fr/lyc-latrinite/wp-content/uploads/sites/43/2017/07/RAPPORT-PEDAGOGIQUE-WASHINGTON-20170609.pdf">La classe de TPTEB au coeur du projet</a></li>
<li><a href="https://site.ac-martinique.fr/lyc-latrinite/wp-content/uploads/sites/43/2017/07/Affiche-Washington.pdf">Des monuments incontournables</a></li>
<li><a href="https://www.youtube.com/playlist?list=PL_6vtDnkg6HrYXl9uWpfj7CJeyiCInmCf">Une chaîne Youtube créée pour l&rsquo;occasion</a></li>
</ul>
<p><strong>3. PFMP au Pays de Galles</strong></p>
<ul>
<li><a href="https://site.ac-martinique.fr/lyc-latrinite/wp-content/uploads/sites/43/2017/07/rapport-pédagogique-PdG.pdf">Un grand projet lié à la formation professionnelle</a></li>
<li><a href="https://site.ac-martinique.fr/lyc-latrinite/wp-content/uploads/sites/43/2017/07/Affiche-PFMP-UK-20170703.pdf">Des souvenirs impérissables&nbsp;</a>et <a href="https://www.youtube.com/watch?v=jhe5TCxDpG0">le tout en images en cliquant <strong>Ici</strong></a><strong>&nbsp;</strong>!</li>
</ul>
<p><strong>4. Formation professionnelle à Trinidad</strong></p>
<ul>
<li><a href="https://site.ac-martinique.fr/lyc-latrinite/wp-content/uploads/sites/43/2017/07/Affiche-Trinidad.pdf">Un groupe d&rsquo;élèves de la TPGA</a></li>
<li><a href="https://site.ac-martinique.fr/lyc-latrinite/wp-content/uploads/sites/43/2017/07/FICHE-BILAN-FINAL-PROJET-TRINIDAD.pdf">Un bilan positif</a></li>
</ul>
<p><strong>5. Voyage linguistique de la TPMVA à New York</strong></p>
<ul>
<li><a href="https://site.ac-martinique.fr/lyc-latrinite/wp-content/uploads/sites/43/2017/07/Affiche-New-York.pdf">Un séjour qui allie découverte professionnelle et culturelle</a></li>
</ul>

<p>Année scolaire 2018/2019 1.&nbsp;Rapport de séjour culturel et pédagogique en Floride du 20 au 27 Mars 2019: &nbsp; &nbsp; &nbsp; &nbsp;Rapport de séjour culturel et pédagogique en Floride Année scolaire 2016/2017 1. Education au Patrimoine via les Parcours Santé Un projet ambitieux Première étape : mobilité Slovénie Deuxième étape : mobilité Martinique 2. Voyage linguistique &hellip; <a href="https://site.ac-martinique.fr/lyc-latrinite/?page_id=1195" class="more-link">Continuer la lecture de <span class="screen-reader-text">OUVERTURE INTERNATIONNALE</span>  <span class="meta-nav">&rarr;</span></a></p>
