{"id":1325,"date":"2017-12-11T20:25:17","date_gmt":"2017-12-11T19:25:17","guid":{"rendered":"https:\/\/site.ac-martinique.fr\/lyc-latrinite\/?page_id=1325"},"modified":"2018-05-04T15:27:49","modified_gmt":"2018-05-04T14:27:49","slug":"lutte-contre-le-sida-journee-2017","status":"publish","type":"page","link":"https:\/\/site.ac-martinique.fr\/lyc-latrinite\/?page_id=1325","title":{"rendered":"LUTTE CONTRE LE SIDA \u2013 JOURN\u00c9E 2017"},"content":{"rendered":"<p>Le vendredi 8 d\u00e9cembre 2017, les 2 lyc\u00e9es (professionnel et g\u00e9n\u00e9ral) et les CVL ont organis\u00e9, dans la cit\u00e9 scolaire, une\u00a0<span style=\"color: #ff0000;\"><strong>journ\u00e9e d\u2019action de pr\u00e9vention contre le sida<\/strong><\/span>.<\/p>\n<p>De nombreuses autres manifestations sont mises en place tout au long de l\u2019ann\u00e9e.<\/p>\n<p><img decoding=\"async\" src=\"https:\/\/site.ac-martinique.fr\/lyc-latrinite\/wp-admin\/admin-ajax.php?action=imgedit-preview&amp;_ajax_nonce=1937914545&amp;postid=1396&amp;rand=36715\" \/><\/p>\n<p>&nbsp;<\/p>\n","protected":false},"excerpt":{"rendered":"<p>Le vendredi 8 d\u00e9cembre 2017, les 2 lyc\u00e9es (professionnel et g\u00e9n\u00e9ral) et les CVL ont organis\u00e9, dans la cit\u00e9 scolaire, une\u00a0journ\u00e9e d\u2019action de pr\u00e9vention contre le sida. De nombreuses autres manifestations sont mises en place tout au long de l\u2019ann\u00e9e. &nbsp;<\/p>\n","protected":false},"author":106,"featured_media":0,"parent":980,"menu_order":2,"comment_status":"closed","ping_status":"closed","template":"","meta":{"footnotes":""},"class_list":["post-1325","page","type-page","status-publish","hentry"],"_links":{"self":[{"href":"https:\/\/site.ac-martinique.fr\/lyc-latrinite\/index.php?rest_route=\/wp\/v2\/pages\/1325","targetHints":{"allow":["GET"]}}],"collection":[{"href":"https:\/\/site.ac-martinique.fr\/lyc-latrinite\/index.php?rest_route=\/wp\/v2\/pages"}],"about":[{"href":"https:\/\/site.ac-martinique.fr\/lyc-latrinite\/index.php?rest_route=\/wp\/v2\/types\/page"}],"author":[{"embeddable":true,"href":"https:\/\/site.ac-martinique.fr\/lyc-latrinite\/index.php?rest_route=\/wp\/v2\/users\/106"}],"replies":[{"embeddable":true,"href":"https:\/\/site.ac-martinique.fr\/lyc-latrinite\/index.php?rest_route=%2Fwp%2Fv2%2Fcomments&post=1325"}],"version-history":[{"count":2,"href":"https:\/\/site.ac-martinique.fr\/lyc-latrinite\/index.php?rest_route=\/wp\/v2\/pages\/1325\/revisions"}],"predecessor-version":[{"id":1397,"href":"https:\/\/site.ac-martinique.fr\/lyc-latrinite\/index.php?rest_route=\/wp\/v2\/pages\/1325\/revisions\/1397"}],"up":[{"embeddable":true,"href":"https:\/\/site.ac-martinique.fr\/lyc-latrinite\/index.php?rest_route=\/wp\/v2\/pages\/980"}],"wp:attachment":[{"href":"https:\/\/site.ac-martinique.fr\/lyc-latrinite\/index.php?rest_route=%2Fwp%2Fv2%2Fmedia&parent=1325"}],"curies":[{"name":"wp","href":"https:\/\/api.w.org\/{rel}","templated":true}]}}