{"id":699,"date":"2016-04-16T15:14:34","date_gmt":"2016-04-16T14:14:34","guid":{"rendered":"https:\/\/site.ac-martinique.fr\/lyc-latrinite\/?page_id=699"},"modified":"2016-04-17T18:14:55","modified_gmt":"2016-04-17T17:14:55","slug":"cyberviolence","status":"publish","type":"page","link":"https:\/\/site.ac-martinique.fr\/lyc-latrinite\/?page_id=699","title":{"rendered":"Cyberviolence"},"content":{"rendered":"<p><a href=\"http:\/\/eduscol.education.fr\/histoire-geographie\/actualites\/actualites\/article\/la-cyberviolence-en-milieu-scolaire.html\">Cyberviolence en milieu scolaire (Eduscol)<\/a><\/p>\n<p><a href=\"http:\/\/www.nonauharcelement.education.gouv.fr\/wp-content\/uploads\/sites\/43\/2015\/10\/2015_non_harcelement_guide_prevention_cyberviolence_WEB.pdf\">Guide de pr\u00e9vention de la cyberviolence entre \u00e9l\u00e8ves<\/a><\/p>\n","protected":false},"excerpt":{"rendered":"<p>Cyberviolence en milieu scolaire (Eduscol) Guide de pr\u00e9vention de la cyberviolence entre \u00e9l\u00e8ves<\/p>\n","protected":false},"author":106,"featured_media":0,"parent":663,"menu_order":3,"comment_status":"closed","ping_status":"closed","template":"","meta":{"footnotes":""},"class_list":["post-699","page","type-page","status-publish","hentry"],"_links":{"self":[{"href":"https:\/\/site.ac-martinique.fr\/lyc-latrinite\/index.php?rest_route=\/wp\/v2\/pages\/699","targetHints":{"allow":["GET"]}}],"collection":[{"href":"https:\/\/site.ac-martinique.fr\/lyc-latrinite\/index.php?rest_route=\/wp\/v2\/pages"}],"about":[{"href":"https:\/\/site.ac-martinique.fr\/lyc-latrinite\/index.php?rest_route=\/wp\/v2\/types\/page"}],"author":[{"embeddable":true,"href":"https:\/\/site.ac-martinique.fr\/lyc-latrinite\/index.php?rest_route=\/wp\/v2\/users\/106"}],"replies":[{"embeddable":true,"href":"https:\/\/site.ac-martinique.fr\/lyc-latrinite\/index.php?rest_route=%2Fwp%2Fv2%2Fcomments&post=699"}],"version-history":[{"count":1,"href":"https:\/\/site.ac-martinique.fr\/lyc-latrinite\/index.php?rest_route=\/wp\/v2\/pages\/699\/revisions"}],"predecessor-version":[{"id":700,"href":"https:\/\/site.ac-martinique.fr\/lyc-latrinite\/index.php?rest_route=\/wp\/v2\/pages\/699\/revisions\/700"}],"up":[{"embeddable":true,"href":"https:\/\/site.ac-martinique.fr\/lyc-latrinite\/index.php?rest_route=\/wp\/v2\/pages\/663"}],"wp:attachment":[{"href":"https:\/\/site.ac-martinique.fr\/lyc-latrinite\/index.php?rest_route=%2Fwp%2Fv2%2Fmedia&parent=699"}],"curies":[{"name":"wp","href":"https:\/\/api.w.org\/{rel}","templated":true}]}}