{"id":716,"date":"2016-04-16T18:19:15","date_gmt":"2016-04-16T17:19:15","guid":{"rendered":"https:\/\/site.ac-martinique.fr\/lyc-latrinite\/?page_id=716"},"modified":"2017-07-05T23:25:19","modified_gmt":"2017-07-05T22:25:19","slug":"pour-tout-contact","status":"publish","type":"page","link":"https:\/\/site.ac-martinique.fr\/lyc-latrinite\/?page_id=716","title":{"rendered":"CONTACT"},"content":{"rendered":"<p>Lyc\u00e9e Professionnel La TRINITE<br \/>\nCit\u00e9 scolaire Frantz FANON<br \/>\nQuartier Beaus\u00e9jour<br \/>\n97220 LA TRINITE<br \/>\nTel : 05 96 65 74 64<br \/>\nFax : 05 96 58 37 51<br \/>\nMail : ce.9720430k@ac-martinique.fr<\/p>\n","protected":false},"excerpt":{"rendered":"<p>Lyc\u00e9e Professionnel La TRINITE Cit\u00e9 scolaire Frantz FANON Quartier Beaus\u00e9jour 97220 LA TRINITE Tel : 05 96 65 74 64 Fax : 05 96 58 37 51 Mail : ce.9720430k@ac-martinique.fr<\/p>\n","protected":false},"author":106,"featured_media":0,"parent":0,"menu_order":25,"comment_status":"closed","ping_status":"closed","template":"","meta":{"footnotes":""},"class_list":["post-716","page","type-page","status-publish","hentry"],"_links":{"self":[{"href":"https:\/\/site.ac-martinique.fr\/lyc-latrinite\/index.php?rest_route=\/wp\/v2\/pages\/716","targetHints":{"allow":["GET"]}}],"collection":[{"href":"https:\/\/site.ac-martinique.fr\/lyc-latrinite\/index.php?rest_route=\/wp\/v2\/pages"}],"about":[{"href":"https:\/\/site.ac-martinique.fr\/lyc-latrinite\/index.php?rest_route=\/wp\/v2\/types\/page"}],"author":[{"embeddable":true,"href":"https:\/\/site.ac-martinique.fr\/lyc-latrinite\/index.php?rest_route=\/wp\/v2\/users\/106"}],"replies":[{"embeddable":true,"href":"https:\/\/site.ac-martinique.fr\/lyc-latrinite\/index.php?rest_route=%2Fwp%2Fv2%2Fcomments&post=716"}],"version-history":[{"count":4,"href":"https:\/\/site.ac-martinique.fr\/lyc-latrinite\/index.php?rest_route=\/wp\/v2\/pages\/716\/revisions"}],"predecessor-version":[{"id":909,"href":"https:\/\/site.ac-martinique.fr\/lyc-latrinite\/index.php?rest_route=\/wp\/v2\/pages\/716\/revisions\/909"}],"wp:attachment":[{"href":"https:\/\/site.ac-martinique.fr\/lyc-latrinite\/index.php?rest_route=%2Fwp%2Fv2%2Fmedia&parent=716"}],"curies":[{"name":"wp","href":"https:\/\/api.w.org\/{rel}","templated":true}]}}