{"id":263,"date":"2024-11-26T17:02:29","date_gmt":"2024-11-26T21:02:29","guid":{"rendered":"https:\/\/site.ac-martinique.fr\/lyc-leopoldbissol\/?page_id=263"},"modified":"2024-12-08T22:15:32","modified_gmt":"2024-12-09T02:15:32","slug":"cap-2-ans","status":"publish","type":"page","link":"https:\/\/site.ac-martinique.fr\/lyc-leopoldbissol\/nos-formations\/cap-2-ans\/","title":{"rendered":"Nos CAP en 2 ans"},"content":{"rendered":"\n<div class=\"wp-block-columns alignwide is-layout-flex wp-container-core-columns-is-layout-d0b3c9c8 wp-block-columns-is-layout-flex\" style=\"border-style:none;border-width:0px\">\n<div class=\"wp-block-column is-layout-flow wp-block-column-is-layout-flow\" style=\"--col-width:100%;flex-basis:100%\">\n<p>Les certificats d&rsquo;aptitude professionnelle (CAP) se pr\u00e9parent en 2 ans apr\u00e8s la 3e. En fonction du profil et des besoins de l&rsquo;\u00e9l\u00e8ve, le dipl\u00f4me peut aussi se pr\u00e9parer en 1 ou 3 ans. Le CAP est un dipl\u00f4me d&rsquo;insertion professionnelle qui forme aux techniques et aux savoir-faire professionnels des m\u00e9tiers. <\/p>\n\n\n\n<p>Le programme comprend des enseignements g\u00e9n\u00e9raux (fran\u00e7ais, maths, langue vivante, &#8230;), des enseignements professionnels et des p\u00e9riodes de formation en milieu professionnel (PFMP- ou stages en entreprise) obligatoires (12 \u00e0 14 semaines).&nbsp;Ces PFMP sont gratifi\u00e9es d&rsquo;une allocation vers\u00e9e par l\u2019\u00c9tat.<\/p>\n<\/div>\n<\/div>\n\n\n\n<div class=\"wp-block-group alignfull has-base-2-background-color has-background has-global-padding is-layout-constrained wp-block-group-is-layout-constrained\">\n<div style=\"--tw-animation-delay:1s;\" class=\"wp-block-columns alignwide is-layout-flex wp-container-core-columns-is-layout-fa6b1ff9 wp-block-columns-is-layout-flex tw-block-animation tw-animation-fade-in-up tw-duration-4\">\n<div class=\"wp-block-column has-base-background-color has-background is-layout-flow wp-block-column-is-layout-flow\">\n<div class=\"wp-block-cover has-custom-content-position is-position-bottom-left is-style-tw-rounded-corners tw-hover-zoom has-aspect-ratio\" style=\"padding-top:32px;padding-right:32px;padding-bottom:32px;padding-left:32px;aspect-ratio:16\/9;min-height:unset;\"><span aria-hidden=\"true\" class=\"wp-block-cover__background has-background-dim-100 has-background-dim wp-block-cover__gradient-background has-background-gradient\" style=\"background:linear-gradient(0deg,rgba(0,0,0,0.8) 0%,rgba(0,0,0,0) 80%)\"><\/span><img loading=\"lazy\" decoding=\"async\" width=\"1408\" height=\"704\" sizes=\"auto, (max-width: 799px) 125vw, (max-width: 1408px) 100vw, 1408px\" class=\"wp-block-cover__image-background wp-image-361\" alt=\"\" src=\"https:\/\/site.ac-martinique.fr\/lyc-leopoldbissol\/wp-content\/uploads\/sites\/151\/2024\/12\/CAP-MACON.jpeg\" data-object-fit=\"cover\" srcset=\"https:\/\/site.ac-martinique.fr\/lyc-leopoldbissol\/wp-content\/uploads\/sites\/151\/2024\/12\/CAP-MACON.jpeg 1408w, https:\/\/site.ac-martinique.fr\/lyc-leopoldbissol\/wp-content\/uploads\/sites\/151\/2024\/12\/CAP-MACON-300x150.jpeg 300w, https:\/\/site.ac-martinique.fr\/lyc-leopoldbissol\/wp-content\/uploads\/sites\/151\/2024\/12\/CAP-MACON-1024x512.jpeg 1024w, https:\/\/site.ac-martinique.fr\/lyc-leopoldbissol\/wp-content\/uploads\/sites\/151\/2024\/12\/CAP-MACON-768x384.jpeg 768w\" \/><div class=\"wp-block-cover__inner-container is-layout-flow wp-block-cover-is-layout-flow\">\n<h3 class=\"wp-block-heading has-text-align-left\">CAP Ma\u00e7on<\/h3>\n<\/div><\/div>\n\n\n\n<div class=\"wp-block-group is-layout-flow wp-block-group-is-layout-flow\" style=\"margin-top:0px;padding-top:32px;padding-right:32px;padding-bottom:32px;padding-left:32px\">\n<p>Premier \u00e0 intervenir sur une construction, le ma\u00e7on met en place les fondations des futurs immeubles, des maisons individuelles ou des b\u00e2timents industriels. Puis il monte les \u00e9l\u00e9ments porteurs : murs, poutrelles et planchers.<\/p>\n\n\n\n<div class=\"wp-block-buttons is-layout-flex wp-block-buttons-is-layout-flex\">\n<div class=\"wp-block-button\"><a class=\"wp-block-button__link wp-element-button\" href=\"https:\/\/www.onisep.fr\/ressources\/univers-formation\/formations\/lycees\/cap-macon\" target=\"_blank\" rel=\"noreferrer noopener\">Plus d&rsquo;informations<\/a><\/div>\n<\/div>\n<\/div>\n<\/div>\n\n\n\n<div class=\"wp-block-column has-base-background-color has-background is-layout-flow wp-block-column-is-layout-flow\">\n<div class=\"wp-block-cover has-custom-content-position is-position-bottom-left is-style-tw-rounded-corners tw-hover-zoom has-aspect-ratio\" style=\"padding-top:32px;padding-right:32px;padding-bottom:32px;padding-left:32px;aspect-ratio:16\/9;min-height:unset;\"><span aria-hidden=\"true\" class=\"wp-block-cover__background has-background-dim-100 has-background-dim wp-block-cover__gradient-background has-background-gradient\" style=\"background:linear-gradient(0deg,rgba(0,0,0,0.8) 0%,rgba(0,0,0,0) 80%)\"><\/span><img loading=\"lazy\" decoding=\"async\" width=\"1408\" height=\"704\" sizes=\"auto, (max-width: 799px) 125vw, (max-width: 1408px) 100vw, 1408px\" class=\"wp-block-cover__image-background wp-image-362\" alt=\"\" src=\"https:\/\/site.ac-martinique.fr\/lyc-leopoldbissol\/wp-content\/uploads\/sites\/151\/2024\/12\/CAP-PAR.jpeg\" data-object-fit=\"cover\" srcset=\"https:\/\/site.ac-martinique.fr\/lyc-leopoldbissol\/wp-content\/uploads\/sites\/151\/2024\/12\/CAP-PAR.jpeg 1408w, https:\/\/site.ac-martinique.fr\/lyc-leopoldbissol\/wp-content\/uploads\/sites\/151\/2024\/12\/CAP-PAR-300x150.jpeg 300w, https:\/\/site.ac-martinique.fr\/lyc-leopoldbissol\/wp-content\/uploads\/sites\/151\/2024\/12\/CAP-PAR-1024x512.jpeg 1024w, https:\/\/site.ac-martinique.fr\/lyc-leopoldbissol\/wp-content\/uploads\/sites\/151\/2024\/12\/CAP-PAR-768x384.jpeg 768w\" \/><div class=\"wp-block-cover__inner-container is-layout-flow wp-block-cover-is-layout-flow\">\n<h3 class=\"wp-block-heading has-text-align-left\">CAP Peintre applicateur de rev\u00eatements<\/h3>\n<\/div><\/div>\n\n\n\n<div class=\"wp-block-group is-layout-flow wp-block-group-is-layout-flow\" style=\"margin-top:0px;padding-top:32px;padding-right:32px;padding-bottom:32px;padding-left:32px\">\n<p>Dernier ouvrier \u00e0 intervenir sur un chantier de construction, le peintre en b\u00e2timent habille murs et plafonds. Pass\u00e9 ma\u00eetre dans l&rsquo;art des finitions, il sait aussi conseiller les clients dans leurs choix de d\u00e9coration.<\/p>\n\n\n\n<div class=\"wp-block-buttons is-layout-flex wp-block-buttons-is-layout-flex\">\n<div class=\"wp-block-button\"><a class=\"wp-block-button__link wp-element-button\" href=\"https:\/\/www.onisep.fr\/ressources\/univers-formation\/formations\/lycees\/cap-peintre-applicateur-de-revetements\" target=\"_blank\" rel=\"noreferrer noopener\">Plus d&rsquo;informations<\/a><\/div>\n<\/div>\n<\/div>\n<\/div>\n\n\n\n<div class=\"wp-block-column has-base-background-color has-background is-layout-flow wp-block-column-is-layout-flow\">\n<div class=\"wp-block-cover has-custom-content-position is-position-bottom-left is-style-tw-rounded-corners tw-hover-zoom has-aspect-ratio\" style=\"padding-top:32px;padding-right:32px;padding-bottom:32px;padding-left:32px;aspect-ratio:16\/9;min-height:unset;\"><span aria-hidden=\"true\" class=\"wp-block-cover__background has-background-dim-100 has-background-dim wp-block-cover__gradient-background has-background-gradient\" style=\"background:linear-gradient(0deg,rgba(0,0,0,0.8) 0%,rgba(0,0,0,0) 80%)\"><\/span><img loading=\"lazy\" decoding=\"async\" width=\"1408\" height=\"704\" sizes=\"auto, (max-width: 799px) 125vw, (max-width: 1408px) 100vw, 1408px\" class=\"wp-block-cover__image-background wp-image-381\" alt=\"\" src=\"https:\/\/site.ac-martinique.fr\/lyc-leopoldbissol\/wp-content\/uploads\/sites\/151\/2024\/12\/CAP-CARRELEUR.jpeg\" data-object-fit=\"cover\" srcset=\"https:\/\/site.ac-martinique.fr\/lyc-leopoldbissol\/wp-content\/uploads\/sites\/151\/2024\/12\/CAP-CARRELEUR.jpeg 1408w, https:\/\/site.ac-martinique.fr\/lyc-leopoldbissol\/wp-content\/uploads\/sites\/151\/2024\/12\/CAP-CARRELEUR-300x150.jpeg 300w, https:\/\/site.ac-martinique.fr\/lyc-leopoldbissol\/wp-content\/uploads\/sites\/151\/2024\/12\/CAP-CARRELEUR-1024x512.jpeg 1024w, https:\/\/site.ac-martinique.fr\/lyc-leopoldbissol\/wp-content\/uploads\/sites\/151\/2024\/12\/CAP-CARRELEUR-768x384.jpeg 768w\" \/><div class=\"wp-block-cover__inner-container is-layout-flow wp-block-cover-is-layout-flow\">\n<h3 class=\"wp-block-heading\">CAP Carreleur Mosa\u00efste<\/h3>\n<\/div><\/div>\n\n\n\n<div class=\"wp-block-group is-layout-flow wp-block-group-is-layout-flow\" style=\"margin-top:0px;padding-top:32px;padding-right:32px;padding-bottom:32px;padding-left:32px\">\n<p>C&rsquo;est l&rsquo;artiste des sols et des murs. Le carreleur-mosa\u00efste intervient une fois le gros oeuvre termin\u00e9, sur les fa\u00e7ades, dans les salles de bains, les cuisines et les piscines. Cr\u00e9atif, il sait s&rsquo;adapter au style de vie et au go\u00fbt de ses clients.<\/p>\n\n\n\n<div class=\"wp-block-buttons is-layout-flex wp-block-buttons-is-layout-flex\">\n<div class=\"wp-block-button\"><a class=\"wp-block-button__link wp-element-button\" href=\"https:\/\/www.onisep.fr\/ressources\/univers-formation\/formations\/lycees\/cap-carreleur-mosaiste\" target=\"_blank\" rel=\"noreferrer noopener\">Plus d&rsquo;informations<\/a><\/div>\n<\/div>\n<\/div>\n<\/div>\n<\/div>\n\n\n\n<div style=\"--tw-animation-delay:1s;\" class=\"wp-block-columns alignwide is-layout-flex wp-container-core-columns-is-layout-fa6b1ff9 wp-block-columns-is-layout-flex tw-block-animation tw-animation-fade-in-up tw-duration-4\">\n<div class=\"wp-block-column has-base-background-color has-background is-layout-flow wp-block-column-is-layout-flow\">\n<div class=\"wp-block-cover has-custom-content-position is-position-bottom-left is-style-tw-rounded-corners tw-hover-zoom has-aspect-ratio\" style=\"padding-top:32px;padding-right:32px;padding-bottom:32px;padding-left:32px;aspect-ratio:16\/9;min-height:unset;\"><span aria-hidden=\"true\" class=\"wp-block-cover__background has-background-dim-100 has-background-dim wp-block-cover__gradient-background has-background-gradient\" style=\"background:linear-gradient(0deg,rgba(0,0,0,0.8) 0%,rgba(0,0,0,0) 80%)\"><\/span><img loading=\"lazy\" decoding=\"async\" width=\"1408\" height=\"704\" sizes=\"auto, (max-width: 799px) 125vw, (max-width: 1408px) 100vw, 1408px\" class=\"wp-block-cover__image-background wp-image-382\" alt=\"\" src=\"https:\/\/site.ac-martinique.fr\/lyc-leopoldbissol\/wp-content\/uploads\/sites\/151\/2024\/12\/CAP-PLOMBERIE-1.jpeg\" data-object-fit=\"cover\" srcset=\"https:\/\/site.ac-martinique.fr\/lyc-leopoldbissol\/wp-content\/uploads\/sites\/151\/2024\/12\/CAP-PLOMBERIE-1.jpeg 1408w, https:\/\/site.ac-martinique.fr\/lyc-leopoldbissol\/wp-content\/uploads\/sites\/151\/2024\/12\/CAP-PLOMBERIE-1-300x150.jpeg 300w, https:\/\/site.ac-martinique.fr\/lyc-leopoldbissol\/wp-content\/uploads\/sites\/151\/2024\/12\/CAP-PLOMBERIE-1-1024x512.jpeg 1024w, https:\/\/site.ac-martinique.fr\/lyc-leopoldbissol\/wp-content\/uploads\/sites\/151\/2024\/12\/CAP-PLOMBERIE-1-768x384.jpeg 768w\" \/><div class=\"wp-block-cover__inner-container is-layout-flow wp-block-cover-is-layout-flow\">\n<h3 class=\"wp-block-heading\">CAP Monteur en installations sanitaires<\/h3>\n<\/div><\/div>\n\n\n\n<div class=\"wp-block-group is-layout-flow wp-block-group-is-layout-flow\" style=\"margin-top:0px;padding-top:32px;padding-right:32px;padding-bottom:32px;padding-left:32px\">\n<p>Un robinet qui fuit, un \u00e9vier bouch\u00e9, un chauffe-eau en panne&#8230; On a toujours besoin d&rsquo;un plombier ! Le m\u00e9tier requiert une bonne condition physique, mais aussi une capacit\u00e9 \u00e0 analyser la situation et \u00e0 choisir la bonne m\u00e9thode d&rsquo;intervention.<\/p>\n\n\n\n<div class=\"wp-block-buttons is-layout-flex wp-block-buttons-is-layout-flex\">\n<div class=\"wp-block-button\"><a class=\"wp-block-button__link wp-element-button\" href=\"https:\/\/www.onisep.fr\/ressources\/univers-formation\/formations\/lycees\/cap-monteur-en-installations-sanitaires\" target=\"_blank\" rel=\"noreferrer noopener\">Plus d&rsquo;informations<\/a><\/div>\n<\/div>\n<\/div>\n<\/div>\n\n\n\n<div class=\"wp-block-column has-base-background-color has-background is-layout-flow wp-block-column-is-layout-flow\">\n<div class=\"wp-block-cover has-custom-content-position is-position-bottom-left is-style-tw-rounded-corners tw-hover-zoom has-aspect-ratio\" style=\"padding-top:32px;padding-right:32px;padding-bottom:32px;padding-left:32px;aspect-ratio:16\/9;min-height:unset;\"><span aria-hidden=\"true\" class=\"wp-block-cover__background has-background-dim-100 has-background-dim wp-block-cover__gradient-background has-background-gradient\" style=\"background:linear-gradient(0deg,rgba(0,0,0,0.8) 0%,rgba(0,0,0,0) 80%)\"><\/span><img loading=\"lazy\" decoding=\"async\" width=\"1408\" height=\"704\" sizes=\"auto, (max-width: 799px) 125vw, (max-width: 1408px) 100vw, 1408px\" class=\"wp-block-cover__image-background wp-image-384\" alt=\"\" src=\"https:\/\/site.ac-martinique.fr\/lyc-leopoldbissol\/wp-content\/uploads\/sites\/151\/2024\/12\/CAP-IMTB.jpeg\" data-object-fit=\"cover\" srcset=\"https:\/\/site.ac-martinique.fr\/lyc-leopoldbissol\/wp-content\/uploads\/sites\/151\/2024\/12\/CAP-IMTB.jpeg 1408w, https:\/\/site.ac-martinique.fr\/lyc-leopoldbissol\/wp-content\/uploads\/sites\/151\/2024\/12\/CAP-IMTB-300x150.jpeg 300w, https:\/\/site.ac-martinique.fr\/lyc-leopoldbissol\/wp-content\/uploads\/sites\/151\/2024\/12\/CAP-IMTB-1024x512.jpeg 1024w, https:\/\/site.ac-martinique.fr\/lyc-leopoldbissol\/wp-content\/uploads\/sites\/151\/2024\/12\/CAP-IMTB-768x384.jpeg 768w\" \/><div class=\"wp-block-cover__inner-container is-layout-flow wp-block-cover-is-layout-flow\">\n<h3 class=\"wp-block-heading\">CAP Interventions en maintenance technique des b\u00e2timents<\/h3>\n<\/div><\/div>\n\n\n\n<div class=\"wp-block-group is-layout-flow wp-block-group-is-layout-flow\" style=\"margin-top:0px;padding-top:32px;padding-right:32px;padding-bottom:32px;padding-left:32px\">\n<p>Le titulaire d\u2019un CAP Interventions en Maintenance Technique des B\u00e2timents est un ouvrier polyvalent. Il entretient, r\u00e9pare et am\u00e9liore les b\u00e2timents : \u00e9lectricit\u00e9, plomberie, chauffage, menuiserie, rev\u00eatements\u2026 Il travaille pour des collectivit\u00e9s, entreprises ou particuliers, en garantissant s\u00e9curit\u00e9 et durabilit\u00e9.<\/p>\n\n\n\n<div class=\"wp-block-buttons is-layout-flex wp-block-buttons-is-layout-flex\">\n<div class=\"wp-block-button\"><a class=\"wp-block-button__link wp-element-button\" href=\"https:\/\/www.onisep.fr\/ressources\/univers-formation\/formations\/lycees\/cap-interventions-en-maintenance-technique-des-batiments\" target=\"_blank\" rel=\"noreferrer noopener\">Plus d&rsquo;informations<\/a><\/div>\n<\/div>\n<\/div>\n<\/div>\n<\/div>\n\n\n\n<div style=\"--tw-animation-delay:1s;\" class=\"wp-block-columns alignwide is-layout-flex wp-container-core-columns-is-layout-fa6b1ff9 wp-block-columns-is-layout-flex tw-block-animation tw-animation-fade-in-up tw-duration-4\">\n<div class=\"wp-block-column has-base-background-color has-background is-layout-flow wp-block-column-is-layout-flow\">\n<div class=\"wp-block-cover has-custom-content-position is-position-bottom-left is-style-tw-rounded-corners tw-hover-zoom has-aspect-ratio\" style=\"padding-top:32px;padding-right:32px;padding-bottom:32px;padding-left:32px;aspect-ratio:16\/9;min-height:unset;\"><span aria-hidden=\"true\" class=\"wp-block-cover__background has-background-dim-100 has-background-dim wp-block-cover__gradient-background has-background-gradient\" style=\"background:linear-gradient(0deg,rgba(0,0,0,0.8) 0%,rgba(0,0,0,0) 80%)\"><\/span><img loading=\"lazy\" decoding=\"async\" width=\"1408\" height=\"704\" sizes=\"auto, (max-width: 799px) 125vw, (max-width: 1408px) 100vw, 1408px\" class=\"wp-block-cover__image-background wp-image-364\" alt=\"\" src=\"https:\/\/site.ac-martinique.fr\/lyc-leopoldbissol\/wp-content\/uploads\/sites\/151\/2024\/12\/CAP-PSR.jpeg\" style=\"object-position:50% 50%\" data-object-fit=\"cover\" data-object-position=\"50% 50%\" srcset=\"https:\/\/site.ac-martinique.fr\/lyc-leopoldbissol\/wp-content\/uploads\/sites\/151\/2024\/12\/CAP-PSR.jpeg 1408w, https:\/\/site.ac-martinique.fr\/lyc-leopoldbissol\/wp-content\/uploads\/sites\/151\/2024\/12\/CAP-PSR-300x150.jpeg 300w, https:\/\/site.ac-martinique.fr\/lyc-leopoldbissol\/wp-content\/uploads\/sites\/151\/2024\/12\/CAP-PSR-1024x512.jpeg 1024w, https:\/\/site.ac-martinique.fr\/lyc-leopoldbissol\/wp-content\/uploads\/sites\/151\/2024\/12\/CAP-PSR-768x384.jpeg 768w\" \/><div class=\"wp-block-cover__inner-container is-layout-flow wp-block-cover-is-layout-flow\">\n<h3 class=\"wp-block-heading\">CAP Production et service en restauration<\/h3>\n<\/div><\/div>\n\n\n\n<div class=\"wp-block-group is-layout-flow wp-block-group-is-layout-flow\" style=\"margin-top:0px;padding-top:32px;padding-right:32px;padding-bottom:32px;padding-left:32px\">\n<p>Le ou la titulaire de ce CAP exerce dans des \u00e9tablissements de production culinaire et\/ou de distribution alimentaire rapide ou de libre-service (caf\u00e9t\u00e9ria). Il ou elle peut \u00e9galement travailler dans des \u00e9tablissements scolaires, hospitaliers, d&rsquo;h\u00e9bergement ou \u00e0 la fabrication de plateaux-repas conditionn\u00e9s (transport a\u00e9rien, ferroviaire,&#8230;)<\/p>\n\n\n\n<div class=\"wp-block-buttons is-layout-flex wp-block-buttons-is-layout-flex\">\n<div class=\"wp-block-button\"><a class=\"wp-block-button__link wp-element-button\" href=\"https:\/\/www.onisep.fr\/ressources\/univers-formation\/formations\/lycees\/cap-interventions-en-maintenance-technique-des-batiments\" target=\"_blank\" rel=\"noreferrer noopener\">Plus d&rsquo;informations<\/a><\/div>\n<\/div>\n<\/div>\n<\/div>\n\n\n\n<div class=\"wp-block-column has-base-background-color has-background is-layout-flow wp-block-column-is-layout-flow\">\n<div class=\"wp-block-cover has-custom-content-position is-position-bottom-left is-style-tw-rounded-corners tw-hover-zoom has-aspect-ratio\" style=\"padding-top:32px;padding-right:32px;padding-bottom:32px;padding-left:32px;aspect-ratio:16\/9;min-height:unset;\"><span aria-hidden=\"true\" class=\"wp-block-cover__background has-background-dim-100 has-background-dim wp-block-cover__gradient-background has-background-gradient\" style=\"background:linear-gradient(0deg,rgba(0,0,0,0.8) 0%,rgba(0,0,0,0) 80%)\"><\/span><img loading=\"lazy\" decoding=\"async\" width=\"1408\" height=\"704\" sizes=\"auto, (max-width: 799px) 125vw, (max-width: 1408px) 100vw, 1408px\" class=\"wp-block-cover__image-background wp-image-383\" alt=\"\" src=\"https:\/\/site.ac-martinique.fr\/lyc-leopoldbissol\/wp-content\/uploads\/sites\/151\/2024\/12\/logo-bacpro.jpeg\" data-object-fit=\"cover\" srcset=\"https:\/\/site.ac-martinique.fr\/lyc-leopoldbissol\/wp-content\/uploads\/sites\/151\/2024\/12\/logo-bacpro.jpeg 1408w, https:\/\/site.ac-martinique.fr\/lyc-leopoldbissol\/wp-content\/uploads\/sites\/151\/2024\/12\/logo-bacpro-300x150.jpeg 300w, https:\/\/site.ac-martinique.fr\/lyc-leopoldbissol\/wp-content\/uploads\/sites\/151\/2024\/12\/logo-bacpro-1024x512.jpeg 1024w, https:\/\/site.ac-martinique.fr\/lyc-leopoldbissol\/wp-content\/uploads\/sites\/151\/2024\/12\/logo-bacpro-768x384.jpeg 768w\" \/><div class=\"wp-block-cover__inner-container is-layout-flow wp-block-cover-is-layout-flow\">\n<h3 class=\"wp-block-heading\">D\u00e9couvrir aussi nos Bac Pro en 3 ans<\/h3>\n<\/div><\/div>\n\n\n\n<div class=\"wp-block-group is-layout-flow wp-block-group-is-layout-flow\" style=\"margin-top:0px;padding-top:32px;padding-right:32px;padding-bottom:32px;padding-left:32px\">\n<div class=\"wp-block-group is-nowrap is-layout-flex wp-container-core-group-is-layout-6c531013 wp-block-group-is-layout-flex\">\n<div class=\"wp-block-buttons is-horizontal is-layout-flex wp-block-buttons-is-layout-flex\">\n<div class=\"wp-block-button\"><a class=\"wp-block-button__link wp-element-button\" href=\"https:\/\/site.ac-martinique.fr\/lyc-leopoldbissol\/nos-formations\/bac-pro-3-ans\/\">Les bac pro 3 ans<\/a><\/div>\n<\/div>\n\n\n\n<div class=\"wp-block-buttons is-horizontal is-layout-flex wp-block-buttons-is-layout-flex\">\n<div class=\"wp-block-button\"><a class=\"wp-block-button__link wp-element-button\" href=\"https:\/\/site.ac-martinique.fr\/lyc-leopoldbissol\/nos-formations\/nos-formations-famille-metiers\/\">Les familles des m\u00e9tiers<\/a><\/div>\n<\/div>\n<\/div>\n<\/div>\n<\/div>\n<\/div>\n<\/div>\n","protected":false},"excerpt":{"rendered":"<p>Les certificats d&rsquo;aptitude professionnelle (CAP) se pr\u00e9parent en 2 ans apr\u00e8s la 3e. En fonction du profil et des besoins de l&rsquo;\u00e9l\u00e8ve, le dipl\u00f4me peut aussi se pr\u00e9parer en 1 ou 3 ans. Le CAP est un dipl\u00f4me d&rsquo;insertion professionnelle qui forme aux techniques et aux savoir-faire professionnels des m\u00e9tiers. Le programme comprend des enseignements [&hellip;]<\/p>\n","protected":false},"author":327,"featured_media":0,"parent":255,"menu_order":0,"comment_status":"closed","ping_status":"closed","template":"","meta":{"footnotes":""},"class_list":["post-263","page","type-page","status-publish","hentry"],"_links":{"self":[{"href":"https:\/\/site.ac-martinique.fr\/lyc-leopoldbissol\/wp-json\/wp\/v2\/pages\/263","targetHints":{"allow":["GET"]}}],"collection":[{"href":"https:\/\/site.ac-martinique.fr\/lyc-leopoldbissol\/wp-json\/wp\/v2\/pages"}],"about":[{"href":"https:\/\/site.ac-martinique.fr\/lyc-leopoldbissol\/wp-json\/wp\/v2\/types\/page"}],"author":[{"embeddable":true,"href":"https:\/\/site.ac-martinique.fr\/lyc-leopoldbissol\/wp-json\/wp\/v2\/users\/327"}],"replies":[{"embeddable":true,"href":"https:\/\/site.ac-martinique.fr\/lyc-leopoldbissol\/wp-json\/wp\/v2\/comments?post=263"}],"version-history":[{"count":18,"href":"https:\/\/site.ac-martinique.fr\/lyc-leopoldbissol\/wp-json\/wp\/v2\/pages\/263\/revisions"}],"predecessor-version":[{"id":628,"href":"https:\/\/site.ac-martinique.fr\/lyc-leopoldbissol\/wp-json\/wp\/v2\/pages\/263\/revisions\/628"}],"up":[{"embeddable":true,"href":"https:\/\/site.ac-martinique.fr\/lyc-leopoldbissol\/wp-json\/wp\/v2\/pages\/255"}],"wp:attachment":[{"href":"https:\/\/site.ac-martinique.fr\/lyc-leopoldbissol\/wp-json\/wp\/v2\/media?parent=263"}],"curies":[{"name":"wp","href":"https:\/\/api.w.org\/{rel}","templated":true}]}}