{"id":100,"date":"2013-12-22T23:05:46","date_gmt":"2013-12-22T22:05:46","guid":{"rendered":"\/lyc-luminasophie\/?page_id=100"},"modified":"2021-03-23T20:38:29","modified_gmt":"2021-03-23T19:38:29","slug":"le-lycee-en-chiffres","status":"publish","type":"page","link":"https:\/\/site.ac-martinique.fr\/lyc-luminasophie\/?page_id=100","title":{"rendered":"Le lyc\u00e9e en chiffres"},"content":{"rendered":"<h1 style=\"text-align: center\">Pr\u00e9sentation du lyc\u00e9e en chiffres<\/h1>\n<ul>\n<li>Personnel Enseignant : 35<\/li>\n<li>\u00c9l\u00e8ves : 329<\/li>\n<li>Personnel Non-Enseignant : 39<\/li>\n<li>Nombre de Divisions : 14<\/li>\n<\/ul>\n<h1 style=\"text-align: center\">R\u00e9sultats aux examens<\/h1>\n<address style=\"text-align: center\">(Sources Rectorat de la Martinique)<\/address>\n<table style=\"height: 872px\" border=\"0\" width=\"738\" cellspacing=\"0\" cellpadding=\"0\">\n<tbody>\n<tr>\n<td style=\"text-align: center\" valign=\"top\" width=\"10\"><\/td>\n<td valign=\"center\" width=\"10\">\n<h2 style=\"text-align: center\"><span style=\"color: #3366ff\"><b>CAP\u00a0<\/b><\/span><\/h2>\n<\/td>\n<td valign=\"center\" width=\"150\">\n<h2 style=\"text-align: center\"><span style=\"color: #3366ff\"><b>BAC<\/b><\/span><\/h2>\n<\/td>\n<td valign=\"top\" width=\"150\">\n<h2 style=\"text-align: center\"><span style=\"color: #3366ff\"><b>BTS <\/b><\/span><\/h2>\n<\/td>\n<\/tr>\n<tr>\n<td valign=\"top\" width=\"181\">\n<h2 style=\"text-align: center\"><b>2010<\/b><\/h2>\n<\/td>\n<td valign=\"top\" width=\"181\">\n<h2 align=\"center\"><b>84 %<\/b><\/h2>\n<\/td>\n<td valign=\"top\" width=\"181\">\n<h2 align=\"center\"><b>89\u00a0<\/b><b>%<\/b><\/h2>\n<\/td>\n<td valign=\"top\" width=\"181\">\n<h2 align=\"center\"><b>65 %<\/b><\/h2>\n<\/td>\n<\/tr>\n<tr>\n<td valign=\"top\" width=\"181\">\n<h2 style=\"text-align: center\"><b>2011<\/b><\/h2>\n<\/td>\n<td valign=\"top\" width=\"181\">\n<h2 align=\"center\"><b>83 %<\/b><\/h2>\n<\/td>\n<td valign=\"top\" width=\"181\">\n<h2 align=\"center\"><b>79 %<\/b><\/h2>\n<\/td>\n<td valign=\"top\" width=\"181\">\n<h2 align=\"center\"><b>78 %<\/b><\/h2>\n<\/td>\n<\/tr>\n<tr>\n<td valign=\"top\" width=\"181\">\n<h2 style=\"text-align: center\"><b>2012<\/b><\/h2>\n<\/td>\n<td valign=\"top\" width=\"181\">\n<h2 align=\"center\"><b>86 %<\/b><\/h2>\n<\/td>\n<td valign=\"top\" width=\"181\">\n<h2 align=\"center\"><b>74 %<\/b><\/h2>\n<\/td>\n<td valign=\"top\" width=\"181\">\n<h2 align=\"center\"><b>75 %<\/b><\/h2>\n<\/td>\n<\/tr>\n<tr>\n<td valign=\"top\" width=\"181\">\n<h2 style=\"text-align: center\"><b>2013<\/b><\/h2>\n<\/td>\n<td valign=\"top\" width=\"181\">\n<h2 align=\"center\"><b>86 %<\/b><\/h2>\n<\/td>\n<td valign=\"top\" width=\"181\">\n<h2 align=\"center\"><b>90 %<\/b><\/h2>\n<\/td>\n<td valign=\"top\" width=\"181\">\n<h2 align=\"center\"><b>82 %<\/b><\/h2>\n<\/td>\n<\/tr>\n<tr>\n<td valign=\"top\" width=\"181\">\n<h2 style=\"text-align: center\"><b>2014<\/b><\/h2>\n<\/td>\n<td valign=\"top\" width=\"181\">\n<h2 align=\"center\"><b>82 %<\/b><\/h2>\n<\/td>\n<td valign=\"top\" width=\"181\">\n<h2 align=\"center\"><b>82 %<\/b><\/h2>\n<\/td>\n<td valign=\"top\" width=\"181\">\n<h2 align=\"center\"><b>84 %<\/b><\/h2>\n<\/td>\n<\/tr>\n<tr>\n<td valign=\"top\" width=\"181\">\n<h2 style=\"text-align: center\"><b>2015<\/b><\/h2>\n<\/td>\n<td valign=\"top\" width=\"181\">\n<h2 align=\"center\"><b>54 %<\/b><\/h2>\n<\/td>\n<td valign=\"top\" width=\"181\">\n<h2 align=\"center\"><b>60 %<\/b><\/h2>\n<\/td>\n<td valign=\"top\" width=\"181\">\n<h2 align=\"center\"><b>65,4 %<\/b><\/h2>\n<\/td>\n<\/tr>\n<tr>\n<td valign=\"top\" width=\"181\">\n<h2 style=\"text-align: center\"><b>2016<\/b><\/h2>\n<\/td>\n<td valign=\"top\" width=\"181\">\n<h2 align=\"center\"><b>82,4 %<\/b><\/h2>\n<\/td>\n<td valign=\"top\" width=\"181\">\n<h2 align=\"center\"><b>83,3 %<\/b><\/h2>\n<\/td>\n<td valign=\"top\" width=\"181\">\n<h2 align=\"center\"><b>76,4 %<\/b><\/h2>\n<\/td>\n<\/tr>\n<tr>\n<td valign=\"top\" width=\"181\">\n<h2 style=\"text-align: center\"><b>2017<\/b><\/h2>\n<\/td>\n<td valign=\"top\" width=\"181\">\n<h2 align=\"center\"><b>69,2 %<\/b><\/h2>\n<\/td>\n<td valign=\"top\" width=\"181\">\n<h2 align=\"center\"><b>75,9 %<\/b><\/h2>\n<\/td>\n<td valign=\"top\" width=\"181\">\n<h2 align=\"center\"><b>70,5 %<\/b><\/h2>\n<\/td>\n<\/tr>\n<tr>\n<td valign=\"top\" width=\"181\">\n<h2 style=\"text-align: center\"><b>2018<\/b><\/h2>\n<\/td>\n<td valign=\"top\" width=\"181\">\n<h2 align=\"center\"><b>100 %<\/b><\/h2>\n<\/td>\n<td valign=\"top\" width=\"181\">\n<h2 align=\"center\"><b>90,16 %<\/b><\/h2>\n<\/td>\n<td valign=\"top\" width=\"181\">\n<h2 align=\"center\"><b>76,78 %<\/b><\/h2>\n<\/td>\n<\/tr>\n<tr>\n<td valign=\"top\" width=\"181\">\n<h2 style=\"text-align: center\"><b>2019<\/b><\/h2>\n<\/td>\n<td valign=\"top\" width=\"181\">\n<h2 align=\"center\"><b>62,5 %<\/b><\/h2>\n<\/td>\n<td valign=\"top\" width=\"181\">\n<h2 align=\"center\"><b>73,21 %<\/b><\/h2>\n<\/td>\n<td valign=\"top\" width=\"181\">\n<h2 align=\"center\"><b>68,29 %<\/b><\/h2>\n<\/td>\n<\/tr>\n<tr>\n<td valign=\"top\" width=\"181\">\n<h2 style=\"text-align: center\"><span style=\"color: red\"><b>2020<\/b><\/span><\/h2>\n<\/td>\n<td valign=\"top\" width=\"181\">\n<h2 align=\"center\"><b>75 %<\/b><\/h2>\n<\/td>\n<td valign=\"top\" width=\"181\">\n<h2 align=\"center\"><b>85,48 %<\/b><\/h2>\n<\/td>\n<td valign=\"top\" width=\"181\">\n<h2 align=\"center\"><b>80,70 %<\/b><\/h2>\n<\/td>\n<\/tr>\n<\/tbody>\n<\/table>\n<p>&nbsp;<\/p>\n","protected":false},"excerpt":{"rendered":"<p>Pr\u00e9sentation du lyc\u00e9e en chiffres Personnel Enseignant : 35 \u00c9l\u00e8ves : 329 Personnel Non-Enseignant : 39 Nombre de Divisions : 14 R\u00e9sultats aux examens (Sources Rectorat de la Martinique) CAP\u00a0 BAC BTS 2010 84 % 89\u00a0% 65 % 2011 83 &hellip; <a href=\"https:\/\/site.ac-martinique.fr\/lyc-luminasophie\/?page_id=100\">Continuer la lecture <span class=\"meta-nav\">&rarr;<\/span><\/a><\/p>\n","protected":false},"author":105,"featured_media":0,"parent":0,"menu_order":0,"comment_status":"closed","ping_status":"closed","template":"","meta":{"footnotes":""},"class_list":["post-100","page","type-page","status-publish","hentry"],"_links":{"self":[{"href":"https:\/\/site.ac-martinique.fr\/lyc-luminasophie\/index.php?rest_route=\/wp\/v2\/pages\/100","targetHints":{"allow":["GET"]}}],"collection":[{"href":"https:\/\/site.ac-martinique.fr\/lyc-luminasophie\/index.php?rest_route=\/wp\/v2\/pages"}],"about":[{"href":"https:\/\/site.ac-martinique.fr\/lyc-luminasophie\/index.php?rest_route=\/wp\/v2\/types\/page"}],"author":[{"embeddable":true,"href":"https:\/\/site.ac-martinique.fr\/lyc-luminasophie\/index.php?rest_route=\/wp\/v2\/users\/105"}],"replies":[{"embeddable":true,"href":"https:\/\/site.ac-martinique.fr\/lyc-luminasophie\/index.php?rest_route=%2Fwp%2Fv2%2Fcomments&post=100"}],"version-history":[{"count":12,"href":"https:\/\/site.ac-martinique.fr\/lyc-luminasophie\/index.php?rest_route=\/wp\/v2\/pages\/100\/revisions"}],"predecessor-version":[{"id":2647,"href":"https:\/\/site.ac-martinique.fr\/lyc-luminasophie\/index.php?rest_route=\/wp\/v2\/pages\/100\/revisions\/2647"}],"wp:attachment":[{"href":"https:\/\/site.ac-martinique.fr\/lyc-luminasophie\/index.php?rest_route=%2Fwp%2Fv2%2Fmedia&parent=100"}],"curies":[{"name":"wp","href":"https:\/\/api.w.org\/{rel}","templated":true}]}}