{"id":1240,"date":"2018-05-15T15:00:53","date_gmt":"2018-05-15T20:30:53","guid":{"rendered":"\/lyc-paulettenardal\/?page_id=1240"},"modified":"2021-03-24T15:37:49","modified_gmt":"2021-03-24T19:37:49","slug":"communaute-scolaire","status":"publish","type":"page","link":"https:\/\/site.ac-martinique.fr\/lyc-paulettenardal\/?page_id=1240","title":{"rendered":"Communaut\u00e9 scolaire"},"content":{"rendered":"<p>Acc\u00e9dez aux rubriques concernant la communaut\u00e9 scolaire :<br \/>\n&#8211; la <a href=\"\/lyc-paulettenardal\/?page_id=1244\" target=\"_blank\" rel=\"noopener\">vie lyc\u00e9enne<\/a>,<br \/>\n&#8211; les <a href=\"\/lyc-paulettenardal\/?page_id=1242\" target=\"_blank\" rel=\"noopener\">associations de parents<\/a>,<br \/>\n&#8211; l&rsquo;<a href=\"\/lyc-paulettenardal\/?page_id=1221\" target=\"_blank\" rel=\"noopener\">Amilyce<\/a>, amicale du lyc\u00e9e.<\/p>\n","protected":false},"excerpt":{"rendered":"<p>Acc\u00e9dez aux rubriques concernant la communaut\u00e9 scolaire : &#8211; la vie lyc\u00e9enne, &#8211; les associations de parents, &#8211; l&rsquo;Amilyce, amicale &hellip; <\/p>\n<p class=\"link-more\"><a href=\"https:\/\/site.ac-martinique.fr\/lyc-paulettenardal\/?page_id=1240\" class=\"more-link\">Lire la suite&#8230;<span class=\"screen-reader-text\"> \u00ab\u00a0Communaut\u00e9 scolaire\u00a0\u00bb<\/span><\/a><\/p>\n","protected":false},"author":187,"featured_media":0,"parent":0,"menu_order":0,"comment_status":"closed","ping_status":"closed","template":"","meta":{"footnotes":""},"class_list":["post-1240","page","type-page","status-publish","hentry"],"_links":{"self":[{"href":"https:\/\/site.ac-martinique.fr\/lyc-paulettenardal\/index.php?rest_route=\/wp\/v2\/pages\/1240","targetHints":{"allow":["GET"]}}],"collection":[{"href":"https:\/\/site.ac-martinique.fr\/lyc-paulettenardal\/index.php?rest_route=\/wp\/v2\/pages"}],"about":[{"href":"https:\/\/site.ac-martinique.fr\/lyc-paulettenardal\/index.php?rest_route=\/wp\/v2\/types\/page"}],"author":[{"embeddable":true,"href":"https:\/\/site.ac-martinique.fr\/lyc-paulettenardal\/index.php?rest_route=\/wp\/v2\/users\/187"}],"replies":[{"embeddable":true,"href":"https:\/\/site.ac-martinique.fr\/lyc-paulettenardal\/index.php?rest_route=%2Fwp%2Fv2%2Fcomments&post=1240"}],"version-history":[{"count":3,"href":"https:\/\/site.ac-martinique.fr\/lyc-paulettenardal\/index.php?rest_route=\/wp\/v2\/pages\/1240\/revisions"}],"predecessor-version":[{"id":3234,"href":"https:\/\/site.ac-martinique.fr\/lyc-paulettenardal\/index.php?rest_route=\/wp\/v2\/pages\/1240\/revisions\/3234"}],"wp:attachment":[{"href":"https:\/\/site.ac-martinique.fr\/lyc-paulettenardal\/index.php?rest_route=%2Fwp%2Fv2%2Fmedia&parent=1240"}],"curies":[{"name":"wp","href":"https:\/\/api.w.org\/{rel}","templated":true}]}}