{"id":1242,"date":"2018-05-15T15:01:12","date_gmt":"2018-05-15T20:31:12","guid":{"rendered":"\/lyc-paulettenardal\/?page_id=1242"},"modified":"2019-06-29T18:34:07","modified_gmt":"2019-06-29T22:34:07","slug":"associations-de-parents","status":"publish","type":"page","link":"https:\/\/site.ac-martinique.fr\/lyc-paulettenardal\/?page_id=1242","title":{"rendered":"Associations de parents"},"content":{"rendered":"<p>Les associations de parents d&rsquo;\u00e9l\u00e8ves regroupent des parents d&rsquo;\u00e9l\u00e8ves ainsi que les personnes ayant la responsabilit\u00e9 l\u00e9gale d&rsquo;un ou de plusieurs enfants.<br \/>\n Elles ont pour mission la d\u00e9fense des int\u00e9r\u00eats moraux et mat\u00e9riels communs \u00e0 tous les parents d&rsquo;\u00e9l\u00e8ves.<\/p>\n<p>Liste des principales associations<\/p>\n<p>&#8211; Les parents d&rsquo;\u00e9l\u00e8ves se r\u00e9partissent par affinit\u00e9s id\u00e9ologiques entre plusieurs associations, constitu\u00e9es, pour les plus importantes, en f\u00e9d\u00e9rations.<\/p>\n<p>&#8211; Dans l&rsquo;enseignement public \u00e0 la Martinique:<\/p>\n<p>&nbsp;<\/p>\n<p><span style=\"font-size: 14pt\"><strong>Union des Parents d\u2019El\u00e8ves de Martinique<\/strong><\/span><\/p>\n<p><a href=\"\/lyc-paulettenardal\/wp-content\/uploads\/sites\/38\/2019\/06\/upem.jpg\"><img fetchpriority=\"high\" decoding=\"async\" class=\"size-full wp-image-2248 alignright\" src=\"\/lyc-paulettenardal\/wp-content\/uploads\/sites\/38\/2019\/06\/upem.jpg\" alt=\"\" width=\"225\" height=\"225\" srcset=\"https:\/\/site.ac-martinique.fr\/lyc-paulettenardal\/wp-content\/uploads\/sites\/38\/2019\/06\/upem.jpg 225w, https:\/\/site.ac-martinique.fr\/lyc-paulettenardal\/wp-content\/uploads\/sites\/38\/2019\/06\/upem-150x150.jpg 150w\" sizes=\"(max-width: 225px) 100vw, 225px\" \/><\/a><\/p>\n<p>Association loi 1901, l\u2019UPEM est n\u00e9e en Mai 1992 du rassemblement d\u2019associations ind\u00e9pendantes qui souhaitaient \u00eatre plus efficaces dans le but de :<\/p>\n<p>\u25ba Rassembler TOUS les parents d&rsquo;\u00e9leves de Martinique.<\/p>\n<p>\u25ba D\u00e9fendre l\u2019int\u00e9r\u00eat g\u00e9n\u00e9ral, mat\u00e9riel et moral de la Famille et l&rsquo;\u00c9cole.<\/p>\n<p>\u25ba \u0152uvrer pour une \u00c9cole publique, gratuite, d\u00e9mocratique, la\u00efque, citoyenne, int\u00e9grant notre culture et notre environnement pour englober l\u2019universel.<\/p>\n<p>Nos actions s&rsquo;appuient sur des valeurs partag\u00e9es : RESPONSABILITE, ENGAGEMENT, CONCERTATION, EXCELLENCE, SOLIDARITE, RESPECT.<\/p>\n<p>Notre devise \u00ab divini yich nou s\u00e9 divini p\u00e9yi a \u00bb annonce notre engagement de parents responsables: Le meilleur avenir de nos enfants pour la Martinique.<\/p>\n<p>L\u2019organisation de l\u2019Union des Parents d\u2019El\u00e8ves de Martinique permet un fonctionnement d\u00e9centralis\u00e9 et harmonis\u00e9 dans les \u00e9tablissements,c\u2019est une \u00e9quipe dynamique en r\u00e9seau pour faire r\u00e9ussir nos enfants et la Martinique.<\/p>\n<p>&nbsp;<\/p>\n<p>Pour nous contacter:<\/p>\n<p>Union des Parents d&rsquo;El\u00e8ves de Martinique<br \/>\n 28 Boulevard All\u00e8gre &#8211; 97200 Fort-de-France<br \/>\n T\u00e9l : 0596 60 95 95 &#8211; Fax : 0596 71 76 05 &#8211; Email : upem@wanadoo.fr<\/p>\n<p>&nbsp;<\/p>\n<p><span style=\"font-size: 14pt\"><strong>F\u00e9d\u00e9ration des conseils de parents d&rsquo;\u00e9l\u00e8ves de l&rsquo;enseignement public (F.C.P.E.)<\/strong><\/span><\/p>\n<p><a href=\"\/lyc-paulettenardal\/wp-content\/uploads\/sites\/38\/2019\/06\/fcpe.jpg\"><img decoding=\"async\" class=\"size-full wp-image-2249 alignright\" src=\"\/lyc-paulettenardal\/wp-content\/uploads\/sites\/38\/2019\/06\/fcpe.jpg\" alt=\"\" width=\"180\" height=\"150\" \/><\/a><br \/>\n Elle a \u00e9t\u00e9 cr\u00e9\u00e9e en 1947, \u00e0 l&rsquo;instigation du Syndicat national des instituteurs et de la Ligue de l&rsquo;enseignement. Initialement repr\u00e9sent\u00e9e dans les \u00e9coles \u00e9l\u00e9mentaires, la F.C.P.E. s&rsquo;implante \u00e0 partir des ann\u00e9es 1960 dans le secondaire.<br \/>\n La F.C.P.E. \u00e9dite \u00ab\u00a0La revue des parents\u00a0\u00bb et \u00ab\u00a0La famille et l&rsquo;\u00e9cole\u00a0\u00bb.<\/p>\n<p>Tous les ans, avant la fin de la septi\u00e8me semaine de l&rsquo;ann\u00e9e scolaire, les parents d&rsquo;\u00e9l\u00e8ves \u00e9lisent leurs repr\u00e9sentants aux conseils d&rsquo;\u00e9cole et aux conseils d&rsquo;administration des \u00e9tablissements publics locaux d&rsquo;enseignement.<br \/>\n Chaque parent est \u00e9lecteur et \u00e9ligible sous r\u00e9serve qu\u2019il soit d\u00e9tenteur de l\u2019autorit\u00e9 parentale. Il ne dispose que d&rsquo;une voix quel que soit le nombre de ses enfants inscrits dans le m\u00eame \u00e9tablissement.<br \/>\n Le vote est personnel (sans procuration) et secret. Il peut avoir lieu par correspondance. Il s&rsquo;agit d&rsquo;un scrutin de liste \u00e0 la repr\u00e9sentation proportionnelle.<\/p>\n","protected":false},"excerpt":{"rendered":"<p>Les associations de parents d&rsquo;\u00e9l\u00e8ves regroupent des parents d&rsquo;\u00e9l\u00e8ves ainsi que les personnes ayant la responsabilit\u00e9 l\u00e9gale d&rsquo;un ou de &hellip; <\/p>\n<p class=\"link-more\"><a href=\"https:\/\/site.ac-martinique.fr\/lyc-paulettenardal\/?page_id=1242\" class=\"more-link\">Lire la suite&#8230;<span class=\"screen-reader-text\"> \u00ab\u00a0Associations de parents\u00a0\u00bb<\/span><\/a><\/p>\n","protected":false},"author":187,"featured_media":0,"parent":0,"menu_order":0,"comment_status":"closed","ping_status":"closed","template":"","meta":{"footnotes":""},"class_list":["post-1242","page","type-page","status-publish","hentry"],"_links":{"self":[{"href":"https:\/\/site.ac-martinique.fr\/lyc-paulettenardal\/index.php?rest_route=\/wp\/v2\/pages\/1242","targetHints":{"allow":["GET"]}}],"collection":[{"href":"https:\/\/site.ac-martinique.fr\/lyc-paulettenardal\/index.php?rest_route=\/wp\/v2\/pages"}],"about":[{"href":"https:\/\/site.ac-martinique.fr\/lyc-paulettenardal\/index.php?rest_route=\/wp\/v2\/types\/page"}],"author":[{"embeddable":true,"href":"https:\/\/site.ac-martinique.fr\/lyc-paulettenardal\/index.php?rest_route=\/wp\/v2\/users\/187"}],"replies":[{"embeddable":true,"href":"https:\/\/site.ac-martinique.fr\/lyc-paulettenardal\/index.php?rest_route=%2Fwp%2Fv2%2Fcomments&post=1242"}],"version-history":[{"count":3,"href":"https:\/\/site.ac-martinique.fr\/lyc-paulettenardal\/index.php?rest_route=\/wp\/v2\/pages\/1242\/revisions"}],"predecessor-version":[{"id":2250,"href":"https:\/\/site.ac-martinique.fr\/lyc-paulettenardal\/index.php?rest_route=\/wp\/v2\/pages\/1242\/revisions\/2250"}],"wp:attachment":[{"href":"https:\/\/site.ac-martinique.fr\/lyc-paulettenardal\/index.php?rest_route=%2Fwp%2Fv2%2Fmedia&parent=1242"}],"curies":[{"name":"wp","href":"https:\/\/api.w.org\/{rel}","templated":true}]}}