{"id":1723,"date":"2018-07-01T14:25:27","date_gmt":"2018-07-01T18:25:27","guid":{"rendered":"\/lyc-paulettenardal\/?page_id=1723"},"modified":"2021-07-06T10:20:57","modified_gmt":"2021-07-06T14:20:57","slug":"filiere-generale","status":"publish","type":"page","link":"https:\/\/site.ac-martinique.fr\/lyc-paulettenardal\/?page_id=1723","title":{"rendered":"Fili\u00e8re G\u00e9n\u00e9rale"},"content":{"rendered":"\n<p>Les <a href=\"\/\/www.education.gouv.fr\/bo\/18\/Hebdo29\/MENE1813138A.htm\" target=\"_blank\" rel=\"noopener\">\u00e9preuves au baccalaur\u00e9at g\u00e9n\u00e9ral<\/a> \u00e0 compter de la session 2021.<\/p>\n\n\n\n<p>\u00a0Lien vers la page de <a href=\"https:\/\/site.ac-martinique.fr\/lyc-paulettenardal\/?page_id=2308\" target=\"_blank\" rel=\"noopener\">sp\u00e9cialit\u00e9s<\/a> et vers les <a href=\"https:\/\/site.ac-martinique.fr\/lyc-paulettenardal\/?page_id=3905\" target=\"_blank\" rel=\"noopener\">parcours propos\u00e9s<\/a> au lyc\u00e9e<\/p>\n<p>\u00a0<\/p>\n","protected":false},"excerpt":{"rendered":"","protected":false},"author":187,"featured_media":0,"parent":0,"menu_order":0,"comment_status":"closed","ping_status":"closed","template":"","meta":{"footnotes":""},"class_list":["post-1723","page","type-page","status-publish","hentry"],"_links":{"self":[{"href":"https:\/\/site.ac-martinique.fr\/lyc-paulettenardal\/index.php?rest_route=\/wp\/v2\/pages\/1723","targetHints":{"allow":["GET"]}}],"collection":[{"href":"https:\/\/site.ac-martinique.fr\/lyc-paulettenardal\/index.php?rest_route=\/wp\/v2\/pages"}],"about":[{"href":"https:\/\/site.ac-martinique.fr\/lyc-paulettenardal\/index.php?rest_route=\/wp\/v2\/types\/page"}],"author":[{"embeddable":true,"href":"https:\/\/site.ac-martinique.fr\/lyc-paulettenardal\/index.php?rest_route=\/wp\/v2\/users\/187"}],"replies":[{"embeddable":true,"href":"https:\/\/site.ac-martinique.fr\/lyc-paulettenardal\/index.php?rest_route=%2Fwp%2Fv2%2Fcomments&post=1723"}],"version-history":[{"count":5,"href":"https:\/\/site.ac-martinique.fr\/lyc-paulettenardal\/index.php?rest_route=\/wp\/v2\/pages\/1723\/revisions"}],"predecessor-version":[{"id":3916,"href":"https:\/\/site.ac-martinique.fr\/lyc-paulettenardal\/index.php?rest_route=\/wp\/v2\/pages\/1723\/revisions\/3916"}],"wp:attachment":[{"href":"https:\/\/site.ac-martinique.fr\/lyc-paulettenardal\/index.php?rest_route=%2Fwp%2Fv2%2Fmedia&parent=1723"}],"curies":[{"name":"wp","href":"https:\/\/api.w.org\/{rel}","templated":true}]}}