{"id":2349,"date":"2019-09-08T16:40:48","date_gmt":"2019-09-08T20:40:48","guid":{"rendered":"\/lyc-paulettenardal\/?page_id=2349"},"modified":"2020-09-27T10:31:52","modified_gmt":"2020-09-27T14:31:52","slug":"eps","status":"publish","type":"page","link":"https:\/\/site.ac-martinique.fr\/lyc-paulettenardal\/?page_id=2349","title":{"rendered":"EPS"},"content":{"rendered":"<p>Acc\u00e9der aux pages : <br \/>\n &#8211; de l&rsquo;<a href=\"\/lyc-paulettenardal\/?page_id=2150\" target=\"_blank\" rel=\"noopener\">Association sportive<\/a>,<br \/>\n &#8211; des <a href=\"\/lyc-paulettenardal\/?page_id=2417\" target=\"_blank\" rel=\"noopener\">comp\u00e9titions sportives<\/a> du Lyc\u00e9e Nardal<br \/>\n &#8211; et des formalit\u00e9s concernant <a href=\"\/lyc-paulettenardal\/?page_id=2351\" target=\"_blank\" rel=\"noopener\">l&rsquo;inaptitude et les dispenses<\/a> d&rsquo;assiduit\u00e9.<\/p>\n<p>&nbsp;<\/p>\n","protected":false},"excerpt":{"rendered":"<p>Acc\u00e9der aux pages : &#8211; de l&rsquo;Association sportive, &#8211; des comp\u00e9titions sportives du Lyc\u00e9e Nardal &#8211; et des formalit\u00e9s concernant &hellip; <\/p>\n<p class=\"link-more\"><a href=\"https:\/\/site.ac-martinique.fr\/lyc-paulettenardal\/?page_id=2349\" class=\"more-link\">Lire la suite&#8230;<span class=\"screen-reader-text\"> \u00ab\u00a0EPS\u00a0\u00bb<\/span><\/a><\/p>\n","protected":false},"author":187,"featured_media":0,"parent":0,"menu_order":0,"comment_status":"closed","ping_status":"closed","template":"","meta":{"footnotes":""},"class_list":["post-2349","page","type-page","status-publish","hentry"],"_links":{"self":[{"href":"https:\/\/site.ac-martinique.fr\/lyc-paulettenardal\/index.php?rest_route=\/wp\/v2\/pages\/2349","targetHints":{"allow":["GET"]}}],"collection":[{"href":"https:\/\/site.ac-martinique.fr\/lyc-paulettenardal\/index.php?rest_route=\/wp\/v2\/pages"}],"about":[{"href":"https:\/\/site.ac-martinique.fr\/lyc-paulettenardal\/index.php?rest_route=\/wp\/v2\/types\/page"}],"author":[{"embeddable":true,"href":"https:\/\/site.ac-martinique.fr\/lyc-paulettenardal\/index.php?rest_route=\/wp\/v2\/users\/187"}],"replies":[{"embeddable":true,"href":"https:\/\/site.ac-martinique.fr\/lyc-paulettenardal\/index.php?rest_route=%2Fwp%2Fv2%2Fcomments&post=2349"}],"version-history":[{"count":4,"href":"https:\/\/site.ac-martinique.fr\/lyc-paulettenardal\/index.php?rest_route=\/wp\/v2\/pages\/2349\/revisions"}],"predecessor-version":[{"id":2709,"href":"https:\/\/site.ac-martinique.fr\/lyc-paulettenardal\/index.php?rest_route=\/wp\/v2\/pages\/2349\/revisions\/2709"}],"wp:attachment":[{"href":"https:\/\/site.ac-martinique.fr\/lyc-paulettenardal\/index.php?rest_route=%2Fwp%2Fv2%2Fmedia&parent=2349"}],"curies":[{"name":"wp","href":"https:\/\/api.w.org\/{rel}","templated":true}]}}