{"id":4442,"date":"2023-07-30T17:04:48","date_gmt":"2023-07-30T21:04:48","guid":{"rendered":"https:\/\/site.ac-martinique.fr\/lyc-paulettenardal\/?page_id=4442"},"modified":"2023-08-04T08:07:09","modified_gmt":"2023-08-04T12:07:09","slug":"niveau-seconde","status":"publish","type":"page","link":"https:\/\/site.ac-martinique.fr\/lyc-paulettenardal\/?page_id=4442","title":{"rendered":"Seconde"},"content":{"rendered":"\n\n\n<p>La classe de seconde est une classe o\u00f9 les \u00e9l\u00e8ves suivent essentiellement des enseignements communs qui correspondent aux horaires officiels suivants.<\/p>\n\n\n\n<figure class=\"wp-block-image size-full\"><a href=\"https:\/\/site.ac-martinique.fr\/lyc-paulettenardal\/wp-content\/uploads\/sites\/38\/2023\/07\/horaires-seconde.png\"><img fetchpriority=\"high\" decoding=\"async\" width=\"601\" height=\"376\" src=\"https:\/\/site.ac-martinique.fr\/lyc-paulettenardal\/wp-content\/uploads\/sites\/38\/2023\/07\/horaires-seconde.png\" alt=\"\" class=\"wp-image-4435\" srcset=\"https:\/\/site.ac-martinique.fr\/lyc-paulettenardal\/wp-content\/uploads\/sites\/38\/2023\/07\/horaires-seconde.png 601w, https:\/\/site.ac-martinique.fr\/lyc-paulettenardal\/wp-content\/uploads\/sites\/38\/2023\/07\/horaires-seconde-300x188.png 300w\" sizes=\"(max-width: 601px) 100vw, 601px\" \/><\/a><\/figure>\n\n\n\n<p>Ces enseignements communs sont renforc\u00e9s par le choix d&rsquo;options (ex: &nbsp;EPS, Arts Plastiques) et de modules d&rsquo;accompagnement personnalis\u00e9 (ex: sant\u00e9 animale et humaine). Ces Choix vont permettre \u00e0 chaque \u00e9l\u00e8ve de construire un parcours  d&rsquo;excellence dams la formation et l&rsquo;orientation qu&rsquo;il envisage.<\/p>\n\n\n\n<p>Vous pouvez consulter les diff\u00e9rents parcours propos\u00e9s en cliquant sur l&rsquo;image ci-dessous.<\/p>\n\n\n\n<p> <\/p>\n\n\n\n<p><\/p>\n\n\n\n<div class=\"wp-block-group\"><div class=\"wp-block-group__inner-container is-layout-constrained wp-block-group-is-layout-constrained\">\n<figure class=\"wp-block-image size-full is-style-rounded\"><a href=\"https:\/\/site.ac-martinique.fr\/lyc-paulettenardal\/wp-content\/uploads\/sites\/38\/2023\/07\/logo-parcours.png\"><img decoding=\"async\" width=\"500\" height=\"500\" src=\"https:\/\/site.ac-martinique.fr\/lyc-paulettenardal\/wp-content\/uploads\/sites\/38\/2023\/07\/logo-parcours.png\" alt=\"\" class=\"wp-image-4430\" srcset=\"https:\/\/site.ac-martinique.fr\/lyc-paulettenardal\/wp-content\/uploads\/sites\/38\/2023\/07\/logo-parcours.png 500w, https:\/\/site.ac-martinique.fr\/lyc-paulettenardal\/wp-content\/uploads\/sites\/38\/2023\/07\/logo-parcours-300x300.png 300w, https:\/\/site.ac-martinique.fr\/lyc-paulettenardal\/wp-content\/uploads\/sites\/38\/2023\/07\/logo-parcours-150x150.png 150w, https:\/\/site.ac-martinique.fr\/lyc-paulettenardal\/wp-content\/uploads\/sites\/38\/2023\/07\/logo-parcours-75x75.png 75w\" sizes=\"(max-width: 500px) 100vw, 500px\" \/><\/a><\/figure>\n<\/div><\/div>\n","protected":false},"excerpt":{"rendered":"<p>Ces enseignements communs sont renforc\u00e9s par le choix d&rsquo;options (ex: &nbsp;EPS, Arts Plastiques) et de modules d&rsquo;accompagnement personnalis\u00e9 (ex: sant\u00e9 &hellip; <\/p>\n<p class=\"link-more\"><a href=\"https:\/\/site.ac-martinique.fr\/lyc-paulettenardal\/?page_id=4442\" class=\"more-link\">Lire la suite&#8230;<span class=\"screen-reader-text\"> \u00ab\u00a0Seconde\u00a0\u00bb<\/span><\/a><\/p>\n","protected":false},"author":187,"featured_media":0,"parent":0,"menu_order":0,"comment_status":"closed","ping_status":"closed","template":"","meta":{"footnotes":""},"class_list":["post-4442","page","type-page","status-publish","hentry"],"_links":{"self":[{"href":"https:\/\/site.ac-martinique.fr\/lyc-paulettenardal\/index.php?rest_route=\/wp\/v2\/pages\/4442","targetHints":{"allow":["GET"]}}],"collection":[{"href":"https:\/\/site.ac-martinique.fr\/lyc-paulettenardal\/index.php?rest_route=\/wp\/v2\/pages"}],"about":[{"href":"https:\/\/site.ac-martinique.fr\/lyc-paulettenardal\/index.php?rest_route=\/wp\/v2\/types\/page"}],"author":[{"embeddable":true,"href":"https:\/\/site.ac-martinique.fr\/lyc-paulettenardal\/index.php?rest_route=\/wp\/v2\/users\/187"}],"replies":[{"embeddable":true,"href":"https:\/\/site.ac-martinique.fr\/lyc-paulettenardal\/index.php?rest_route=%2Fwp%2Fv2%2Fcomments&post=4442"}],"version-history":[{"count":6,"href":"https:\/\/site.ac-martinique.fr\/lyc-paulettenardal\/index.php?rest_route=\/wp\/v2\/pages\/4442\/revisions"}],"predecessor-version":[{"id":4514,"href":"https:\/\/site.ac-martinique.fr\/lyc-paulettenardal\/index.php?rest_route=\/wp\/v2\/pages\/4442\/revisions\/4514"}],"wp:attachment":[{"href":"https:\/\/site.ac-martinique.fr\/lyc-paulettenardal\/index.php?rest_route=%2Fwp%2Fv2%2Fmedia&parent=4442"}],"curies":[{"name":"wp","href":"https:\/\/api.w.org\/{rel}","templated":true}]}}

<p>La classe de seconde est une classe où les élèves suivent essentiellement des enseignements communs qui correspondent aux horaires officiels suivants.</p>



<figure class="wp-block-image size-full"><a href="https://site.ac-martinique.fr/lyc-paulettenardal/wp-content/uploads/sites/38/2023/07/horaires-seconde.png"><img fetchpriority="high" decoding="async" width="601" height="376" src="https://site.ac-martinique.fr/lyc-paulettenardal/wp-content/uploads/sites/38/2023/07/horaires-seconde.png" alt="" class="wp-image-4435" srcset="https://site.ac-martinique.fr/lyc-paulettenardal/wp-content/uploads/sites/38/2023/07/horaires-seconde.png 601w, https://site.ac-martinique.fr/lyc-paulettenardal/wp-content/uploads/sites/38/2023/07/horaires-seconde-300x188.png 300w" sizes="(max-width: 601px) 100vw, 601px" /></a></figure>



<p>Ces enseignements communs sont renforcés par le choix d&rsquo;options (ex: &nbsp;EPS, Arts Plastiques) et de modules d&rsquo;accompagnement personnalisé (ex: santé animale et humaine). Ces Choix vont permettre à chaque élève de construire un parcours  d&rsquo;excellence dams la formation et l&rsquo;orientation qu&rsquo;il envisage.</p>



<p>Vous pouvez consulter les différents parcours proposés en cliquant sur l&rsquo;image ci-dessous.</p>



<p> </p>



<p></p>



<div class="wp-block-group"><div class="wp-block-group__inner-container is-layout-constrained wp-block-group-is-layout-constrained">
<figure class="wp-block-image size-full is-style-rounded"><a href="https://site.ac-martinique.fr/lyc-paulettenardal/wp-content/uploads/sites/38/2023/07/logo-parcours.png"><img decoding="async" width="500" height="500" src="https://site.ac-martinique.fr/lyc-paulettenardal/wp-content/uploads/sites/38/2023/07/logo-parcours.png" alt="" class="wp-image-4430" srcset="https://site.ac-martinique.fr/lyc-paulettenardal/wp-content/uploads/sites/38/2023/07/logo-parcours.png 500w, https://site.ac-martinique.fr/lyc-paulettenardal/wp-content/uploads/sites/38/2023/07/logo-parcours-300x300.png 300w, https://site.ac-martinique.fr/lyc-paulettenardal/wp-content/uploads/sites/38/2023/07/logo-parcours-150x150.png 150w, https://site.ac-martinique.fr/lyc-paulettenardal/wp-content/uploads/sites/38/2023/07/logo-parcours-75x75.png 75w" sizes="(max-width: 500px) 100vw, 500px" /></a></figure>
</div></div>

<p>Ces enseignements communs sont renforcés par le choix d&rsquo;options (ex: &nbsp;EPS, Arts Plastiques) et de modules d&rsquo;accompagnement personnalisé (ex: santé &hellip; </p>
<p class="link-more"><a href="https://site.ac-martinique.fr/lyc-paulettenardal/?page_id=4442" class="more-link">Lire la suite&#8230;<span class="screen-reader-text"> « Seconde »</span></a></p>
