{"id":4552,"date":"2023-11-02T20:48:34","date_gmt":"2023-11-03T00:48:34","guid":{"rendered":"https:\/\/site.ac-martinique.fr\/lyc-paulettenardal\/?page_id=4552"},"modified":"2023-11-24T11:02:18","modified_gmt":"2023-11-24T15:02:18","slug":"erasmus","status":"publish","type":"page","link":"https:\/\/site.ac-martinique.fr\/lyc-paulettenardal\/?page_id=4552","title":{"rendered":"Erasmus +"},"content":{"rendered":"\n\n\n<figure class=\"wp-block-image size-full is-resized\"><a href=\"https:\/\/site.ac-martinique.fr\/lyc-paulettenardal\/wp-content\/uploads\/sites\/38\/2023\/11\/erasmus-.jpg\"><img fetchpriority=\"high\" decoding=\"async\" width=\"318\" height=\"159\" src=\"https:\/\/site.ac-martinique.fr\/lyc-paulettenardal\/wp-content\/uploads\/sites\/38\/2023\/11\/erasmus-.jpg\" alt=\"\" class=\"wp-image-4553\" style=\"aspect-ratio:2;width:324px;height:auto\" srcset=\"https:\/\/site.ac-martinique.fr\/lyc-paulettenardal\/wp-content\/uploads\/sites\/38\/2023\/11\/erasmus-.jpg 318w, https:\/\/site.ac-martinique.fr\/lyc-paulettenardal\/wp-content\/uploads\/sites\/38\/2023\/11\/erasmus--300x150.jpg 300w\" sizes=\"(max-width: 318px) 100vw, 318px\" \/><\/a><\/figure>\n\n\n\n<p>Le lyc\u00e9e Paulette Nardal est un lyc\u00e9e r\u00e9solument ouvert vers l\u2019Europe et l\u2019international.<\/p>\n\n\n\n<p>En effet, il est d\u00e9tenteur de la charte ECHE ERASMUS + depuis 2019. Nos \u00e9tudiants de BTS ainsi que plusieurs enseignants ont pu ainsi partir se former \u00e0 l\u2019\u00e9tranger.<\/p>\n\n\n\n<p>Voici leurs t\u00e9moignages\u00a0:<\/p>\n\n\n\n<p><strong> Sarah HOSPICE-LAZZARI, ambassadrice ERASMUS +<\/strong><\/p>\n\n\n\n<figure class=\"wp-block-image size-full\"><a href=\"https:\/\/site.ac-martinique.fr\/lyc-paulettenardal\/wp-content\/uploads\/sites\/38\/2023\/11\/sarah1.png\"><img decoding=\"async\" width=\"850\" height=\"199\" src=\"https:\/\/site.ac-martinique.fr\/lyc-paulettenardal\/wp-content\/uploads\/sites\/38\/2023\/11\/sarah1.png\" alt=\"\" class=\"wp-image-4567\" srcset=\"https:\/\/site.ac-martinique.fr\/lyc-paulettenardal\/wp-content\/uploads\/sites\/38\/2023\/11\/sarah1.png 850w, https:\/\/site.ac-martinique.fr\/lyc-paulettenardal\/wp-content\/uploads\/sites\/38\/2023\/11\/sarah1-300x70.png 300w, https:\/\/site.ac-martinique.fr\/lyc-paulettenardal\/wp-content\/uploads\/sites\/38\/2023\/11\/sarah1-768x180.png 768w\" sizes=\"(max-width: 767px) 89vw, (max-width: 1000px) 54vw, (max-width: 1071px) 543px, 580px\" \/><\/a><\/figure>\n\n\n\n<p><\/p>\n\n\n\n<p>Je suis partie \u00e0 Malte durant 2 semaines du 16\/10 au 27\/10\/23<\/p>\n\n\n\n<ul class=\"wp-block-list\">\n<li>L\u2019objec<em>f de mon s\u00e9jour \u00e9tait d\u2019am\u00e9liorer mes comp\u00e9tences linguis<\/em>ques,<br>interculturelles et de communica<em>on en anglais. J\u2019envisage de me pr\u00e9senter \u00e0 la cer<\/em>fica<em>on DNL. Aujourd\u2019hui j\u2019ai aKeint le niveau B1+ ce qui me permet de mieux comprendre mes diff\u00e9rents interlocuteurs, j\u2019ai acquis \u00e9galement une aisance \u00e0 l\u2019oral ce qui m\u2019a permis d\u2019\u00e9changer et de partager des moments de convivialit\u00e9 avec des personnes de na<\/em>onalit\u00e9 tr\u00e8s diverses telles que la Cor\u00e9e du Sud, l\u2019Argentine, le<br>Br\u00e9sil, l\u2019Allemagne et la R\u00e9publique Tch\u00e8que.<\/li>\n\n\n\n<li>J\u2019ai d\u00e9couvert une \u00eele magnifique avec un peuple accueillant, des formateurs<br>bienveillants, une \u00e9cole EILS moderne et renomm\u00e9e.<\/li>\n\n\n\n<li>Malte accueille chaque ann\u00e9e 258000 touristes et compte + de 50 \u00e9coles de langues.<br>C\u2019est une \u00eele plus pe<em>te que la Mar<\/em>nique tr\u00e8s cosmopolite et tr\u00e8s bien desservie. J\u2019ai<br>pu visiter notamment sa capitale, La ValeKe, ville fortifi\u00e9e, v\u00e9ritable mus\u00e9e \u00e0 ciel<br>ouvert et inscrite au patrimoine mondial de l\u2019UNESCO ; j\u2019ai aussi pu nager dans le<br>\u00ab Blue Lagon \u00bb \u00e0 l\u2019\u00eele de Gozo avec mes camarades br\u00e9siliens et allemands.<\/li>\n\n\n\n<li>Je recommande cette destination !<\/li>\n<\/ul>\n\n\n\n<figure class=\"wp-block-image size-full\"><a href=\"https:\/\/site.ac-martinique.fr\/lyc-paulettenardal\/wp-content\/uploads\/sites\/38\/2023\/11\/SARAH-2.png\"><img decoding=\"async\" width=\"900\" height=\"168\" src=\"https:\/\/site.ac-martinique.fr\/lyc-paulettenardal\/wp-content\/uploads\/sites\/38\/2023\/11\/SARAH-2.png\" alt=\"\" class=\"wp-image-4568\" srcset=\"https:\/\/site.ac-martinique.fr\/lyc-paulettenardal\/wp-content\/uploads\/sites\/38\/2023\/11\/SARAH-2.png 900w, https:\/\/site.ac-martinique.fr\/lyc-paulettenardal\/wp-content\/uploads\/sites\/38\/2023\/11\/SARAH-2-300x56.png 300w, https:\/\/site.ac-martinique.fr\/lyc-paulettenardal\/wp-content\/uploads\/sites\/38\/2023\/11\/SARAH-2-768x143.png 768w\" sizes=\"(max-width: 767px) 89vw, (max-width: 1000px) 54vw, (max-width: 1071px) 543px, 580px\" \/><\/a><\/figure>\n\n\n\n<ul class=\"wp-block-list\">\n<li><strong>Elodie JEANNOT, professeure d\u2019anglais<\/strong><\/li>\n<\/ul>\n\n\n\n<p>\u00ab&nbsp;Je me suis rendue deux semaines \u00e0 Dublin en juin 2023 \u00e0 des fins linguistiques et p\u00e9dagogiques. Mon objectif \u00e9tait triple&nbsp;:<\/p>\n\n\n\n<ul class=\"wp-block-list\">\n<li>Consolider des comp\u00e9tences linguistiques en suivant des cours de langue et en pratiquant l\u2019immersion linguistique, pratique indispensable pour un professeur de langue vivante, langue qui par d\u00e9finition \u00e9volue.<\/li>\n\n\n\n<li>Rendre visite aux \u00e9tudiants en stage au m\u00eame endroit pour m\u2019assurer que leur prise de poste s\u2019\u00e9tait bien d\u00e9roul\u00e9e.<\/li>\n\n\n\n<li>Nouer des contacts avec des professeurs europ\u00e9ens pr\u00eats \u00e0 collaborer au sein de projets futurs.<\/li>\n<\/ul>\n\n\n\n<p>Tous les aspects de cet objectif ont \u00e9t\u00e9 atteints&nbsp;!<\/p>\n\n\n\n<p>Je vous invite \u00e0 profiter des opportunit\u00e9s qu\u2019offre ERASMUS+. C\u2019est une exp\u00e9rience de vie unique.&nbsp;\u00bb<\/p>\n\n\n\n<ul class=\"wp-block-list\">\n<li><strong>Isabelle MATHURIN-DAMBO, professeur de math\u00e9matiques, certifi\u00e9e en DNL math\u00e9matiques\/anglais<\/strong> :<\/li>\n<\/ul>\n\n\n\n<p>\u00ab&nbsp; Durant l\u2019ann\u00e9e scolaire 2021-2022, j\u2019ai b\u00e9n\u00e9fici\u00e9 d\u2019une mobilit\u00e9 de formation du programme Erasmus+. Celle-ci m\u2019a permise de me rendre \u00e0 Dublin du 16 octobre au 6 novembre 2021 pour y suivre une formation au Centre of English Studies. Durant ces trois semaines, j\u2019ai pu approfondir mes comp\u00e9tences en anglais en assistant \u00e0 des cours en groupes le matin et l\u2019apr\u00e8s-midi pour finir la journ\u00e9e par des visites des sites, des mus\u00e9es et des monuments de la capitale. Par ailleurs, mon h\u00f4te Catherine m\u2019a chaleureusement accueillie en prenant le temps de discuter chaque soir et en me faisant d\u00e9guster leurs sp\u00e9cialit\u00e9s culinaires. Partie dans l\u2019objectif de parfaire mon \u00e9locution en anglais, cette exp\u00e9rience a \u00e9t\u00e9 enrichissante \u00e0 plus d\u2019un titre. J\u2019ai eu la joie de d\u00e9couvrir une Irlande charmante dans laquelle j\u2019ai pu m\u2019y int\u00e9grer avec facilit\u00e9 mais mon meilleur souvenir a \u00e9t\u00e9 d\u2019\u00e9changer avec des gens de nationalit\u00e9s diverses : irlandaise certes mais aussi br\u00e9silienne, italienne, allemande et saoudienne. Exp\u00e9rience \u00e0 renouveler bien s\u00fbr !&nbsp;\u00bb<\/p>\n\n\n\n<figure class=\"wp-block-image size-large\"><a href=\"https:\/\/site.ac-martinique.fr\/lyc-paulettenardal\/wp-content\/uploads\/sites\/38\/2023\/11\/image-erasmus.png\"><img loading=\"lazy\" decoding=\"async\" width=\"775\" height=\"1024\" src=\"https:\/\/site.ac-martinique.fr\/lyc-paulettenardal\/wp-content\/uploads\/sites\/38\/2023\/11\/image-erasmus-775x1024.png\" alt=\"\" class=\"wp-image-4566\" srcset=\"https:\/\/site.ac-martinique.fr\/lyc-paulettenardal\/wp-content\/uploads\/sites\/38\/2023\/11\/image-erasmus-775x1024.png 775w, https:\/\/site.ac-martinique.fr\/lyc-paulettenardal\/wp-content\/uploads\/sites\/38\/2023\/11\/image-erasmus-227x300.png 227w, https:\/\/site.ac-martinique.fr\/lyc-paulettenardal\/wp-content\/uploads\/sites\/38\/2023\/11\/image-erasmus-768x1014.png 768w, https:\/\/site.ac-martinique.fr\/lyc-paulettenardal\/wp-content\/uploads\/sites\/38\/2023\/11\/image-erasmus.png 780w\" sizes=\"(max-width: 767px) 89vw, (max-width: 1000px) 54vw, (max-width: 1071px) 543px, 580px\" \/><\/a><\/figure>\n\n\n\n<p>ERASMUS+ DAYS<\/p>\n\n\n\n<p>Les \u00e9l\u00e8ves, \u00e9tudiants et personnels ont pu \u00eatre inform\u00e9s des possibilit\u00e9s d\u2019ouverture permises par le programme ERASMUS+ au moment des ERASMUS+ DAYS 2023<\/p>\n\n\n\n<p>Une \u00e9l\u00e8ve et une \u00e9tudiante parties \u00e0 l\u2019\u00e9tranger, Leah (Etats-Unis) et D\u00e9borah&nbsp; ( Dublin) ont pu t\u00e9moigner de leur exp\u00e9rience au moment de la journ\u00e9e acad\u00e9mique de l\u2019ouverture internationale organis\u00e9e le mercredi&nbsp;11 octobre 2023 au lyc\u00e9e Bellevue. Deux \u00e9tudiants et un \u00e9l\u00e8ve ont pu t\u00e9moigner de leur exp\u00e9rience au cours de la journ\u00e9e de l\u2019ouverture internationale organis\u00e9e au lyc\u00e9e Joseph Zobel pour le bassin centre sud. Teddy et&nbsp;Audrey ont expos\u00e9 leur exp\u00e9rience de stagiaires \u00e0 Dublin pendant 2 mois et Mathias son s\u00e9jour en immersion de 2 semaines en Finlande. Le point d\u2019orgue de la semaine a \u00e9t\u00e9 l\u2019organisation par les \u00e9l\u00e8ves de l\u2019AP PARCOURS ANGLAIS + de jeux li\u00e9s au programme ERASMUS +<\/p>\n\n\n\n<p>Si ces opportunit\u00e9s vous int\u00e9ressent, n\u2019h\u00e9sitez pas \u00e0 vous rapprocher d\u2019un membre de l\u2019\u00e9quipe ERASMUS+ du lyc\u00e9e&nbsp;:<\/p>\n\n\n\n<p>Mme Sarah HOSPICE-LAZZARI, ambassadrice ERASMUS +<\/p>\n\n\n\n<p>Mme Elodie JEANNOT, ERAEI (mobilit\u00e9 des adultes et des \u00e9l\u00e8ves)<\/p>\n\n\n\n<p>Mme Christiane MIRANCE, ERAEI (mobilit\u00e9 des \u00e9l\u00e8ves)<\/p>\n\n\n\n<p>Mme Colette MONROSE (mobilit\u00e9 des \u00e9tudiants)<\/p>\n","protected":false},"excerpt":{"rendered":"<p>Le lyc\u00e9e Paulette Nardal est un lyc\u00e9e r\u00e9solument ouvert vers l\u2019Europe et l\u2019international. En effet, il est d\u00e9tenteur de la &hellip; <\/p>\n<p class=\"link-more\"><a href=\"https:\/\/site.ac-martinique.fr\/lyc-paulettenardal\/?page_id=4552\" class=\"more-link\">Lire la suite&#8230;<span class=\"screen-reader-text\"> \u00ab\u00a0Erasmus +\u00a0\u00bb<\/span><\/a><\/p>\n","protected":false},"author":187,"featured_media":0,"parent":0,"menu_order":0,"comment_status":"closed","ping_status":"closed","template":"","meta":{"footnotes":""},"class_list":["post-4552","page","type-page","status-publish","hentry"],"_links":{"self":[{"href":"https:\/\/site.ac-martinique.fr\/lyc-paulettenardal\/index.php?rest_route=\/wp\/v2\/pages\/4552","targetHints":{"allow":["GET"]}}],"collection":[{"href":"https:\/\/site.ac-martinique.fr\/lyc-paulettenardal\/index.php?rest_route=\/wp\/v2\/pages"}],"about":[{"href":"https:\/\/site.ac-martinique.fr\/lyc-paulettenardal\/index.php?rest_route=\/wp\/v2\/types\/page"}],"author":[{"embeddable":true,"href":"https:\/\/site.ac-martinique.fr\/lyc-paulettenardal\/index.php?rest_route=\/wp\/v2\/users\/187"}],"replies":[{"embeddable":true,"href":"https:\/\/site.ac-martinique.fr\/lyc-paulettenardal\/index.php?rest_route=%2Fwp%2Fv2%2Fcomments&post=4552"}],"version-history":[{"count":2,"href":"https:\/\/site.ac-martinique.fr\/lyc-paulettenardal\/index.php?rest_route=\/wp\/v2\/pages\/4552\/revisions"}],"predecessor-version":[{"id":4569,"href":"https:\/\/site.ac-martinique.fr\/lyc-paulettenardal\/index.php?rest_route=\/wp\/v2\/pages\/4552\/revisions\/4569"}],"wp:attachment":[{"href":"https:\/\/site.ac-martinique.fr\/lyc-paulettenardal\/index.php?rest_route=%2Fwp%2Fv2%2Fmedia&parent=4552"}],"curies":[{"name":"wp","href":"https:\/\/api.w.org\/{rel}","templated":true}]}}

<figure class="wp-block-image size-full is-resized"><a href="https://site.ac-martinique.fr/lyc-paulettenardal/wp-content/uploads/sites/38/2023/11/erasmus-.jpg"><img fetchpriority="high" decoding="async" width="318" height="159" src="https://site.ac-martinique.fr/lyc-paulettenardal/wp-content/uploads/sites/38/2023/11/erasmus-.jpg" alt="" class="wp-image-4553" style="aspect-ratio:2;width:324px;height:auto" srcset="https://site.ac-martinique.fr/lyc-paulettenardal/wp-content/uploads/sites/38/2023/11/erasmus-.jpg 318w, https://site.ac-martinique.fr/lyc-paulettenardal/wp-content/uploads/sites/38/2023/11/erasmus--300x150.jpg 300w" sizes="(max-width: 318px) 100vw, 318px" /></a></figure>



<p>Le lycée Paulette Nardal est un lycée résolument ouvert vers l’Europe et l’international.</p>



<p>En effet, il est détenteur de la charte ECHE ERASMUS + depuis 2019. Nos étudiants de BTS ainsi que plusieurs enseignants ont pu ainsi partir se former à l’étranger.</p>



<p>Voici leurs témoignages :</p>



<p><strong> Sarah HOSPICE-LAZZARI, ambassadrice ERASMUS +</strong></p>



<figure class="wp-block-image size-full"><a href="https://site.ac-martinique.fr/lyc-paulettenardal/wp-content/uploads/sites/38/2023/11/sarah1.png"><img decoding="async" width="850" height="199" src="https://site.ac-martinique.fr/lyc-paulettenardal/wp-content/uploads/sites/38/2023/11/sarah1.png" alt="" class="wp-image-4567" srcset="https://site.ac-martinique.fr/lyc-paulettenardal/wp-content/uploads/sites/38/2023/11/sarah1.png 850w, https://site.ac-martinique.fr/lyc-paulettenardal/wp-content/uploads/sites/38/2023/11/sarah1-300x70.png 300w, https://site.ac-martinique.fr/lyc-paulettenardal/wp-content/uploads/sites/38/2023/11/sarah1-768x180.png 768w" sizes="(max-width: 767px) 89vw, (max-width: 1000px) 54vw, (max-width: 1071px) 543px, 580px" /></a></figure>



<p></p>



<p>Je suis partie à Malte durant 2 semaines du 16/10 au 27/10/23</p>



<ul class="wp-block-list">
<li>L’objec<em>f de mon séjour était d’améliorer mes compétences linguis</em>ques,<br>interculturelles et de communica<em>on en anglais. J’envisage de me présenter à la cer</em>fica<em>on DNL. Aujourd’hui j’ai aKeint le niveau B1+ ce qui me permet de mieux comprendre mes différents interlocuteurs, j’ai acquis également une aisance à l’oral ce qui m’a permis d’échanger et de partager des moments de convivialité avec des personnes de na</em>onalité très diverses telles que la Corée du Sud, l’Argentine, le<br>Brésil, l’Allemagne et la République Tchèque.</li>



<li>J’ai découvert une île magnifique avec un peuple accueillant, des formateurs<br>bienveillants, une école EILS moderne et renommée.</li>



<li>Malte accueille chaque année 258000 touristes et compte + de 50 écoles de langues.<br>C’est une île plus pe<em>te que la Mar</em>nique très cosmopolite et très bien desservie. J’ai<br>pu visiter notamment sa capitale, La ValeKe, ville fortifiée, véritable musée à ciel<br>ouvert et inscrite au patrimoine mondial de l’UNESCO ; j’ai aussi pu nager dans le<br>« Blue Lagon » à l’île de Gozo avec mes camarades brésiliens et allemands.</li>



<li>Je recommande cette destination !</li>
</ul>



<figure class="wp-block-image size-full"><a href="https://site.ac-martinique.fr/lyc-paulettenardal/wp-content/uploads/sites/38/2023/11/SARAH-2.png"><img decoding="async" width="900" height="168" src="https://site.ac-martinique.fr/lyc-paulettenardal/wp-content/uploads/sites/38/2023/11/SARAH-2.png" alt="" class="wp-image-4568" srcset="https://site.ac-martinique.fr/lyc-paulettenardal/wp-content/uploads/sites/38/2023/11/SARAH-2.png 900w, https://site.ac-martinique.fr/lyc-paulettenardal/wp-content/uploads/sites/38/2023/11/SARAH-2-300x56.png 300w, https://site.ac-martinique.fr/lyc-paulettenardal/wp-content/uploads/sites/38/2023/11/SARAH-2-768x143.png 768w" sizes="(max-width: 767px) 89vw, (max-width: 1000px) 54vw, (max-width: 1071px) 543px, 580px" /></a></figure>



<ul class="wp-block-list">
<li><strong>Elodie JEANNOT, professeure d’anglais</strong></li>
</ul>



<p>«&nbsp;Je me suis rendue deux semaines à Dublin en juin 2023 à des fins linguistiques et pédagogiques. Mon objectif était triple&nbsp;:</p>



<ul class="wp-block-list">
<li>Consolider des compétences linguistiques en suivant des cours de langue et en pratiquant l’immersion linguistique, pratique indispensable pour un professeur de langue vivante, langue qui par définition évolue.</li>



<li>Rendre visite aux étudiants en stage au même endroit pour m’assurer que leur prise de poste s’était bien déroulée.</li>



<li>Nouer des contacts avec des professeurs européens prêts à collaborer au sein de projets futurs.</li>
</ul>



<p>Tous les aspects de cet objectif ont été atteints&nbsp;!</p>



<p>Je vous invite à profiter des opportunités qu’offre ERASMUS+. C’est une expérience de vie unique.&nbsp;»</p>



<ul class="wp-block-list">
<li><strong>Isabelle MATHURIN-DAMBO, professeur de mathématiques, certifiée en DNL mathématiques/anglais</strong> :</li>
</ul>



<p>«&nbsp; Durant l’année scolaire 2021-2022, j’ai bénéficié d’une mobilité de formation du programme Erasmus+. Celle-ci m’a permise de me rendre à Dublin du 16 octobre au 6 novembre 2021 pour y suivre une formation au Centre of English Studies. Durant ces trois semaines, j’ai pu approfondir mes compétences en anglais en assistant à des cours en groupes le matin et l’après-midi pour finir la journée par des visites des sites, des musées et des monuments de la capitale. Par ailleurs, mon hôte Catherine m’a chaleureusement accueillie en prenant le temps de discuter chaque soir et en me faisant déguster leurs spécialités culinaires. Partie dans l’objectif de parfaire mon élocution en anglais, cette expérience a été enrichissante à plus d’un titre. J’ai eu la joie de découvrir une Irlande charmante dans laquelle j’ai pu m’y intégrer avec facilité mais mon meilleur souvenir a été d’échanger avec des gens de nationalités diverses : irlandaise certes mais aussi brésilienne, italienne, allemande et saoudienne. Expérience à renouveler bien sûr !&nbsp;»</p>



<figure class="wp-block-image size-large"><a href="https://site.ac-martinique.fr/lyc-paulettenardal/wp-content/uploads/sites/38/2023/11/image-erasmus.png"><img loading="lazy" decoding="async" width="775" height="1024" src="https://site.ac-martinique.fr/lyc-paulettenardal/wp-content/uploads/sites/38/2023/11/image-erasmus-775x1024.png" alt="" class="wp-image-4566" srcset="https://site.ac-martinique.fr/lyc-paulettenardal/wp-content/uploads/sites/38/2023/11/image-erasmus-775x1024.png 775w, https://site.ac-martinique.fr/lyc-paulettenardal/wp-content/uploads/sites/38/2023/11/image-erasmus-227x300.png 227w, https://site.ac-martinique.fr/lyc-paulettenardal/wp-content/uploads/sites/38/2023/11/image-erasmus-768x1014.png 768w, https://site.ac-martinique.fr/lyc-paulettenardal/wp-content/uploads/sites/38/2023/11/image-erasmus.png 780w" sizes="(max-width: 767px) 89vw, (max-width: 1000px) 54vw, (max-width: 1071px) 543px, 580px" /></a></figure>



<p>ERASMUS+ DAYS</p>



<p>Les élèves, étudiants et personnels ont pu être informés des possibilités d’ouverture permises par le programme ERASMUS+ au moment des ERASMUS+ DAYS 2023</p>



<p>Une élève et une étudiante parties à l’étranger, Leah (Etats-Unis) et Déborah&nbsp; ( Dublin) ont pu témoigner de leur expérience au moment de la journée académique de l’ouverture internationale organisée le mercredi&nbsp;11 octobre 2023 au lycée Bellevue. Deux étudiants et un élève ont pu témoigner de leur expérience au cours de la journée de l’ouverture internationale organisée au lycée Joseph Zobel pour le bassin centre sud. Teddy et&nbsp;Audrey ont exposé leur expérience de stagiaires à Dublin pendant 2 mois et Mathias son séjour en immersion de 2 semaines en Finlande. Le point d’orgue de la semaine a été l’organisation par les élèves de l’AP PARCOURS ANGLAIS + de jeux liés au programme ERASMUS +</p>



<p>Si ces opportunités vous intéressent, n’hésitez pas à vous rapprocher d’un membre de l’équipe ERASMUS+ du lycée&nbsp;:</p>



<p>Mme Sarah HOSPICE-LAZZARI, ambassadrice ERASMUS +</p>



<p>Mme Elodie JEANNOT, ERAEI (mobilité des adultes et des élèves)</p>



<p>Mme Christiane MIRANCE, ERAEI (mobilité des élèves)</p>



<p>Mme Colette MONROSE (mobilité des étudiants)</p>

<p>Le lycée Paulette Nardal est un lycée résolument ouvert vers l’Europe et l’international. En effet, il est détenteur de la &hellip; </p>
<p class="link-more"><a href="https://site.ac-martinique.fr/lyc-paulettenardal/?page_id=4552" class="more-link">Lire la suite&#8230;<span class="screen-reader-text"> « Erasmus + »</span></a></p>
