{"id":83,"date":"2020-01-30T06:08:07","date_gmt":"2020-01-30T10:08:07","guid":{"rendered":"https:\/\/site.ac-martinique.fr\/lyc-placedarmes\/?page_id=83"},"modified":"2025-09-26T12:21:09","modified_gmt":"2025-09-26T16:21:09","slug":"pfmp","status":"publish","type":"page","link":"https:\/\/site.ac-martinique.fr\/lyc-placedarmes\/pfmp\/","title":{"rendered":"PFMP"},"content":{"rendered":"\n<h2 class=\"wp-block-heading\">CALENDRIER DES PFMP 2025-2026<\/h2>\n\n\n\n<blockquote class=\"wp-block-quote is-layout-flow wp-block-quote-is-layout-flow\">\n<p><a href=\"https:\/\/site.ac-martinique.fr\/lyc-placedarmes\/wp-content\/uploads\/sites\/39\/2025\/09\/PFMP-25-26-Presentation-CA-du-25-sept-2025-A4.pdf\">Voir le calendrier<\/a><\/p>\n<\/blockquote>\n\n\n\n<hr class=\"wp-block-separator has-alpha-channel-opacity\"\/>\n\n\n\n<p><em>Il est rappel\u00e9 aux familles et aux \u00e9l\u00e8ves de la 1\u00e8re ann\u00e9e de CAP E.C.M.S. que leur <strong>stage<\/strong> (P\u00e9riode de Formation en Milieu Professionnel) et d\u00e9bute bien <strong>Lundi 3 F\u00e9vrier 2020<\/strong> <br> Je vous remercie de votre compr\u00e9hension<br><\/em><br> Marie-France MERLINI<br> Proviseure<br> L.P. de Place d&rsquo;Armes &#8211; LAMENTIN<br><br><\/p>\n","protected":false},"excerpt":{"rendered":"<p>CALENDRIER DES PFMP 2025-2026 Voir le calendrier Il est rappel\u00e9 aux familles et aux \u00e9l\u00e8ves de la 1\u00e8re ann\u00e9e de CAP E.C.M.S. que leur stage (P\u00e9riode de Formation en Milieu Professionnel) et d\u00e9bute bien Lundi 3 F\u00e9vrier 2020 Je vous remercie de votre compr\u00e9hension Marie-France MERLINI Proviseure L.P. de Place d&rsquo;Armes &#8211; LAMENTIN<\/p>\n","protected":false},"author":80,"featured_media":0,"parent":0,"menu_order":0,"comment_status":"closed","ping_status":"closed","template":"","meta":{"footnotes":""},"class_list":["post-83","page","type-page","status-publish","hentry"],"_links":{"self":[{"href":"https:\/\/site.ac-martinique.fr\/lyc-placedarmes\/wp-json\/wp\/v2\/pages\/83","targetHints":{"allow":["GET"]}}],"collection":[{"href":"https:\/\/site.ac-martinique.fr\/lyc-placedarmes\/wp-json\/wp\/v2\/pages"}],"about":[{"href":"https:\/\/site.ac-martinique.fr\/lyc-placedarmes\/wp-json\/wp\/v2\/types\/page"}],"author":[{"embeddable":true,"href":"https:\/\/site.ac-martinique.fr\/lyc-placedarmes\/wp-json\/wp\/v2\/users\/80"}],"replies":[{"embeddable":true,"href":"https:\/\/site.ac-martinique.fr\/lyc-placedarmes\/wp-json\/wp\/v2\/comments?post=83"}],"version-history":[{"count":6,"href":"https:\/\/site.ac-martinique.fr\/lyc-placedarmes\/wp-json\/wp\/v2\/pages\/83\/revisions"}],"predecessor-version":[{"id":1191,"href":"https:\/\/site.ac-martinique.fr\/lyc-placedarmes\/wp-json\/wp\/v2\/pages\/83\/revisions\/1191"}],"wp:attachment":[{"href":"https:\/\/site.ac-martinique.fr\/lyc-placedarmes\/wp-json\/wp\/v2\/media?parent=83"}],"curies":[{"name":"wp","href":"https:\/\/api.w.org\/{rel}","templated":true}]}}